{"id":1141,"date":"2023-02-25T21:02:02","date_gmt":"2023-02-25T21:02:02","guid":{"rendered":"https:\/\/510premiumcarts.com\/?post_type=product&#038;p=1141"},"modified":"2023-02-25T21:02:05","modified_gmt":"2023-02-25T21:02:05","slug":"buy-gelato-strain-online","status":"publish","type":"product","link":"https:\/\/510premiumcarts.com\/index.php\/product\/buy-gelato-strain-online\/","title":{"rendered":"GELATO STRAIN"},"content":{"rendered":"<h1><a href=\"https:\/\/510premiumcarts.com\/index.php\/product-category\/marijuana-strains\/hybrid-strain\/\"><span style=\"color: #ffcc00;\">BUY GELATO STRAIN ONLINE<\/span><\/a><\/h1>\n<p><span style=\"color: #ffffff;\">buy gelato strain online<\/span><br \/>\nIndica Dominant Hybrid &#8211; 55% Indica \/ 45% Sativa THC: 23%-25%<\/p>\n<p>gelato, also known as &lsquo;Larry Bird&rsquo; is a slight indica dominant hybrid strain <a href=\"https:\/\/420delivery.online\/product\/buy-gelato-strain-online-2\/\">created<\/a> by crossing the ever so famous Sunset Sherbert with Thin Mint Girl Scout Cookies. It&rsquo;s mouth watering aroma will tantalize even the most experienced users senses. It possesses a sweet, almost cake-like aroma, with notes of fresh lavender and blueberries. While beloved for its delectable flavor. This product has an indica-leaning high and carries a THC composition that ranges from 20% to 25%. order gelato strain.<\/p>\n<p>gelato weed strain, is a THC powerhouse. This hybrid strain has a heavy handed euphoria and physical relaxation comes on strong. order gelato strain<\/p>\n<p>Type: Hybrid<br \/>\n\u2022 Genetics: Sunset Sherbet x Thin Mint GSC<br \/>\n\u2022 Sweet \u00d7 Earthy x Citrus<br \/>\n\u2022 Happy x Creative \u00d7 Relaxing \u00d7 Euphoric \u00d7 Uplifted<\/p>\n<p>Gelato strain can relieve the symptoms of stress. depression, and anxiety and still mentally agile enough to stay productive and creative when enjoying Gelato during the day<\/p>\n<h3>GELATO STRAIN FOR SALE<\/h3>\n<p>gelato is best known for its potent euphoric effects. Novice users take caution as this strain delivers a powerful cerebral rush within minutes of smoking. These potent cerebral effects wont leave the user feeling sedated or locked to the couch; but instead. will give way to an increase in positive thinking and focused energy. As thispain due to inflammation. Euphoria gently builds. the body will slowly ease into a blissful state of relaxation, leaving the user feeling completely at peace. These powerful yet balanced effects make Gelato the perfect strain for those looking to treat various conditions including muscle spasms, migraine headaches, chronic fatigue, and chronic gelato strain for sale.<\/p>\n<p>sometimes taking effect before they&rsquo;ve had a chance to even exhale. The most striking effect of gelato is a sense of altered perception and confusion, forcing smokers to adapt to their newly intensified surroundings, gelato strain for sale<\/p>\n<h3>Gelato weed strain<\/h3>\n<p>perfectly named<br \/>\nThis product has a fragrance so enticing, it makes your mouth water. It smells sugary like strawberries and it tastes like them too. It is easy to see where this strain gets its name. As far as the smoke, Gelato lives up to the standard of its cousins in the Girl Scout Cookie family. A deliciously balanced hybrid, maybe a little heavier on the Indica side. I found it to be very emotionally soothing (while also physically relaxing) after a long hard day at work, as cliche as that sounds. My brain and my body both began to loosen up and unwind as the Gelato magic spread all the way through to the ends of my limbs. Although it was so relaxing. I was not too tired to go to my second job in a great mood! I was very friendly and upbeat and cheerful, maybe even a little bit on the giggly side. I purchased this strain twice and would love to add it into my regular rotation of preferred meds<\/p>\n","protected":false},"excerpt":{"rendered":"<p>Gelato Strain, is a THC powerhouse. This hybrid strain has a heavy handed euphoria and physical relaxation comes on strong.<br \/>\n\u2022 Type: Hybrid<br \/>\n\u2022 Genetics: Sunset Sherbet x<br \/>\nThin Mint GSC<br \/>\n\u2022 Sweet x Earthy x Citrus<br \/>\n\u2022 Happy x Creative x Relaxing x<br \/>\nEuphoric x Uplifted<\/p>\n<p>Gelato strain can relieve the symptoms of stress, depression, and anxiety and still mentally agile enough to stay productive and creative when enjoying Gelato during the day.<\/p>\n","protected":false},"featured_media":1146,"comment_status":"open","ping_status":"closed","template":"","meta":{"_monsterinsights_skip_tracking":false,"_monsterinsights_sitenote_active":false,"_monsterinsights_sitenote_note":"","_monsterinsights_sitenote_category":0},"product_brand":[],"product_cat":[442,441],"product_tag":[3267,3268,3269,3270,3271,3272,3273,3274,3275,3276,3277,3278,3279,3280,3281,3282,3283,3284,3285,3286,3287,3288,3289,3290,3291,3292,3293,3294,3296,3298,3297,3295,3299,3300,3301,3302,3303,3304,3305,3306,3307,295,3308,3309,3310,297,3311,3312,3313,3314,3315,3316,3317,3318,3319,3320,3321,3322,3323,3324,3325,3326,3327,3328,3329,3330,3331,3332,3333,3334,3335,3336,3338,3337],"class_list":{"0":"post-1141","1":"product","2":"type-product","3":"status-publish","4":"has-post-thumbnail","6":"product_cat-cannabis-hybride-en-ligne","7":"product_cat-varietes-de-marijuana","8":"product_tag-buy-best-gelato-strains","9":"product_tag-buy-cheap-gelato-strain","10":"product_tag-buy-gelato","11":"product_tag-buy-gelato-33-legally-online","12":"product_tag-buy-gelato-33-online","13":"product_tag-buy-gelato-33-online-in-australia","14":"product_tag-buy-gelato-33-online-in-austria","15":"product_tag-buy-gelato-33-online-in-belarus","16":"product_tag-buy-gelato-33-online-in-bulgary","17":"product_tag-buy-gelato-33-online-in-canada","18":"product_tag-buy-gelato-33-online-in-china","19":"product_tag-buy-gelato-33-online-in-croatia","20":"product_tag-buy-gelato-33-online-in-denmark","21":"product_tag-buy-gelato-33-online-in-england","22":"product_tag-buy-gelato-33-online-in-finland","23":"product_tag-buy-gelato-33-online-in-france","24":"product_tag-buy-gelato-33-online-in-germany","25":"product_tag-buy-gelato-33-online-in-hungary","26":"product_tag-buy-gelato-33-online-in-ireland","27":"product_tag-buy-gelato-33-online-in-italy","28":"product_tag-buy-gelato-33-online-in-japan","29":"product_tag-buy-gelato-33-online-in-malta","30":"product_tag-buy-gelato-33-online-in-mexico","31":"product_tag-buy-gelato-33-online-in-new-zealand","32":"product_tag-buy-gelato-33-online-in-pillipines","33":"product_tag-buy-gelato-33-online-in-russia","34":"product_tag-buy-gelato-33-online-in-scotland","35":"product_tag-buy-gelato-33-online-in-spain","36":"product_tag-buy-gelato-33-online-in-turkey","37":"product_tag-buy-gelato-33-online-in-uk","38":"product_tag-buy-gelato-33-online-in-usa","39":"product_tag-buy-gelato-38-online-in-switzerland","40":"product_tag-buy-gelato-online","41":"product_tag-buy-gelato-online-uk","42":"product_tag-buy-gelato-online-usa","43":"product_tag-buy-gelato-strain-online","44":"product_tag-buy-gelato-strain-online-discretely","45":"product_tag-buy-gelato-strains-online","46":"product_tag-buy-gelato-weed-online","47":"product_tag-buy-gelato-with-bitcoin","48":"product_tag-buy-gelato-with-paypal","49":"product_tag-buy-marijuana-online","50":"product_tag-buy-purple-trainwreck-marijuana","51":"product_tag-buy-sour-diesel-marijuana","52":"product_tag-buy-super-glue-og-marijuana","53":"product_tag-buy-weed-online","54":"product_tag-can-i-buy-gelato-strain-online","55":"product_tag-cheap-gelato-weed-for-sale","56":"product_tag-gelati-strain","57":"product_tag-gelato","58":"product_tag-gelato-33-strain","59":"product_tag-gelato-41-strain","60":"product_tag-gelato-41-weed","61":"product_tag-gelato-45-strain","62":"product_tag-gelato-cake-strain","63":"product_tag-gelato-cannabis-gelato-for-sale","64":"product_tag-gelato-kush","65":"product_tag-gelato-marijuana","66":"product_tag-gelato-strain","67":"product_tag-gelato-strain-for-sale","68":"product_tag-gelato-strain-for-sale-near-me","69":"product_tag-gelato-strain-for-sale-online","70":"product_tag-gelato-strain-near-me","71":"product_tag-gelato-strains","72":"product_tag-gelato-strains-online-gelato-weed-strain","73":"product_tag-how-to-buy-gelato-strain-online","74":"product_tag-how-to-order-weed-online","75":"product_tag-order-cheap-canabis-online","76":"product_tag-order-gelato-onune","77":"product_tag-order-gelato-strain-online","78":"product_tag-order-gelato-weed-online","79":"product_tag-weed-for-sale-weed-near-me","80":"product_tag-where-to-buy-gelato-strain-online","81":"product_tag-wood-online","83":"first","84":"instock","85":"shipping-taxable","86":"purchasable","87":"product-type-variable"},"yoast_head":"<!-- This site is optimized with the Yoast SEO plugin v27.3 - https:\/\/yoast.com\/product\/yoast-seo-wordpress\/ -->\n<title>BUY GELATO STRAIN ONLINE - 510 Premium Carts Gelato #33<\/title>\n<meta name=\"description\" content=\"BUY GELATO STRAIN ONLINE also known as &#039;Larry Bird&#039; is a slight indica dominant hybrid strain created by crossing the ever so famous Sunset Sherbert with Thin Mint Girl Scout Cookies.\" \/>\n<meta name=\"robots\" content=\"index, follow, max-snippet:-1, max-image-preview:large, max-video-preview:-1\" \/>\n<link rel=\"canonical\" href=\"https:\/\/510premiumcarts.com\/index.php\/product\/buy-gelato-strain-online\/\" \/>\n<meta property=\"og:locale\" content=\"fr_FR\" \/>\n<meta property=\"og:type\" content=\"article\" \/>\n<meta property=\"og:title\" content=\"BUY GELATO STRAIN ONLINE - 510 Premium Carts Gelato #33\" \/>\n<meta property=\"og:description\" content=\"BUY GELATO STRAIN ONLINE also known as &#039;Larry Bird&#039; is a slight indica dominant hybrid strain created by crossing the ever so famous Sunset Sherbert with Thin Mint Girl Scout Cookies.\" \/>\n<meta property=\"og:url\" content=\"https:\/\/510premiumcarts.com\/index.php\/product\/buy-gelato-strain-online\/\" \/>\n<meta property=\"og:site_name\" content=\"510 Premium Carts\" \/>\n<meta property=\"article:modified_time\" content=\"2023-02-25T21:02:05+00:00\" \/>\n<meta property=\"og:image\" content=\"http:\/\/510premiumcarts.com\/wp-content\/uploads\/2023\/02\/photo_2022-11-17_06-04-47.jpg\" \/>\n\t<meta property=\"og:image:width\" content=\"960\" \/>\n\t<meta property=\"og:image:height\" content=\"1280\" \/>\n\t<meta property=\"og:image:type\" content=\"image\/jpeg\" \/>\n<meta name=\"twitter:card\" content=\"summary_large_image\" \/>\n<meta name=\"twitter:label1\" content=\"Dur\u00e9e de lecture estim\u00e9e\" \/>\n\t<meta name=\"twitter:data1\" content=\"3 minutes\" \/>\n<script type=\"application\/ld+json\" class=\"yoast-schema-graph\">{\"@context\":\"https:\\\/\\\/schema.org\",\"@graph\":[{\"@type\":\"WebPage\",\"@id\":\"https:\\\/\\\/510premiumcarts.com\\\/index.php\\\/product\\\/buy-gelato-strain-online\\\/\",\"url\":\"https:\\\/\\\/510premiumcarts.com\\\/index.php\\\/product\\\/buy-gelato-strain-online\\\/\",\"name\":\"BUY GELATO STRAIN ONLINE - 510 Premium Carts Gelato #33\",\"isPartOf\":{\"@id\":\"https:\\\/\\\/510premiumcarts.com\\\/#website\"},\"primaryImageOfPage\":{\"@id\":\"https:\\\/\\\/510premiumcarts.com\\\/index.php\\\/product\\\/buy-gelato-strain-online\\\/#primaryimage\"},\"image\":{\"@id\":\"https:\\\/\\\/510premiumcarts.com\\\/index.php\\\/product\\\/buy-gelato-strain-online\\\/#primaryimage\"},\"thumbnailUrl\":\"https:\\\/\\\/510premiumcarts.com\\\/wp-content\\\/uploads\\\/2023\\\/02\\\/photo_2022-11-17_06-04-47.jpg\",\"datePublished\":\"2023-02-25T21:02:02+00:00\",\"dateModified\":\"2023-02-25T21:02:05+00:00\",\"description\":\"BUY GELATO STRAIN ONLINE also known as 'Larry Bird' is a slight indica dominant hybrid strain created by crossing the ever so famous Sunset Sherbert with Thin Mint Girl Scout Cookies.\",\"breadcrumb\":{\"@id\":\"https:\\\/\\\/510premiumcarts.com\\\/index.php\\\/product\\\/buy-gelato-strain-online\\\/#breadcrumb\"},\"inLanguage\":\"fr-FR\",\"potentialAction\":[{\"@type\":\"ReadAction\",\"target\":[\"https:\\\/\\\/510premiumcarts.com\\\/index.php\\\/product\\\/buy-gelato-strain-online\\\/\"]}]},{\"@type\":\"ImageObject\",\"inLanguage\":\"fr-FR\",\"@id\":\"https:\\\/\\\/510premiumcarts.com\\\/index.php\\\/product\\\/buy-gelato-strain-online\\\/#primaryimage\",\"url\":\"https:\\\/\\\/510premiumcarts.com\\\/wp-content\\\/uploads\\\/2023\\\/02\\\/photo_2022-11-17_06-04-47.jpg\",\"contentUrl\":\"https:\\\/\\\/510premiumcarts.com\\\/wp-content\\\/uploads\\\/2023\\\/02\\\/photo_2022-11-17_06-04-47.jpg\",\"width\":960,\"height\":1280,\"caption\":\"BUY GELATO STRAIN ONLINE\"},{\"@type\":\"BreadcrumbList\",\"@id\":\"https:\\\/\\\/510premiumcarts.com\\\/index.php\\\/product\\\/buy-gelato-strain-online\\\/#breadcrumb\",\"itemListElement\":[{\"@type\":\"ListItem\",\"position\":1,\"name\":\"Home\",\"item\":\"https:\\\/\\\/510premiumcarts.com\\\/\"},{\"@type\":\"ListItem\",\"position\":2,\"name\":\"Marques de vapotage\",\"item\":\"https:\\\/\\\/510premiumcarts.com\\\/index.php\\\/acheter-du-cannabis\\\/\"},{\"@type\":\"ListItem\",\"position\":3,\"name\":\"GELATO STRAIN\"}]},{\"@type\":\"WebSite\",\"@id\":\"https:\\\/\\\/510premiumcarts.com\\\/#website\",\"url\":\"https:\\\/\\\/510premiumcarts.com\\\/\",\"name\":\"510 Premium Carts\",\"description\":\"Just another WordPress site\",\"potentialAction\":[{\"@type\":\"SearchAction\",\"target\":{\"@type\":\"EntryPoint\",\"urlTemplate\":\"https:\\\/\\\/510premiumcarts.com\\\/?s={search_term_string}\"},\"query-input\":{\"@type\":\"PropertyValueSpecification\",\"valueRequired\":true,\"valueName\":\"search_term_string\"}}],\"inLanguage\":\"fr-FR\"}]}<\/script>\n<!-- \/ Yoast SEO plugin. -->","yoast_head_json":{"title":"BUY GELATO STRAIN ONLINE - 510 Premium Carts Gelato #33","description":"BUY GELATO STRAIN ONLINE also known as 'Larry Bird' is a slight indica dominant hybrid strain created by crossing the ever so famous Sunset Sherbert with Thin Mint Girl Scout Cookies.","robots":{"index":"index","follow":"follow","max-snippet":"max-snippet:-1","max-image-preview":"max-image-preview:large","max-video-preview":"max-video-preview:-1"},"canonical":"https:\/\/510premiumcarts.com\/index.php\/product\/buy-gelato-strain-online\/","og_locale":"fr_FR","og_type":"article","og_title":"BUY GELATO STRAIN ONLINE - 510 Premium Carts Gelato #33","og_description":"BUY GELATO STRAIN ONLINE also known as 'Larry Bird' is a slight indica dominant hybrid strain created by crossing the ever so famous Sunset Sherbert with Thin Mint Girl Scout Cookies.","og_url":"https:\/\/510premiumcarts.com\/index.php\/product\/buy-gelato-strain-online\/","og_site_name":"510 Premium Carts","article_modified_time":"2023-02-25T21:02:05+00:00","og_image":[{"width":960,"height":1280,"url":"http:\/\/510premiumcarts.com\/wp-content\/uploads\/2023\/02\/photo_2022-11-17_06-04-47.jpg","type":"image\/jpeg"}],"twitter_card":"summary_large_image","twitter_misc":{"Dur\u00e9e de lecture estim\u00e9e":"3 minutes"},"schema":{"@context":"https:\/\/schema.org","@graph":[{"@type":"WebPage","@id":"https:\/\/510premiumcarts.com\/index.php\/product\/buy-gelato-strain-online\/","url":"https:\/\/510premiumcarts.com\/index.php\/product\/buy-gelato-strain-online\/","name":"BUY GELATO STRAIN ONLINE - 510 Premium Carts Gelato #33","isPartOf":{"@id":"https:\/\/510premiumcarts.com\/#website"},"primaryImageOfPage":{"@id":"https:\/\/510premiumcarts.com\/index.php\/product\/buy-gelato-strain-online\/#primaryimage"},"image":{"@id":"https:\/\/510premiumcarts.com\/index.php\/product\/buy-gelato-strain-online\/#primaryimage"},"thumbnailUrl":"https:\/\/510premiumcarts.com\/wp-content\/uploads\/2023\/02\/photo_2022-11-17_06-04-47.jpg","datePublished":"2023-02-25T21:02:02+00:00","dateModified":"2023-02-25T21:02:05+00:00","description":"BUY GELATO STRAIN ONLINE also known as 'Larry Bird' is a slight indica dominant hybrid strain created by crossing the ever so famous Sunset Sherbert with Thin Mint Girl Scout Cookies.","breadcrumb":{"@id":"https:\/\/510premiumcarts.com\/index.php\/product\/buy-gelato-strain-online\/#breadcrumb"},"inLanguage":"fr-FR","potentialAction":[{"@type":"ReadAction","target":["https:\/\/510premiumcarts.com\/index.php\/product\/buy-gelato-strain-online\/"]}]},{"@type":"ImageObject","inLanguage":"fr-FR","@id":"https:\/\/510premiumcarts.com\/index.php\/product\/buy-gelato-strain-online\/#primaryimage","url":"https:\/\/510premiumcarts.com\/wp-content\/uploads\/2023\/02\/photo_2022-11-17_06-04-47.jpg","contentUrl":"https:\/\/510premiumcarts.com\/wp-content\/uploads\/2023\/02\/photo_2022-11-17_06-04-47.jpg","width":960,"height":1280,"caption":"BUY GELATO STRAIN ONLINE"},{"@type":"BreadcrumbList","@id":"https:\/\/510premiumcarts.com\/index.php\/product\/buy-gelato-strain-online\/#breadcrumb","itemListElement":[{"@type":"ListItem","position":1,"name":"Home","item":"https:\/\/510premiumcarts.com\/"},{"@type":"ListItem","position":2,"name":"Marques de vapotage","item":"https:\/\/510premiumcarts.com\/index.php\/acheter-du-cannabis\/"},{"@type":"ListItem","position":3,"name":"GELATO STRAIN"}]},{"@type":"WebSite","@id":"https:\/\/510premiumcarts.com\/#website","url":"https:\/\/510premiumcarts.com\/","name":"510 Premium Carts","description":"Just another WordPress site","potentialAction":[{"@type":"SearchAction","target":{"@type":"EntryPoint","urlTemplate":"https:\/\/510premiumcarts.com\/?s={search_term_string}"},"query-input":{"@type":"PropertyValueSpecification","valueRequired":true,"valueName":"search_term_string"}}],"inLanguage":"fr-FR"}]}},"jetpack_sharing_enabled":true,"_links":{"self":[{"href":"https:\/\/510premiumcarts.com\/index.php\/wp-json\/wp\/v2\/product\/1141","targetHints":{"allow":["GET"]}}],"collection":[{"href":"https:\/\/510premiumcarts.com\/index.php\/wp-json\/wp\/v2\/product"}],"about":[{"href":"https:\/\/510premiumcarts.com\/index.php\/wp-json\/wp\/v2\/types\/product"}],"replies":[{"embeddable":true,"href":"https:\/\/510premiumcarts.com\/index.php\/wp-json\/wp\/v2\/comments?post=1141"}],"wp:featuredmedia":[{"embeddable":true,"href":"https:\/\/510premiumcarts.com\/index.php\/wp-json\/wp\/v2\/media\/1146"}],"wp:attachment":[{"href":"https:\/\/510premiumcarts.com\/index.php\/wp-json\/wp\/v2\/media?parent=1141"}],"wp:term":[{"taxonomy":"product_brand","embeddable":true,"href":"https:\/\/510premiumcarts.com\/index.php\/wp-json\/wp\/v2\/product_brand?post=1141"},{"taxonomy":"product_cat","embeddable":true,"href":"https:\/\/510premiumcarts.com\/index.php\/wp-json\/wp\/v2\/product_cat?post=1141"},{"taxonomy":"product_tag","embeddable":true,"href":"https:\/\/510premiumcarts.com\/index.php\/wp-json\/wp\/v2\/product_tag?post=1141"}],"curies":[{"name":"wp","href":"https:\/\/api.w.org\/{rel}","templated":true}]}}