{"id":1652,"date":"2023-03-06T00:19:57","date_gmt":"2023-03-06T00:19:57","guid":{"rendered":"https:\/\/510premiumcarts.com\/?post_type=product&#038;p=1652"},"modified":"2023-04-18T02:08:39","modified_gmt":"2023-04-18T02:08:39","slug":"acheter-stiiizy-pods-hardcore-og-en-ligne","status":"publish","type":"product","link":"https:\/\/510premiumcarts.com\/index.php\/product\/acheter-stiiizy-pods-hardcore-og-en-ligne\/","title":{"rendered":"STIIIZY PODS HARDCORE OG"},"content":{"rendered":"<h1><a href=\"https:\/\/510premiumcarts.com\/index.php\/product-category\/pods\/stiiizy-pods\/\"><span style=\"color: #ffcc00;\"><strong><span style=\"vertical-align: inherit;\"><span style=\"vertical-align: inherit;\">ACHETER STIIIZY PODS HARDCORE OG EN LIGNE<\/span><\/span><\/strong><\/span><\/a><\/h1>\n<p>gousses stiiizy hardcore og \u00e0 vendre<br \/>\nIndica<br \/>\nGo\u00fbt<br \/>\nPin, Terreux, Bois\u00e9<\/p>\n<p>Sentiment<br \/>\nRelaxant, Heureux, Somnolent<\/p>\n<p>\u00e9galement, un croisement \u00e0 dominance indica entre Big Bud et DJ Short Blueberry. Ce poids indica s\u00e9datif coule dans tout le corps, submergeant le stress, la douleur et d&rsquo;autres maux.<\/p>\n<p>Acheter des dosettes de vapotage Hardcore OG Full Gram STIIIZY<br \/>\nLe poids de cette indica s\u00e9dative coule dans tout le corps, submergeant le stress, la douleur et d&rsquo;autres maux sous sa teneur \u00e9crasante en THC. Achetez la cartouche <a href=\"http:\/\/leafly.com\/\">Hardcore<\/a> OG Full Gram STIIIZY Vape Pods chez STIIIZY Vape Pods Shop d\u00e8s aujourd&rsquo;hui\u00a0!<\/p>\n<p>Tout d&rsquo;abord, un croisement \u00e0 dominante indica entre Big Bud et DJ Short Blueberry.Hardcore OG Stiiizy Pod. Ainsi, Hardcore OG est une race de souche californienne avec \u00e0 l&rsquo;esprit le fid\u00e8le v\u00e9t\u00e9ran du cannabis. Ses t\u00eates denses et piquantes produisent d&rsquo;\u00e9paisses couches de r\u00e9sine qui peuvent \u00eatre extraites pour de puissants concentr\u00e9s. Cependant, le poids de cette indica s\u00e9dative coule dans tout le corps, submergeant le stress, la douleur et d&rsquo;autres maux sous sa teneur \u00e9crasante en THC. Bon pour : le stress, la douleur, la d\u00e9pression, l&rsquo;insomnie. Ainsi, des terp\u00e8nes d\u00e9riv\u00e9s du cannabis test\u00e9s en laboratoire Pas de PG\/PEG\/VG Pas de MCT Pas de coupes ni de charges Pas de solvants<\/p>\n<h5 class=\"product_meta\"><span id=\"hardcore_og_stiiizy_pods_price_how_much_are_hardcore_og_stiiizy_pods_how_much_are_stiiizy_pods_order_hardcore_og_stiiizy_pods_online_order_stiiizy_pods_online_stiiizy_pod_buy_stiiizy_pods_stiiizy_pods_for_sale_stiiizy_pods_near_me_stiiizy_pods_online_stiiizy_pods_online_buy_stiiizy_pods_price_where_can_i_buy_a_stiiizy_pen_where_can_i_buy_stiiizy_pods_where_can_i_buy_stiiizy_pods_online_where_can_i_buy_stiiizy_products_where_can_you_buy_stiiizy_batteries_where_to_buy_cheap_stiiizy_pods_where_to_buy_hardcore_og_stiiizy_pods_where_to_buy_stiiizy_where_to_buy_stiiizy_cartridges_where_to_buy_stiiizy_pen_where_to_buy_stiiizy_pens_where_to_buy_stiiizy_pods_where_to_buy_stiiizy_pods_online\" class=\"ez-toc-section\"><\/span><strong>prix des dosettes hardcore et stiiizy, combien co\u00fbtent les dosettes hardcore et stiiizy, combien co\u00fbtent les dosettes stiiizy, commander des dosettes hardcore et stiiizy en ligne, commander des dosettes stiiizy en ligne, acheter des dosettes stiiizy, dosettes stiiizy, dosettes stiiizy \u00e0 vendre, dosettes stiiizy pr\u00e8s de chez moi, stiiizy pods en ligne, stiiizy pods acheter en ligne, prix des stiiizy pods, o\u00f9 puis-je acheter un stylo stiiizy, o\u00f9 puis-je acheter des stiiizy pods, o\u00f9 puis-je acheter des stiiizy pods en ligne, o\u00f9 puis-je acheter des produits stiiizy, o\u00f9 puis-je acheter des piles stiiizy, o\u00f9 acheter des dosettes stiiizy bon march\u00e9, o\u00f9 acheter des dosettes hardcore et stiiizy, o\u00f9 acheter stiiizy, o\u00f9 acheter des cartouches stiiizy, o\u00f9 acheter un stylo stiiizy, o\u00f9 acheter des stylos stiiizy, o\u00f9 acheter des dosettes stiiizy, o\u00f9 acheter des dosettes stiiizy en ligne<\/strong><\/h5>\n<div class=\"social-icons share-icons share-row relative\"><\/div>\n<h2><span id=\"_STIIIZY_PODS_HARDCORE_OG_FOR_SALE\" class=\"ez-toc-section\"><\/span><strong><span style=\"vertical-align: inherit;\"><span style=\"vertical-align: inherit;\">\u00a0STIIIZY PODS HARDCORE OG \u00c0 VENDRE<\/span><\/span><\/strong><\/h2>\n<p>Achetez Stiiizy Hardcore OG Online, un croisement \u00e0 dominance indica entre Big Bud et DJ Short Blueberry. Le poids de cette indica s\u00e9dative coule dans tout le corps, submergeant le stress, la douleur et d&rsquo;autres maux sous sa teneur \u00e9crasante en THC. Id\u00e9al pour : le stress, la d\u00e9pression, la douleur, la fatigue, l&rsquo;insomnie O\u00f9 acheter des dosettes stiiizy en ligne.<\/p>\n<p>Acheter Stiiizy Hardcore OG en ligne | Acheter stiiizy en vrac<\/p>\n<p>Achetez stiiizy en vrac. Apr\u00e8s une longue phase de recherche et d\u00e9veloppement, Stiiizy \u00e9tait fier de lancer la marque en 2017. Pour Stiiizy, l&rsquo;excellence est une exigence et l&rsquo;\u00e9quipe ne pr\u00e9senterait son produit que lorsque chaque aspect serait parfait. Leur mission est de fournir des concentr\u00e9s de cannabis haut de gamme, test\u00e9s en laboratoire, de la plus haute puissance et puret\u00e9. Gr\u00e2ce au d\u00e9vouement d&rsquo;une \u00e9quipe qualifi\u00e9e d&rsquo;artisans extracteurs et de ma\u00eetres producteurs experts, Stiiizy a \u00e9tabli une norme dans l&rsquo;industrie. Achetez Stiiizy Hardcore OG en ligne.<\/p>\n<p>O\u00f9 puis-je acheter des produits stiiizy | O\u00f9 acheter des cartouches stiiizy<\/p>\n<p>De plus, la qualit\u00e9 du mat\u00e9riau de d\u00e9part d\u00e9termine l&rsquo;int\u00e9grit\u00e9 du produit final. Stiiizy utilise des fleurs de cannabis robustes, cultiv\u00e9es de mani\u00e8re responsable et sans pesticides. Ensuite, ces bourgeons de haute qualit\u00e9 sont produits en concentr\u00e9 avec un processus de distillation sans solvant. Les terp\u00e8nes sont volatils et sont perdus pendant le processus de distillation, mais avec Stiiizy, vous obtenez tous les effets et toute la saveur. Ils r\u00e9introduisent des terp\u00e8nes sp\u00e9cifiques \u00e0 la souche dans leurs huiles de cannabis pour donner une exp\u00e9rience de vapotage authentique \u00e0 la souche d&rsquo;origine O\u00f9 puis-je acheter des produits stiiizy.<\/p>\n<h3><span id=\"STIIIZY_PODS_HARDCORE_OG\" class=\"ez-toc-section\"><\/span><strong><span style=\"vertical-align: inherit;\"><span style=\"vertical-align: inherit;\">STIIIZY PODS HARDCORE OG<\/span><\/span><\/strong><\/h3>\n<p>De plus, les dosettes sont remplies de distillat sans solvant fabriqu\u00e9 \u00e0 la main par Stiiizy et contiennent chacune plus de 85 % de THC. Les pods sont actuellement disponibles en Premium Jack, SFV OG, Pineapple Express et bien d&rsquo;autres. Les Stiizy Prerolls sont compos\u00e9s de fleurs haut de gamme, puis glac\u00e9es dans leur distillat de qualit\u00e9 sup\u00e9rieure et enrob\u00e9es de kief. Lancez-vous avec l&rsquo;une de leurs vari\u00e9t\u00e9s, y compris Blue Dream, Skywalker OG, Hardcore OG et Gelato. Profitez du distillat premium de Stiiizy avec une noisette avec leur seringue, disponible dans les m\u00eames vari\u00e9t\u00e9s de souche que leurs dosettes O\u00f9 acheter des cartouches stiiizy.<\/p>\n<p>Deuxi\u00e8mement, achetez Stiiizy Hardcore OG en ligne, un croisement \u00e0 dominance indica entre Big Bud et DJ Short Blueberry. Le poids de cette indica s\u00e9dative coule dans tout le corps, submergeant le stress, la douleur et d&rsquo;autres maux sous sa teneur \u00e9crasante en THC. Id\u00e9al pour : le stress, la d\u00e9pression, la douleur, la fatigue, l&rsquo;insomnie O\u00f9 acheter des dosettes stiiizy en ligne.<\/p>\n<p>Acheter Stiiizy Hardcore OG en ligne | Acheter stiiizy en vrac<\/p>\n<p>Achetez stiiizy en vrac. Apr\u00e8s une longue phase de recherche et d\u00e9veloppement, Stiiizy \u00e9tait fier de lancer la marque en 2017. Pour Stiiizy, l&rsquo;excellence est une exigence et l&rsquo;\u00e9quipe ne pr\u00e9senterait son produit que lorsque chaque aspect serait parfait. Leur mission est de fournir des concentr\u00e9s de cannabis haut de gamme, test\u00e9s en laboratoire, de la plus haute puissance et puret\u00e9. Gr\u00e2ce au d\u00e9vouement d&rsquo;une \u00e9quipe qualifi\u00e9e d&rsquo;artisans extracteurs et de ma\u00eetres producteurs experts, Stiiizy a \u00e9tabli une norme dans l&rsquo;industrie. Achetez Stiiizy Hardcore OG en ligne.<\/p>\n<h3><span id=\"WHERE_TO_BUY_STIIIZY_PODS_HARDCORE_OG\" class=\"ez-toc-section\"><\/span><strong><span style=\"vertical-align: inherit;\"><span style=\"vertical-align: inherit;\">O A ACHETER STIIIZY PODS HARDCORE OG<\/span><\/span><\/strong><\/h3>\n<p>O\u00f9 puis-je acheter des produits stiiizy | O\u00f9 acheter des dosettes stiiizy<\/p>\n<p>en tant que tel, la qualit\u00e9 du mat\u00e9riau de d\u00e9part d\u00e9termine l&rsquo;int\u00e9grit\u00e9 du produit final. Stiiizy utilise des fleurs de cannabis robustes, cultiv\u00e9es de mani\u00e8re responsable et sans pesticides. Ils r\u00e9introduisent des terp\u00e8nes sp\u00e9cifiques \u00e0 la souche dans leurs huiles de cannabis pour donner une exp\u00e9rience de vapotage authentique \u00e0 la souche d&rsquo;origine O\u00f9 puis-je acheter des produits stiiizy. prix des dosettes stiiizy<\/p>\n<h5 class=\"product_meta\"><span id=\"Therefore_are_hardcore_og_stiiizy_pods_safe_are_stiiizy_pods_safe_best_stiizy_pods_buy_hardcore_og_stiiizy_pods_online_buy_stiiizy_buy_stiiizy_in_bulk_buy_stiiizy_pink_batttery_online_buy_stiiizy_pods_buy_stiiizy_pods_california_buy_stiiizy_pods_online_buy_stiiizy_starter_kit_cheap_hardcore_og_stiiizy_pods_cheap_stiiizy_pods_hardcore_og_stiiizy_pods_hardcore_og_stiiizy_pods_for_sale_hardcore_og_stiiizy_pods_near_me\" class=\"ez-toc-section\"><\/span><strong>Par cons\u00e9quent, les dosettes hardcore et stiiizy sont-elles s\u00fbres, les dosettes stiiizy sont-elles s\u00fbres, les meilleures dosettes stiizy, acheter des dosettes hardcore et stiiizy en ligne, acheter stiiizy, acheter stiiizy en vrac, acheter une batterie rose stiiizy en ligne, acheter des dosettes stiiizy, acheter des dosettes stiiizy californie, acheter stiiizy pods en ligne, acheter kit de d\u00e9marrage stiiizy, pods hardcore og stiiizy pas chers, pods stiiizy pas chers, pods hardcore og stiiizy, pods hardcore og stiiizy \u00e0 vendre, pods hardcore og stiiizy pr\u00e8s de chez moi,<\/strong><\/h5>\n","protected":false},"excerpt":{"rendered":"<p>OG hardcore<br \/>\nIndica<br \/>\nGo\u00fbt<br \/>\nPin, Terreux, Bois\u00e9<\/p>\n<p>Sentiment<br \/>\nRelaxant, Heureux, Somnolent<\/p>\n<p>Faits<br \/>\nUn croisement \u00e0 dominance indica entre Big Bud et DJ Short Blueberry. Ce poids indica s\u00e9datif coule dans tout le corps, submergeant le stress, la douleur et d&rsquo;autres maux.<\/p>\n","protected":false},"featured_media":1653,"comment_status":"open","ping_status":"closed","template":"","meta":{"_monsterinsights_skip_tracking":false,"_monsterinsights_sitenote_active":false,"_monsterinsights_sitenote_note":"","_monsterinsights_sitenote_category":0},"product_brand":[],"product_cat":[4812],"product_tag":[],"class_list":{"0":"post-1652","1":"product","2":"type-product","3":"status-publish","4":"has-post-thumbnail","6":"product_cat-stiiizy-pods","8":"first","9":"instock","10":"shipping-taxable","11":"purchasable","12":"product-type-simple"},"yoast_head":"<!-- This site is optimized with the Yoast SEO plugin v27.4 - https:\/\/yoast.com\/product\/yoast-seo-wordpress\/ -->\n<title>ACHETER STIIIZY PODS HARDCORE OG - 510 Premium Carts<\/title>\n<meta name=\"description\" content=\"ACHETER STIIIZY PODS HARDCORE OG en ligne Apr\u00e8s une longue phase de recherche et d\u00e9veloppement, Stiiizy est fi\u00e8re de lancer la marque en 2017. Pour Stiiizy, l&#039;excellence est une\" \/>\n<meta name=\"robots\" content=\"index, follow, max-snippet:-1, max-image-preview:large, max-video-preview:-1\" \/>\n<link rel=\"canonical\" href=\"https:\/\/510premiumcarts.com\/index.php\/product\/acheter-stiiizy-pods-hardcore-og-en-ligne\/\" \/>\n<meta property=\"og:locale\" content=\"fr_FR\" \/>\n<meta property=\"og:type\" content=\"article\" \/>\n<meta property=\"og:title\" content=\"ACHETER STIIIZY PODS HARDCORE OG - 510 Premium Carts\" \/>\n<meta property=\"og:description\" content=\"ACHETER STIIIZY PODS HARDCORE OG en ligne Apr\u00e8s une longue phase de recherche et d\u00e9veloppement, Stiiizy est fi\u00e8re de lancer la marque en 2017. Pour Stiiizy, l&#039;excellence est une\" \/>\n<meta property=\"og:url\" content=\"https:\/\/510premiumcarts.com\/index.php\/product\/acheter-stiiizy-pods-hardcore-og-en-ligne\/\" \/>\n<meta property=\"og:site_name\" content=\"510 Premium Carts\" \/>\n<meta property=\"article:modified_time\" content=\"2023-04-18T02:08:39+00:00\" \/>\n<meta property=\"og:image\" content=\"http:\/\/510premiumcarts.com\/wp-content\/uploads\/2023\/03\/zoom-3.jpg\" \/>\n\t<meta property=\"og:image:width\" content=\"1200\" \/>\n\t<meta property=\"og:image:height\" content=\"1200\" \/>\n\t<meta property=\"og:image:type\" content=\"image\/jpeg\" \/>\n<meta name=\"twitter:card\" content=\"summary_large_image\" \/>\n<meta name=\"twitter:label1\" content=\"Dur\u00e9e de lecture estim\u00e9e\" \/>\n\t<meta name=\"twitter:data1\" content=\"6 minutes\" \/>\n<script type=\"application\/ld+json\" class=\"yoast-schema-graph\">{\"@context\":\"https:\\\/\\\/schema.org\",\"@graph\":[{\"@type\":\"WebPage\",\"@id\":\"https:\\\/\\\/510premiumcarts.com\\\/index.php\\\/product\\\/acheter-stiiizy-pods-hardcore-og-en-ligne\\\/\",\"url\":\"https:\\\/\\\/510premiumcarts.com\\\/index.php\\\/product\\\/acheter-stiiizy-pods-hardcore-og-en-ligne\\\/\",\"name\":\"ACHETER STIIIZY PODS HARDCORE OG - 510 Premium Carts\",\"isPartOf\":{\"@id\":\"https:\\\/\\\/510premiumcarts.com\\\/#website\"},\"primaryImageOfPage\":{\"@id\":\"https:\\\/\\\/510premiumcarts.com\\\/index.php\\\/product\\\/acheter-stiiizy-pods-hardcore-og-en-ligne\\\/#primaryimage\"},\"image\":{\"@id\":\"https:\\\/\\\/510premiumcarts.com\\\/index.php\\\/product\\\/acheter-stiiizy-pods-hardcore-og-en-ligne\\\/#primaryimage\"},\"thumbnailUrl\":\"https:\\\/\\\/510premiumcarts.com\\\/wp-content\\\/uploads\\\/2023\\\/03\\\/zoom-3.jpg\",\"datePublished\":\"2023-03-06T00:19:57+00:00\",\"dateModified\":\"2023-04-18T02:08:39+00:00\",\"description\":\"ACHETER STIIIZY PODS HARDCORE OG en ligne Apr\u00e8s une longue phase de recherche et d\u00e9veloppement, Stiiizy est fi\u00e8re de lancer la marque en 2017. Pour Stiiizy, l'excellence est une\",\"breadcrumb\":{\"@id\":\"https:\\\/\\\/510premiumcarts.com\\\/index.php\\\/product\\\/acheter-stiiizy-pods-hardcore-og-en-ligne\\\/#breadcrumb\"},\"inLanguage\":\"fr-FR\",\"potentialAction\":[{\"@type\":\"ReadAction\",\"target\":[\"https:\\\/\\\/510premiumcarts.com\\\/index.php\\\/product\\\/acheter-stiiizy-pods-hardcore-og-en-ligne\\\/\"]}]},{\"@type\":\"ImageObject\",\"inLanguage\":\"fr-FR\",\"@id\":\"https:\\\/\\\/510premiumcarts.com\\\/index.php\\\/product\\\/acheter-stiiizy-pods-hardcore-og-en-ligne\\\/#primaryimage\",\"url\":\"https:\\\/\\\/510premiumcarts.com\\\/wp-content\\\/uploads\\\/2023\\\/03\\\/zoom-3.jpg\",\"contentUrl\":\"https:\\\/\\\/510premiumcarts.com\\\/wp-content\\\/uploads\\\/2023\\\/03\\\/zoom-3.jpg\",\"width\":1200,\"height\":1200,\"caption\":\"BUY STIIIZY PODS HARDCORE OG ONLINE\"},{\"@type\":\"BreadcrumbList\",\"@id\":\"https:\\\/\\\/510premiumcarts.com\\\/index.php\\\/product\\\/acheter-stiiizy-pods-hardcore-og-en-ligne\\\/#breadcrumb\",\"itemListElement\":[{\"@type\":\"ListItem\",\"position\":1,\"name\":\"Home\",\"item\":\"https:\\\/\\\/510premiumcarts.com\\\/\"},{\"@type\":\"ListItem\",\"position\":2,\"name\":\"Marques de vapotage\",\"item\":\"https:\\\/\\\/510premiumcarts.com\\\/index.php\\\/acheter-du-cannabis\\\/\"},{\"@type\":\"ListItem\",\"position\":3,\"name\":\"STIIIZY PODS HARDCORE OG\"}]},{\"@type\":\"WebSite\",\"@id\":\"https:\\\/\\\/510premiumcarts.com\\\/#website\",\"url\":\"https:\\\/\\\/510premiumcarts.com\\\/\",\"name\":\"510 Premium Carts\",\"description\":\"Just another WordPress site\",\"potentialAction\":[{\"@type\":\"SearchAction\",\"target\":{\"@type\":\"EntryPoint\",\"urlTemplate\":\"https:\\\/\\\/510premiumcarts.com\\\/?s={search_term_string}\"},\"query-input\":{\"@type\":\"PropertyValueSpecification\",\"valueRequired\":true,\"valueName\":\"search_term_string\"}}],\"inLanguage\":\"fr-FR\"}]}<\/script>\n<!-- \/ Yoast SEO plugin. -->","yoast_head_json":{"title":"ACHETER STIIIZY PODS HARDCORE OG - 510 Premium Carts","description":"ACHETER STIIIZY PODS HARDCORE OG en ligne Apr\u00e8s une longue phase de recherche et d\u00e9veloppement, Stiiizy est fi\u00e8re de lancer la marque en 2017. Pour Stiiizy, l'excellence est une","robots":{"index":"index","follow":"follow","max-snippet":"max-snippet:-1","max-image-preview":"max-image-preview:large","max-video-preview":"max-video-preview:-1"},"canonical":"https:\/\/510premiumcarts.com\/index.php\/product\/acheter-stiiizy-pods-hardcore-og-en-ligne\/","og_locale":"fr_FR","og_type":"article","og_title":"ACHETER STIIIZY PODS HARDCORE OG - 510 Premium Carts","og_description":"ACHETER STIIIZY PODS HARDCORE OG en ligne Apr\u00e8s une longue phase de recherche et d\u00e9veloppement, Stiiizy est fi\u00e8re de lancer la marque en 2017. Pour Stiiizy, l'excellence est une","og_url":"https:\/\/510premiumcarts.com\/index.php\/product\/acheter-stiiizy-pods-hardcore-og-en-ligne\/","og_site_name":"510 Premium Carts","article_modified_time":"2023-04-18T02:08:39+00:00","og_image":[{"width":1200,"height":1200,"url":"http:\/\/510premiumcarts.com\/wp-content\/uploads\/2023\/03\/zoom-3.jpg","type":"image\/jpeg"}],"twitter_card":"summary_large_image","twitter_misc":{"Dur\u00e9e de lecture estim\u00e9e":"6 minutes"},"schema":{"@context":"https:\/\/schema.org","@graph":[{"@type":"WebPage","@id":"https:\/\/510premiumcarts.com\/index.php\/product\/acheter-stiiizy-pods-hardcore-og-en-ligne\/","url":"https:\/\/510premiumcarts.com\/index.php\/product\/acheter-stiiizy-pods-hardcore-og-en-ligne\/","name":"ACHETER STIIIZY PODS HARDCORE OG - 510 Premium Carts","isPartOf":{"@id":"https:\/\/510premiumcarts.com\/#website"},"primaryImageOfPage":{"@id":"https:\/\/510premiumcarts.com\/index.php\/product\/acheter-stiiizy-pods-hardcore-og-en-ligne\/#primaryimage"},"image":{"@id":"https:\/\/510premiumcarts.com\/index.php\/product\/acheter-stiiizy-pods-hardcore-og-en-ligne\/#primaryimage"},"thumbnailUrl":"https:\/\/510premiumcarts.com\/wp-content\/uploads\/2023\/03\/zoom-3.jpg","datePublished":"2023-03-06T00:19:57+00:00","dateModified":"2023-04-18T02:08:39+00:00","description":"ACHETER STIIIZY PODS HARDCORE OG en ligne Apr\u00e8s une longue phase de recherche et d\u00e9veloppement, Stiiizy est fi\u00e8re de lancer la marque en 2017. Pour Stiiizy, l'excellence est une","breadcrumb":{"@id":"https:\/\/510premiumcarts.com\/index.php\/product\/acheter-stiiizy-pods-hardcore-og-en-ligne\/#breadcrumb"},"inLanguage":"fr-FR","potentialAction":[{"@type":"ReadAction","target":["https:\/\/510premiumcarts.com\/index.php\/product\/acheter-stiiizy-pods-hardcore-og-en-ligne\/"]}]},{"@type":"ImageObject","inLanguage":"fr-FR","@id":"https:\/\/510premiumcarts.com\/index.php\/product\/acheter-stiiizy-pods-hardcore-og-en-ligne\/#primaryimage","url":"https:\/\/510premiumcarts.com\/wp-content\/uploads\/2023\/03\/zoom-3.jpg","contentUrl":"https:\/\/510premiumcarts.com\/wp-content\/uploads\/2023\/03\/zoom-3.jpg","width":1200,"height":1200,"caption":"BUY STIIIZY PODS HARDCORE OG ONLINE"},{"@type":"BreadcrumbList","@id":"https:\/\/510premiumcarts.com\/index.php\/product\/acheter-stiiizy-pods-hardcore-og-en-ligne\/#breadcrumb","itemListElement":[{"@type":"ListItem","position":1,"name":"Home","item":"https:\/\/510premiumcarts.com\/"},{"@type":"ListItem","position":2,"name":"Marques de vapotage","item":"https:\/\/510premiumcarts.com\/index.php\/acheter-du-cannabis\/"},{"@type":"ListItem","position":3,"name":"STIIIZY PODS HARDCORE OG"}]},{"@type":"WebSite","@id":"https:\/\/510premiumcarts.com\/#website","url":"https:\/\/510premiumcarts.com\/","name":"510 Premium Carts","description":"Just another WordPress site","potentialAction":[{"@type":"SearchAction","target":{"@type":"EntryPoint","urlTemplate":"https:\/\/510premiumcarts.com\/?s={search_term_string}"},"query-input":{"@type":"PropertyValueSpecification","valueRequired":true,"valueName":"search_term_string"}}],"inLanguage":"fr-FR"}]}},"jetpack_sharing_enabled":true,"_links":{"self":[{"href":"https:\/\/510premiumcarts.com\/index.php\/wp-json\/wp\/v2\/product\/1652","targetHints":{"allow":["GET"]}}],"collection":[{"href":"https:\/\/510premiumcarts.com\/index.php\/wp-json\/wp\/v2\/product"}],"about":[{"href":"https:\/\/510premiumcarts.com\/index.php\/wp-json\/wp\/v2\/types\/product"}],"replies":[{"embeddable":true,"href":"https:\/\/510premiumcarts.com\/index.php\/wp-json\/wp\/v2\/comments?post=1652"}],"wp:featuredmedia":[{"embeddable":true,"href":"https:\/\/510premiumcarts.com\/index.php\/wp-json\/wp\/v2\/media\/1653"}],"wp:attachment":[{"href":"https:\/\/510premiumcarts.com\/index.php\/wp-json\/wp\/v2\/media?parent=1652"}],"wp:term":[{"taxonomy":"product_brand","embeddable":true,"href":"https:\/\/510premiumcarts.com\/index.php\/wp-json\/wp\/v2\/product_brand?post=1652"},{"taxonomy":"product_cat","embeddable":true,"href":"https:\/\/510premiumcarts.com\/index.php\/wp-json\/wp\/v2\/product_cat?post=1652"},{"taxonomy":"product_tag","embeddable":true,"href":"https:\/\/510premiumcarts.com\/index.php\/wp-json\/wp\/v2\/product_tag?post=1652"}],"curies":[{"name":"wp","href":"https:\/\/api.w.org\/{rel}","templated":true}]}}