{"id":1658,"date":"2023-03-06T00:40:33","date_gmt":"2023-03-06T00:40:33","guid":{"rendered":"https:\/\/510premiumcarts.com\/?post_type=product&#038;p=1658"},"modified":"2023-04-18T01:44:51","modified_gmt":"2023-04-18T01:44:51","slug":"acheter-stiiizy-live-resin-pods-en-ligne","status":"publish","type":"product","link":"https:\/\/510premiumcarts.com\/index.php\/product\/acheter-stiiizy-live-resin-pods-en-ligne\/","title":{"rendered":"STIIIZY LIVE RESIN PODS"},"content":{"rendered":"<h1><a href=\"https:\/\/510premiumcarts.com\/index.php\/product-category\/pods\/stiiizy-pods\/\"><span style=\"color: #ffcc00;\"><strong><span style=\"vertical-align: inherit;\"><span style=\"vertical-align: inherit;\">ACHETER STIIIZY LIVE RESIN PODS EN LIGNE<\/span><\/span><\/strong><\/span><\/a><\/h1>\n<p>Souhaitez-vous acheter des dosettes de r\u00e9sine vivante stiiizy \u00e0 des fins r\u00e9cr\u00e9atives ? Nous sommes ici 24 heures sur 24, 7 jours sur 7, pr\u00eats \u00e0 vous servir avec les meilleurs articles et vous vous amuserez beaucoup. Nous avons la meilleure gamme de dosettes de r\u00e9sine stiiizy vivantes, donc tout ce dont vous avez besoin, il vous suffit d&rsquo;ajouter tout sur le panier et d&rsquo;en tirer le meilleur parti. Achetez des dosettes de r\u00e9sine vivantes stiiizy en ligne d\u00e8s aujourd&rsquo;hui aux \u00c9tats-Unis, au Canada, en Australie et en Europe.<\/p>\n<p>Certes, il existe de nombreux magasins disponibles sur le march\u00e9 o\u00f9 vous pouvez acheter de tels chariots, de l&rsquo;herbe et d&rsquo;autres produits en ligne, mais la t\u00e2che difficile consiste \u00e0 v\u00e9rifier si les produits qu&rsquo;ils livrent sont authentiques et de bonne qualit\u00e9 ou non. Avec nous, vous n&rsquo;avez \u00e0 vous soucier de rien car nous vous garantissons de fournir des produits de qualit\u00e9 sup\u00e9rieure avec un maximum de satisfaction. Nous sommes un dispensaire en ligne o\u00f9 vous achetez tout en ligne rapidement, fiable et discret, vous pouvez donc maintenant vous asseoir sur votre canap\u00e9 et passer une commande afin que nous puissions tout livrer \u00e0 votre porte.<\/p>\n<p>Obtenez des dosettes de r\u00e9sine vivantes stiiizy aujourd&rsquo;hui aupr\u00e8s de votre dispensaire en ligne de confiance, nous offrons des prix abordables. Profitez de votre exp\u00e9rience de <a href=\"http:\/\/leafly.com\/\">vapotage<\/a> avec nous, nous r\u00e9pondons \u00e0 vos besoins.<\/p>\n<p>Nous vous fournissons le meilleur des pods leaders de l&rsquo;industrie, les pods les plus demand\u00e9s en Californie.<\/p>\n<h2 class=\"center\"><span id=\"STIIIZY_LIVE_RESIN_PODS_FOR_SALE\" class=\"ez-toc-section\"><\/span><strong><span style=\"vertical-align: inherit;\"><span style=\"vertical-align: inherit;\">R\u00c9SINE STIIIZY LIVE PODS \u00c0 VENDRE<\/span><\/span><\/strong><\/h2>\n<p>Extraite directement de plantes de cannabis fra\u00eechement r\u00e9colt\u00e9es et surgel\u00e9es, Stiiizy Live Resin pr\u00e9serve le profil de go\u00fbt authentique et fournit un extrait de cannabis \u00e0 spectre complet. Introduit de fa\u00e7on saisonni\u00e8re, en petits lots, ce cannabis artisanal fournit une synergie entre les cannabino\u00efdes et les terp\u00e8nes pour un effet d&rsquo;entourage ultime.<\/p>\n<ul>\n<li><span style=\"vertical-align: inherit;\"><span style=\"vertical-align: inherit;\">Orange Float (S)<\/span><\/span><\/li>\n<li><span style=\"vertical-align: inherit;\"><span style=\"vertical-align: inherit;\">Orange Slushie (S)<\/span><\/span><\/li>\n<li><span style=\"vertical-align: inherit;\"><span style=\"vertical-align: inherit;\">Purple Animal Cookies (H)<\/span><\/span><\/li>\n<li><span style=\"vertical-align: inherit;\"><span style=\"vertical-align: inherit;\">Chem Reserve (H)<\/span><\/span><\/li>\n<li><span style=\"vertical-align: inherit;\"><span style=\"vertical-align: inherit;\">STIIIZY Pink Acai (M)<\/span><\/span><\/li>\n<li><span style=\"vertical-align: inherit;\"><span style=\"vertical-align: inherit;\">Dub Breath (H)<\/span><\/span><\/li>\n<li><span style=\"vertical-align: inherit;\"><span style=\"vertical-align: inherit;\">Banana Pie (H)<\/span><\/span><\/li>\n<li><span style=\"vertical-align: inherit;\"><span style=\"vertical-align: inherit;\">Kush Mints (I)<\/span><\/span><\/li>\n<li><span style=\"vertical-align: inherit;\"><span style=\"vertical-align: inherit;\">93 Octane (I)<\/span><\/span><\/li>\n<li><span style=\"vertical-align: inherit;\"><span style=\"vertical-align: inherit;\">Passionfruit (I)<\/span><\/span><\/li>\n<li><span style=\"vertical-align: inherit;\"><span style=\"vertical-align: inherit;\">LA Kush Cake (I)<\/span><\/span><\/li>\n<li><span style=\"vertical-align: inherit;\"><span style=\"vertical-align: inherit;\">Ice Cream Cake (I)<\/span><\/span><\/li>\n<li><span style=\"vertical-align: inherit;\"><span style=\"vertical-align: inherit;\">Slurricane (I)<\/span><\/span><\/li>\n<li><span style=\"vertical-align: inherit;\"><span style=\"vertical-align: inherit;\">OG Kush (I)<\/span><\/span><\/li>\n<\/ul>\n<h3 class=\"pic-label\"><span id=\"STIIIZY_LIVE_RESIN\" class=\"ez-toc-section\"><\/span><strong>R\u00c9SINE STIIIZY LIVE<\/strong><\/h3>\n<div class=\"pic-content-separator content-separator\" data-v-4f67f7a2=\"\"><span style=\"vertical-align: inherit;\"><span style=\"vertical-align: inherit;\">Our Curated Stiiizy Live Resins captures the true essence of the plant in extract form. <\/span><span style=\"vertical-align: inherit;\">The whole plant is cut and harvested then immediately flash frozen, preserving the full spectrum of cannabinoids and flavor. <\/span><span style=\"vertical-align: inherit;\">This process delivers the pinnacle of potency, flavor and consistency.<\/span><\/span><\/div>\n<div class=\"pic-description\" data-v-4f67f7a2=\"\">\n<ul>\n<li><span style=\"vertical-align: inherit;\"><span style=\"vertical-align: inherit;\">Forbidden Zkittles (H)<\/span><\/span><\/li>\n<li><span style=\"vertical-align: inherit;\"><span style=\"vertical-align: inherit;\">Crunch Berries (H)<\/span><\/span><\/li>\n<li><span style=\"vertical-align: inherit;\"><span style=\"vertical-align: inherit;\">Sour Dubb (H)<\/span><\/span><\/li>\n<li><span style=\"vertical-align: inherit;\"><span style=\"vertical-align: inherit;\">Stiiizy Pink Acai (H)<\/span><\/span><\/li>\n<li><span style=\"vertical-align: inherit;\"><span style=\"vertical-align: inherit;\">Lava Cake (H)<\/span><\/span><\/li>\n<li><span style=\"vertical-align: inherit;\"><span style=\"vertical-align: inherit;\">So Apple (H)<\/span><\/span><\/li>\n<li><span style=\"vertical-align: inherit;\"><span style=\"vertical-align: inherit;\">Gelato 44 (H)<\/span><\/span><\/li>\n<li><span style=\"vertical-align: inherit;\"><span style=\"vertical-align: inherit;\">Space Cake (H)<\/span><\/span><\/li>\n<li><span style=\"vertical-align: inherit;\"><span style=\"vertical-align: inherit;\">Truffle Sundae (M)<\/span><\/span><\/li>\n<li><span style=\"vertical-align: inherit;\"><span style=\"vertical-align: inherit;\">Purple Pie (H)<\/span><\/span><\/li>\n<li><span style=\"vertical-align: inherit;\"><span style=\"vertical-align: inherit;\">Strawnana (M)<\/span><\/span><\/li>\n<li><span style=\"vertical-align: inherit;\"><span style=\"vertical-align: inherit;\">Purple Haze (I)<\/span><\/span><\/li>\n<li><span style=\"vertical-align: inherit;\"><span style=\"vertical-align: inherit;\">Hardcore (I)<\/span><\/span><\/li>\n<li><span style=\"vertical-align: inherit;\"><span style=\"vertical-align: inherit;\">LA Kush Cake (I)<\/span><\/span><\/li>\n<li><span style=\"vertical-align: inherit;\"><span style=\"vertical-align: inherit;\">Stiiizy Rosay (I)<\/span><\/span><\/li>\n<\/ul>\n<div id=\"content\" class=\"src__Box-sc-1sbtrzs-0 page-contentstyled__MainWrapper-sc-69kl7y-0 MoxzF page-content \" role=\"main\">\n<div class=\"content-wrapper__ContentWrapper-sc-1d24fgn-0 dbCCIX\">\n<div class=\"src__Box-sc-1sbtrzs-0 styled-components__PDPDescriptionWrapper-sc-17b42lz-3 grIHDj\" data-testid=\"jackpot-brand-product-details\">\n<div class=\"src__Box-sc-1sbtrzs-0 styled-components__ContentWrapper-sc-17b42lz-0 clzLRj\">\n<div class=\"src__Box-sc-1sbtrzs-0 src__Flex-sc-1sbtrzs-1 gCzmgJ\">\n<div class=\"src__Box-sc-1sbtrzs-0 jyAUSv\">\n<div class=\"src__Box-sc-1sbtrzs-0 styled-components__ProductInformationWrapper-sc-17b42lz-5 ikbtmE\"><\/div>\n<h5 class=\"src__Box-sc-1sbtrzs-0 styled-components__ProductInformationWrapper-sc-17b42lz-5 ikbtmE\"><span id=\"_order_stiiizy_pods_online_stiiizy_pod_buy_stiiizy_pods_stiiizy_pods_for_sale_stiiizy_pods_near_me_stiiizy_pods_online_stiiizy_pods_online_buy_stiiizy_pods_price_where_can_i_buy_a_stiiizy_pen_where_can_i_buy_stiiizy_pods_where_can_i_buy_stiiizy_pods_online_where_can_i_buy_stiiizy_products_where_can_you_buy_stiiizy_batteries_where_to_buy_live_resin_stiiizy_pods_where_to_buy_cheap_stiiizy_pods_where_to_buy_stiiizy_where_to_buy_stiiizy_cartridges_where_to_buy_stiiizy_pen_where_to_buy_stiiizy_pens_where_to_buy_stiiizy_pods_where_to_buy_stiiizy_pods_online\" class=\"ez-toc-section\"><\/span><strong>commander des dosettes stiiizy en ligne, acheter des dosettes stiiizy, des dosettes stiiizy, des dosettes stiiizy \u00e0 vendre, des dosettes stiiizy pr\u00e8s de chez moi, des dosettes stiiizy en ligne, acheter des dosettes stiiizy en ligne, prix des dosettes stiiizy, o\u00f9 puis-je acheter un stylo stiiizy, o\u00f9 puis-je acheter des dosettes stiiizy, o\u00f9 puis-je acheter des dosettes stiiizy en ligne, o\u00f9 puis-je acheter des produits stiiizy, o\u00f9 acheter des piles stiiizy, o\u00f9 acheter des dosettes stiiizy en r\u00e9sine vivante, o\u00f9 acheter des dosettes stiiizy bon march\u00e9, o\u00f9 acheter stiiizy, o\u00f9 acheter des cartouches stiiizy, o\u00f9 acheter un stylo stiiizy, o\u00f9 acheter des stylos stiiizy, o\u00f9 acheter des dosettes stiiizy, o\u00f9 acheter des dosettes stiiizy en ligne<\/strong><\/h5>\n<\/div>\n<\/div>\n<\/div>\n<\/div>\n<\/div>\n<\/div>\n<\/div>\n","protected":false},"excerpt":{"rendered":"<p>Une fois qu&rsquo;une plante de cannabis a \u00e9t\u00e9 r\u00e9colt\u00e9e, la myriade de processus interm\u00e9diaires entre le moment o\u00f9 les cisailles touchent la tige et le moment o\u00f9 vous consommez le produit final a le potentiel d&rsquo;\u00e9liminer presque compl\u00e8tement ces saveurs et ar\u00f4mes pr\u00e9cieux. Pour ajouter de l&rsquo;huile sur le feu, de nombreuses techniques d&rsquo;extraction de cannabis purgent intentionnellement ces \u00e9l\u00e9ments, laissant le consommateur avec un concentr\u00e9 inodore compl\u00e8tement d\u00e9pourvu de \u00ab\u00a0l&rsquo;essence\u00a0\u00bb qu&rsquo;il transportait autrefois.<\/p>\n","protected":false},"featured_media":1662,"comment_status":"open","ping_status":"closed","template":"","meta":{"_monsterinsights_skip_tracking":false,"_monsterinsights_sitenote_active":false,"_monsterinsights_sitenote_note":"","_monsterinsights_sitenote_category":0},"product_brand":[],"product_cat":[4812],"product_tag":[6619],"class_list":{"0":"post-1658","1":"product","2":"type-product","3":"status-publish","4":"has-post-thumbnail","6":"product_cat-stiiizy-pods","7":"product_tag-acheter-stiiizy-live-resin-pods-en-ligne","9":"first","10":"instock","11":"shipping-taxable","12":"purchasable","13":"product-type-variable"},"yoast_head":"<!-- This site is optimized with the Yoast SEO plugin v27.3 - https:\/\/yoast.com\/product\/yoast-seo-wordpress\/ -->\n<title>ACHETER STIIIZY LIVE RESIN PODS - 510 Premium Carts<\/title>\n<meta name=\"description\" content=\"ACHETER STIIIZY LIVE RESIN PODS en ligne \u00e0 des fins r\u00e9cr\u00e9atives\u00a0? Nous sommes ici 24 heures sur 24, 7 jours sur 7, pr\u00eats \u00e0 vous servir avec les meilleurs articles et vous vous amuserez beaucoup. Nous avons le meilleur\" \/>\n<meta name=\"robots\" content=\"index, follow, max-snippet:-1, max-image-preview:large, max-video-preview:-1\" \/>\n<link rel=\"canonical\" href=\"https:\/\/510premiumcarts.com\/index.php\/product\/acheter-stiiizy-live-resin-pods-en-ligne\/\" \/>\n<meta property=\"og:locale\" content=\"fr_FR\" \/>\n<meta property=\"og:type\" content=\"article\" \/>\n<meta property=\"og:title\" content=\"ACHETER STIIIZY LIVE RESIN PODS - 510 Premium Carts\" \/>\n<meta property=\"og:description\" content=\"ACHETER STIIIZY LIVE RESIN PODS en ligne \u00e0 des fins r\u00e9cr\u00e9atives\u00a0? Nous sommes ici 24 heures sur 24, 7 jours sur 7, pr\u00eats \u00e0 vous servir avec les meilleurs articles et vous vous amuserez beaucoup. Nous avons le meilleur\" \/>\n<meta property=\"og:url\" content=\"https:\/\/510premiumcarts.com\/index.php\/product\/acheter-stiiizy-live-resin-pods-en-ligne\/\" \/>\n<meta property=\"og:site_name\" content=\"510 Premium Carts\" \/>\n<meta property=\"article:modified_time\" content=\"2023-04-18T01:44:51+00:00\" \/>\n<meta property=\"og:image\" content=\"http:\/\/510premiumcarts.com\/wp-content\/uploads\/2023\/03\/10410641_888446294499900_5485106489946991772_n-7.jpg\" \/>\n\t<meta property=\"og:image:width\" content=\"1080\" \/>\n\t<meta property=\"og:image:height\" content=\"1080\" \/>\n\t<meta property=\"og:image:type\" content=\"image\/jpeg\" \/>\n<meta name=\"twitter:card\" content=\"summary_large_image\" \/>\n<meta name=\"twitter:label1\" content=\"Dur\u00e9e de lecture estim\u00e9e\" \/>\n\t<meta name=\"twitter:data1\" content=\"3 minutes\" \/>\n<script type=\"application\/ld+json\" class=\"yoast-schema-graph\">{\"@context\":\"https:\\\/\\\/schema.org\",\"@graph\":[{\"@type\":\"WebPage\",\"@id\":\"https:\\\/\\\/510premiumcarts.com\\\/index.php\\\/product\\\/acheter-stiiizy-live-resin-pods-en-ligne\\\/\",\"url\":\"https:\\\/\\\/510premiumcarts.com\\\/index.php\\\/product\\\/acheter-stiiizy-live-resin-pods-en-ligne\\\/\",\"name\":\"ACHETER STIIIZY LIVE RESIN PODS - 510 Premium Carts\",\"isPartOf\":{\"@id\":\"https:\\\/\\\/510premiumcarts.com\\\/#website\"},\"primaryImageOfPage\":{\"@id\":\"https:\\\/\\\/510premiumcarts.com\\\/index.php\\\/product\\\/acheter-stiiizy-live-resin-pods-en-ligne\\\/#primaryimage\"},\"image\":{\"@id\":\"https:\\\/\\\/510premiumcarts.com\\\/index.php\\\/product\\\/acheter-stiiizy-live-resin-pods-en-ligne\\\/#primaryimage\"},\"thumbnailUrl\":\"https:\\\/\\\/510premiumcarts.com\\\/wp-content\\\/uploads\\\/2023\\\/03\\\/10410641_888446294499900_5485106489946991772_n-7.jpg\",\"datePublished\":\"2023-03-06T00:40:33+00:00\",\"dateModified\":\"2023-04-18T01:44:51+00:00\",\"description\":\"ACHETER STIIIZY LIVE RESIN PODS en ligne \u00e0 des fins r\u00e9cr\u00e9atives\u00a0? Nous sommes ici 24 heures sur 24, 7 jours sur 7, pr\u00eats \u00e0 vous servir avec les meilleurs articles et vous vous amuserez beaucoup. Nous avons le meilleur\",\"breadcrumb\":{\"@id\":\"https:\\\/\\\/510premiumcarts.com\\\/index.php\\\/product\\\/acheter-stiiizy-live-resin-pods-en-ligne\\\/#breadcrumb\"},\"inLanguage\":\"fr-FR\",\"potentialAction\":[{\"@type\":\"ReadAction\",\"target\":[\"https:\\\/\\\/510premiumcarts.com\\\/index.php\\\/product\\\/acheter-stiiizy-live-resin-pods-en-ligne\\\/\"]}]},{\"@type\":\"ImageObject\",\"inLanguage\":\"fr-FR\",\"@id\":\"https:\\\/\\\/510premiumcarts.com\\\/index.php\\\/product\\\/acheter-stiiizy-live-resin-pods-en-ligne\\\/#primaryimage\",\"url\":\"https:\\\/\\\/510premiumcarts.com\\\/wp-content\\\/uploads\\\/2023\\\/03\\\/10410641_888446294499900_5485106489946991772_n-7.jpg\",\"contentUrl\":\"https:\\\/\\\/510premiumcarts.com\\\/wp-content\\\/uploads\\\/2023\\\/03\\\/10410641_888446294499900_5485106489946991772_n-7.jpg\",\"width\":1080,\"height\":1080,\"caption\":\"BUY STIIIZY LIVE RESIN PODS ONLINE\"},{\"@type\":\"BreadcrumbList\",\"@id\":\"https:\\\/\\\/510premiumcarts.com\\\/index.php\\\/product\\\/acheter-stiiizy-live-resin-pods-en-ligne\\\/#breadcrumb\",\"itemListElement\":[{\"@type\":\"ListItem\",\"position\":1,\"name\":\"Home\",\"item\":\"https:\\\/\\\/510premiumcarts.com\\\/\"},{\"@type\":\"ListItem\",\"position\":2,\"name\":\"Marques de vapotage\",\"item\":\"https:\\\/\\\/510premiumcarts.com\\\/index.php\\\/acheter-du-cannabis\\\/\"},{\"@type\":\"ListItem\",\"position\":3,\"name\":\"STIIIZY LIVE RESIN PODS\"}]},{\"@type\":\"WebSite\",\"@id\":\"https:\\\/\\\/510premiumcarts.com\\\/#website\",\"url\":\"https:\\\/\\\/510premiumcarts.com\\\/\",\"name\":\"510 Premium Carts\",\"description\":\"Just another WordPress site\",\"potentialAction\":[{\"@type\":\"SearchAction\",\"target\":{\"@type\":\"EntryPoint\",\"urlTemplate\":\"https:\\\/\\\/510premiumcarts.com\\\/?s={search_term_string}\"},\"query-input\":{\"@type\":\"PropertyValueSpecification\",\"valueRequired\":true,\"valueName\":\"search_term_string\"}}],\"inLanguage\":\"fr-FR\"}]}<\/script>\n<!-- \/ Yoast SEO plugin. -->","yoast_head_json":{"title":"ACHETER STIIIZY LIVE RESIN PODS - 510 Premium Carts","description":"ACHETER STIIIZY LIVE RESIN PODS en ligne \u00e0 des fins r\u00e9cr\u00e9atives\u00a0? Nous sommes ici 24 heures sur 24, 7 jours sur 7, pr\u00eats \u00e0 vous servir avec les meilleurs articles et vous vous amuserez beaucoup. Nous avons le meilleur","robots":{"index":"index","follow":"follow","max-snippet":"max-snippet:-1","max-image-preview":"max-image-preview:large","max-video-preview":"max-video-preview:-1"},"canonical":"https:\/\/510premiumcarts.com\/index.php\/product\/acheter-stiiizy-live-resin-pods-en-ligne\/","og_locale":"fr_FR","og_type":"article","og_title":"ACHETER STIIIZY LIVE RESIN PODS - 510 Premium Carts","og_description":"ACHETER STIIIZY LIVE RESIN PODS en ligne \u00e0 des fins r\u00e9cr\u00e9atives\u00a0? Nous sommes ici 24 heures sur 24, 7 jours sur 7, pr\u00eats \u00e0 vous servir avec les meilleurs articles et vous vous amuserez beaucoup. Nous avons le meilleur","og_url":"https:\/\/510premiumcarts.com\/index.php\/product\/acheter-stiiizy-live-resin-pods-en-ligne\/","og_site_name":"510 Premium Carts","article_modified_time":"2023-04-18T01:44:51+00:00","og_image":[{"width":1080,"height":1080,"url":"http:\/\/510premiumcarts.com\/wp-content\/uploads\/2023\/03\/10410641_888446294499900_5485106489946991772_n-7.jpg","type":"image\/jpeg"}],"twitter_card":"summary_large_image","twitter_misc":{"Dur\u00e9e de lecture estim\u00e9e":"3 minutes"},"schema":{"@context":"https:\/\/schema.org","@graph":[{"@type":"WebPage","@id":"https:\/\/510premiumcarts.com\/index.php\/product\/acheter-stiiizy-live-resin-pods-en-ligne\/","url":"https:\/\/510premiumcarts.com\/index.php\/product\/acheter-stiiizy-live-resin-pods-en-ligne\/","name":"ACHETER STIIIZY LIVE RESIN PODS - 510 Premium Carts","isPartOf":{"@id":"https:\/\/510premiumcarts.com\/#website"},"primaryImageOfPage":{"@id":"https:\/\/510premiumcarts.com\/index.php\/product\/acheter-stiiizy-live-resin-pods-en-ligne\/#primaryimage"},"image":{"@id":"https:\/\/510premiumcarts.com\/index.php\/product\/acheter-stiiizy-live-resin-pods-en-ligne\/#primaryimage"},"thumbnailUrl":"https:\/\/510premiumcarts.com\/wp-content\/uploads\/2023\/03\/10410641_888446294499900_5485106489946991772_n-7.jpg","datePublished":"2023-03-06T00:40:33+00:00","dateModified":"2023-04-18T01:44:51+00:00","description":"ACHETER STIIIZY LIVE RESIN PODS en ligne \u00e0 des fins r\u00e9cr\u00e9atives\u00a0? Nous sommes ici 24 heures sur 24, 7 jours sur 7, pr\u00eats \u00e0 vous servir avec les meilleurs articles et vous vous amuserez beaucoup. Nous avons le meilleur","breadcrumb":{"@id":"https:\/\/510premiumcarts.com\/index.php\/product\/acheter-stiiizy-live-resin-pods-en-ligne\/#breadcrumb"},"inLanguage":"fr-FR","potentialAction":[{"@type":"ReadAction","target":["https:\/\/510premiumcarts.com\/index.php\/product\/acheter-stiiizy-live-resin-pods-en-ligne\/"]}]},{"@type":"ImageObject","inLanguage":"fr-FR","@id":"https:\/\/510premiumcarts.com\/index.php\/product\/acheter-stiiizy-live-resin-pods-en-ligne\/#primaryimage","url":"https:\/\/510premiumcarts.com\/wp-content\/uploads\/2023\/03\/10410641_888446294499900_5485106489946991772_n-7.jpg","contentUrl":"https:\/\/510premiumcarts.com\/wp-content\/uploads\/2023\/03\/10410641_888446294499900_5485106489946991772_n-7.jpg","width":1080,"height":1080,"caption":"BUY STIIIZY LIVE RESIN PODS ONLINE"},{"@type":"BreadcrumbList","@id":"https:\/\/510premiumcarts.com\/index.php\/product\/acheter-stiiizy-live-resin-pods-en-ligne\/#breadcrumb","itemListElement":[{"@type":"ListItem","position":1,"name":"Home","item":"https:\/\/510premiumcarts.com\/"},{"@type":"ListItem","position":2,"name":"Marques de vapotage","item":"https:\/\/510premiumcarts.com\/index.php\/acheter-du-cannabis\/"},{"@type":"ListItem","position":3,"name":"STIIIZY LIVE RESIN PODS"}]},{"@type":"WebSite","@id":"https:\/\/510premiumcarts.com\/#website","url":"https:\/\/510premiumcarts.com\/","name":"510 Premium Carts","description":"Just another WordPress site","potentialAction":[{"@type":"SearchAction","target":{"@type":"EntryPoint","urlTemplate":"https:\/\/510premiumcarts.com\/?s={search_term_string}"},"query-input":{"@type":"PropertyValueSpecification","valueRequired":true,"valueName":"search_term_string"}}],"inLanguage":"fr-FR"}]}},"jetpack_sharing_enabled":true,"_links":{"self":[{"href":"https:\/\/510premiumcarts.com\/index.php\/wp-json\/wp\/v2\/product\/1658","targetHints":{"allow":["GET"]}}],"collection":[{"href":"https:\/\/510premiumcarts.com\/index.php\/wp-json\/wp\/v2\/product"}],"about":[{"href":"https:\/\/510premiumcarts.com\/index.php\/wp-json\/wp\/v2\/types\/product"}],"replies":[{"embeddable":true,"href":"https:\/\/510premiumcarts.com\/index.php\/wp-json\/wp\/v2\/comments?post=1658"}],"wp:featuredmedia":[{"embeddable":true,"href":"https:\/\/510premiumcarts.com\/index.php\/wp-json\/wp\/v2\/media\/1662"}],"wp:attachment":[{"href":"https:\/\/510premiumcarts.com\/index.php\/wp-json\/wp\/v2\/media?parent=1658"}],"wp:term":[{"taxonomy":"product_brand","embeddable":true,"href":"https:\/\/510premiumcarts.com\/index.php\/wp-json\/wp\/v2\/product_brand?post=1658"},{"taxonomy":"product_cat","embeddable":true,"href":"https:\/\/510premiumcarts.com\/index.php\/wp-json\/wp\/v2\/product_cat?post=1658"},{"taxonomy":"product_tag","embeddable":true,"href":"https:\/\/510premiumcarts.com\/index.php\/wp-json\/wp\/v2\/product_tag?post=1658"}],"curies":[{"name":"wp","href":"https:\/\/api.w.org\/{rel}","templated":true}]}}