{"id":1705,"date":"2023-03-06T12:38:27","date_gmt":"2023-03-06T12:38:27","guid":{"rendered":"https:\/\/510premiumcarts.com\/?post_type=product&#038;p=1705"},"modified":"2023-04-17T04:05:56","modified_gmt":"2023-04-17T04:05:56","slug":"acheter-girl-scout-cookies-shatter-wax-en-ligne","status":"publish","type":"product","link":"https:\/\/510premiumcarts.com\/index.php\/product\/acheter-girl-scout-cookies-shatter-wax-en-ligne\/","title":{"rendered":"Shatter Wax &#8211; Girls Scout Cookies"},"content":{"rendered":"<h1 class=\"price\"><a href=\"https:\/\/510premiumcarts.com\/index.php\/product-category\/extracts\/\"><span style=\"color: #ffcc00;\"><strong><span style=\"vertical-align: inherit;\"><span style=\"vertical-align: inherit;\">ACHETER GIRL SCOUT COOKIES SHATTER Wax EN LIGNE<\/span><\/span><\/strong><\/span><\/a><\/h1>\n<p class=\"price\">Acheter Girl Scout <a href=\"https:\/\/ogdispensary.org\/product\/buy-og-kush-shatter-online\/\">Cookies<\/a> Shatter en ligne<\/p>\n<p><strong>Quantit\u00e9<\/strong>: 1\/2 | 1 gramme<\/p>\n<p><strong>Parents:<\/strong> Durban Poison, Cherry Kush, <a href=\"https:\/\/ogdispensary.org\/product\/girls-scout-cookies-shatter\/\">OG<\/a> Kush<\/p>\n<p><strong>Similaire \u00e0<\/strong>: Critical Jack, Ghost OG, Chemdawg<\/p>\n<div class=\"woocommerce-product-details__short-description\">\n<div class=\"woocommerce-product-details__short-description\">\n<p><strong>Saveurs<\/strong>:\u00a0 Sucr\u00e9, Piquant, Terreux<\/p>\n<p><strong>Effets<\/strong>: \u00c9lev\u00e9, Euphorique, Cr\u00e9atif, Relaxant, Heureux<\/p>\n<p><strong>M\u00e9dical:<\/strong> Douleurs, Naus\u00e9es, Manque d&rsquo;app\u00e9tit, Stress, D\u00e9pression<\/p>\n<p><strong>Puissance:<\/strong> 70-90 % de teneur en THC.<\/p>\n<p>Ceci est fait en utilisant la tristement c\u00e9l\u00e8bre souche de cannabis Girl Scout Cookies. Cette vari\u00e9t\u00e9 hybride procure une teneur \u00e9lev\u00e9e en THC et un soulagement intense de la douleur, de la perte d&rsquo;app\u00e9tit et des naus\u00e9es.<\/p>\n<h2 class=\"price\"><strong><span style=\"vertical-align: inherit;\"><span style=\"vertical-align: inherit;\">GIRL SCOUT COOKIES SHATTER \u00c0 VENDRE<\/span><\/span><\/strong><\/h2>\n<p>Le toujours aim\u00e9 \u00a0acheter Girl Scout Cookies Shatter en ligne\u00a0(GSC) donne un coup de poing dans l&rsquo;esprit et le corps. Originaire de la c\u00f4te ouest, GSC est un m\u00e9lange de sativa \u00a0Durban Poison\u00a0et\u00a0OG Kush. Bien qu&rsquo;il s&rsquo;agisse d&rsquo;un hybride \u00e0 dominante indica, il a une sensation tr\u00e8s bien \u00e9quilibr\u00e9e.<\/p>\n<p>En consommant\u00a0Ce\u00a0Shatter\u00a0, vous remarquerez une mont\u00e9e <a href=\"http:\/\/leafly.com\/\">imm\u00e9diate<\/a> suivie d&rsquo;une sensation de bonheur haut de gamme. Souvent, les hommes enregistrent un int\u00e9r\u00eat accru pour la socialisation et la communication avec les autres autour d&rsquo;eux. Le sentiment de \u00ab\u00a0durer toute une vie\u00a0\u00bb est r\u00e9pandu avec cette vari\u00e9t\u00e9, ce qui fait que 20 minutes semblent \u00eatre des heures.<\/p>\n<p><span style=\"vertical-align: inherit;\"><span style=\"vertical-align: inherit;\">GSC privil\u00e9gie les connaisseurs en jouant avec la palette alimentaire formidablement bien. Remodeler le go\u00fbt des aliments et permettre une exp\u00e9rience plus dynamique en mangeant. Un extrait d&rsquo;huile d&rsquo;olive sera un compl\u00e9ment parfait \u00e0 votre arsenal de cuisine.<\/span><\/span><\/p>\n<h3 class=\"price\"><strong><span style=\"vertical-align: inherit;\"><span style=\"vertical-align: inherit;\">GIRL SCOUT COOKIES SHATTER\u00a0<\/span><\/span><\/strong><\/h3>\n<p>Gr\u00e2ce \u00e0 la polyvalence de la souche Girl Scout Cookies, nous en obtenons une pl\u00e9thore d&rsquo;avantages m\u00e9dicinaux. Il est particuli\u00e8rement efficace pour les patients souffrant de douleur chronique. Les effets adoucissants sont parfaits pour toute personne souffrant de d\u00e9pression, de stress ou d&rsquo;anxi\u00e9t\u00e9 et qui a besoin de se d\u00e9loger d&rsquo;un certain \u00e9tat mental. \u00e9clater \u00e0 vendre.<\/p>\n<p>Avec This \u00a0Shatter \u00a0\u00e9tant une vari\u00e9t\u00e9 si compl\u00e8te, il n&rsquo;est pas \u00e9tonnant que \u00a0l&rsquo;herbe GSC\u00a0soit mondialement connue.<\/p>\n<p><strong>Saveurs:<\/strong> \u00a0 Sucr\u00e9, terreux, piquant<\/p>\n<p><strong>Effets<\/strong>:\u00a0 D\u00e9tendu, Cr\u00e9atif, Euphorique, Heureux, \u00c9lev\u00e9<\/p>\n<p><strong>Usages m\u00e9dicaux<\/strong>: douleur, insomnie, stress, manque d&rsquo;app\u00e9tit, d\u00e9pression<\/p>\n<\/div>\n<\/div>\n","protected":false},"excerpt":{"rendered":"<p><strong>Parents<\/strong>: Durban Poison, Cherry Kush, OG Kush<\/p>\n<p><strong>Similaire \u00e0<\/strong>: Critical Jack, Ghost OG, Chemdawg<\/p>\n<p><strong>Saveurs<\/strong>: Sucr\u00e9, Piquant, Terreux<\/p>\n<p><strong>Effets<\/strong>: \u00c9lev\u00e9, Euphorique, Cr\u00e9atif, Relaxant, Heureux<\/p>\n<p><strong>M\u00e9dical<\/strong>: Douleurs, Naus\u00e9es, Manque d&rsquo;app\u00e9tit, Stress, D\u00e9pression<\/p>\n<p><strong>Puissance<\/strong>: 70-90 % de teneur en THC.<\/p>\n","protected":false},"featured_media":1708,"comment_status":"open","ping_status":"closed","template":"","meta":{"_monsterinsights_skip_tracking":false,"_monsterinsights_sitenote_active":false,"_monsterinsights_sitenote_note":"","_monsterinsights_sitenote_category":0},"product_brand":[],"product_cat":[4882],"product_tag":[],"class_list":{"0":"post-1705","1":"product","2":"type-product","3":"status-publish","4":"has-post-thumbnail","6":"product_cat-wax-extraits-de-cannabis","8":"first","9":"instock","10":"shipping-taxable","11":"purchasable","12":"product-type-variable"},"yoast_head":"<!-- This site is optimized with the Yoast SEO plugin v27.3 - https:\/\/yoast.com\/product\/yoast-seo-wordpress\/ -->\n<title>ACHETER GIRL SCOUT COOKIES SHATTER Wax EN LIGNE - 510 Premium Carts<\/title>\n<meta name=\"description\" content=\"ACHETER GIRL SCOUT COOKIES SHATTER Wax EN LIGNE Ceci est fait \u00e0 partir de la tristement c\u00e9l\u00e8bre souche de cannabis Girl Scout Cookies. Cette souche hybride fournit un THC \u00e9lev\u00e9\" \/>\n<meta name=\"robots\" content=\"index, follow, max-snippet:-1, max-image-preview:large, max-video-preview:-1\" \/>\n<link rel=\"canonical\" href=\"https:\/\/510premiumcarts.com\/index.php\/product\/acheter-girl-scout-cookies-shatter-wax-en-ligne\/\" \/>\n<meta property=\"og:locale\" content=\"fr_FR\" \/>\n<meta property=\"og:type\" content=\"article\" \/>\n<meta property=\"og:title\" content=\"ACHETER GIRL SCOUT COOKIES SHATTER Wax EN LIGNE - 510 Premium Carts\" \/>\n<meta property=\"og:description\" content=\"ACHETER GIRL SCOUT COOKIES SHATTER Wax EN LIGNE Ceci est fait \u00e0 partir de la tristement c\u00e9l\u00e8bre souche de cannabis Girl Scout Cookies. Cette souche hybride fournit un THC \u00e9lev\u00e9\" \/>\n<meta property=\"og:url\" content=\"https:\/\/510premiumcarts.com\/index.php\/product\/acheter-girl-scout-cookies-shatter-wax-en-ligne\/\" \/>\n<meta property=\"og:site_name\" content=\"510 Premium Carts\" \/>\n<meta property=\"article:modified_time\" content=\"2023-04-17T04:05:56+00:00\" \/>\n<meta property=\"og:image\" content=\"http:\/\/510premiumcarts.com\/wp-content\/uploads\/2023\/03\/budder-1.jpg\" \/>\n\t<meta property=\"og:image:width\" content=\"2048\" \/>\n\t<meta property=\"og:image:height\" content=\"1365\" \/>\n\t<meta property=\"og:image:type\" content=\"image\/jpeg\" \/>\n<meta name=\"twitter:card\" content=\"summary_large_image\" \/>\n<meta name=\"twitter:label1\" content=\"Dur\u00e9e de lecture estim\u00e9e\" \/>\n\t<meta name=\"twitter:data1\" content=\"2 minutes\" \/>\n<script type=\"application\/ld+json\" class=\"yoast-schema-graph\">{\"@context\":\"https:\\\/\\\/schema.org\",\"@graph\":[{\"@type\":\"WebPage\",\"@id\":\"https:\\\/\\\/510premiumcarts.com\\\/index.php\\\/product\\\/acheter-girl-scout-cookies-shatter-wax-en-ligne\\\/\",\"url\":\"https:\\\/\\\/510premiumcarts.com\\\/index.php\\\/product\\\/acheter-girl-scout-cookies-shatter-wax-en-ligne\\\/\",\"name\":\"ACHETER GIRL SCOUT COOKIES SHATTER Wax EN LIGNE - 510 Premium Carts\",\"isPartOf\":{\"@id\":\"https:\\\/\\\/510premiumcarts.com\\\/#website\"},\"primaryImageOfPage\":{\"@id\":\"https:\\\/\\\/510premiumcarts.com\\\/index.php\\\/product\\\/acheter-girl-scout-cookies-shatter-wax-en-ligne\\\/#primaryimage\"},\"image\":{\"@id\":\"https:\\\/\\\/510premiumcarts.com\\\/index.php\\\/product\\\/acheter-girl-scout-cookies-shatter-wax-en-ligne\\\/#primaryimage\"},\"thumbnailUrl\":\"https:\\\/\\\/510premiumcarts.com\\\/wp-content\\\/uploads\\\/2023\\\/03\\\/budder-1.jpg\",\"datePublished\":\"2023-03-06T12:38:27+00:00\",\"dateModified\":\"2023-04-17T04:05:56+00:00\",\"description\":\"ACHETER GIRL SCOUT COOKIES SHATTER Wax EN LIGNE Ceci est fait \u00e0 partir de la tristement c\u00e9l\u00e8bre souche de cannabis Girl Scout Cookies. Cette souche hybride fournit un THC \u00e9lev\u00e9\",\"breadcrumb\":{\"@id\":\"https:\\\/\\\/510premiumcarts.com\\\/index.php\\\/product\\\/acheter-girl-scout-cookies-shatter-wax-en-ligne\\\/#breadcrumb\"},\"inLanguage\":\"fr-FR\",\"potentialAction\":[{\"@type\":\"ReadAction\",\"target\":[\"https:\\\/\\\/510premiumcarts.com\\\/index.php\\\/product\\\/acheter-girl-scout-cookies-shatter-wax-en-ligne\\\/\"]}]},{\"@type\":\"ImageObject\",\"inLanguage\":\"fr-FR\",\"@id\":\"https:\\\/\\\/510premiumcarts.com\\\/index.php\\\/product\\\/acheter-girl-scout-cookies-shatter-wax-en-ligne\\\/#primaryimage\",\"url\":\"https:\\\/\\\/510premiumcarts.com\\\/wp-content\\\/uploads\\\/2023\\\/03\\\/budder-1.jpg\",\"contentUrl\":\"https:\\\/\\\/510premiumcarts.com\\\/wp-content\\\/uploads\\\/2023\\\/03\\\/budder-1.jpg\",\"width\":2048,\"height\":1365,\"caption\":\"BUY GIRL SCOUT COOKIES SHATTER Wax ONLINE\"},{\"@type\":\"BreadcrumbList\",\"@id\":\"https:\\\/\\\/510premiumcarts.com\\\/index.php\\\/product\\\/acheter-girl-scout-cookies-shatter-wax-en-ligne\\\/#breadcrumb\",\"itemListElement\":[{\"@type\":\"ListItem\",\"position\":1,\"name\":\"Home\",\"item\":\"https:\\\/\\\/510premiumcarts.com\\\/\"},{\"@type\":\"ListItem\",\"position\":2,\"name\":\"Marques de vapotage\",\"item\":\"https:\\\/\\\/510premiumcarts.com\\\/index.php\\\/acheter-du-cannabis\\\/\"},{\"@type\":\"ListItem\",\"position\":3,\"name\":\"Shatter Wax &#8211; Girls Scout Cookies\"}]},{\"@type\":\"WebSite\",\"@id\":\"https:\\\/\\\/510premiumcarts.com\\\/#website\",\"url\":\"https:\\\/\\\/510premiumcarts.com\\\/\",\"name\":\"510 Premium Carts\",\"description\":\"Just another WordPress site\",\"potentialAction\":[{\"@type\":\"SearchAction\",\"target\":{\"@type\":\"EntryPoint\",\"urlTemplate\":\"https:\\\/\\\/510premiumcarts.com\\\/?s={search_term_string}\"},\"query-input\":{\"@type\":\"PropertyValueSpecification\",\"valueRequired\":true,\"valueName\":\"search_term_string\"}}],\"inLanguage\":\"fr-FR\"}]}<\/script>\n<!-- \/ Yoast SEO plugin. -->","yoast_head_json":{"title":"ACHETER GIRL SCOUT COOKIES SHATTER Wax EN LIGNE - 510 Premium Carts","description":"ACHETER GIRL SCOUT COOKIES SHATTER Wax EN LIGNE Ceci est fait \u00e0 partir de la tristement c\u00e9l\u00e8bre souche de cannabis Girl Scout Cookies. Cette souche hybride fournit un THC \u00e9lev\u00e9","robots":{"index":"index","follow":"follow","max-snippet":"max-snippet:-1","max-image-preview":"max-image-preview:large","max-video-preview":"max-video-preview:-1"},"canonical":"https:\/\/510premiumcarts.com\/index.php\/product\/acheter-girl-scout-cookies-shatter-wax-en-ligne\/","og_locale":"fr_FR","og_type":"article","og_title":"ACHETER GIRL SCOUT COOKIES SHATTER Wax EN LIGNE - 510 Premium Carts","og_description":"ACHETER GIRL SCOUT COOKIES SHATTER Wax EN LIGNE Ceci est fait \u00e0 partir de la tristement c\u00e9l\u00e8bre souche de cannabis Girl Scout Cookies. Cette souche hybride fournit un THC \u00e9lev\u00e9","og_url":"https:\/\/510premiumcarts.com\/index.php\/product\/acheter-girl-scout-cookies-shatter-wax-en-ligne\/","og_site_name":"510 Premium Carts","article_modified_time":"2023-04-17T04:05:56+00:00","og_image":[{"width":2048,"height":1365,"url":"http:\/\/510premiumcarts.com\/wp-content\/uploads\/2023\/03\/budder-1.jpg","type":"image\/jpeg"}],"twitter_card":"summary_large_image","twitter_misc":{"Dur\u00e9e de lecture estim\u00e9e":"2 minutes"},"schema":{"@context":"https:\/\/schema.org","@graph":[{"@type":"WebPage","@id":"https:\/\/510premiumcarts.com\/index.php\/product\/acheter-girl-scout-cookies-shatter-wax-en-ligne\/","url":"https:\/\/510premiumcarts.com\/index.php\/product\/acheter-girl-scout-cookies-shatter-wax-en-ligne\/","name":"ACHETER GIRL SCOUT COOKIES SHATTER Wax EN LIGNE - 510 Premium Carts","isPartOf":{"@id":"https:\/\/510premiumcarts.com\/#website"},"primaryImageOfPage":{"@id":"https:\/\/510premiumcarts.com\/index.php\/product\/acheter-girl-scout-cookies-shatter-wax-en-ligne\/#primaryimage"},"image":{"@id":"https:\/\/510premiumcarts.com\/index.php\/product\/acheter-girl-scout-cookies-shatter-wax-en-ligne\/#primaryimage"},"thumbnailUrl":"https:\/\/510premiumcarts.com\/wp-content\/uploads\/2023\/03\/budder-1.jpg","datePublished":"2023-03-06T12:38:27+00:00","dateModified":"2023-04-17T04:05:56+00:00","description":"ACHETER GIRL SCOUT COOKIES SHATTER Wax EN LIGNE Ceci est fait \u00e0 partir de la tristement c\u00e9l\u00e8bre souche de cannabis Girl Scout Cookies. Cette souche hybride fournit un THC \u00e9lev\u00e9","breadcrumb":{"@id":"https:\/\/510premiumcarts.com\/index.php\/product\/acheter-girl-scout-cookies-shatter-wax-en-ligne\/#breadcrumb"},"inLanguage":"fr-FR","potentialAction":[{"@type":"ReadAction","target":["https:\/\/510premiumcarts.com\/index.php\/product\/acheter-girl-scout-cookies-shatter-wax-en-ligne\/"]}]},{"@type":"ImageObject","inLanguage":"fr-FR","@id":"https:\/\/510premiumcarts.com\/index.php\/product\/acheter-girl-scout-cookies-shatter-wax-en-ligne\/#primaryimage","url":"https:\/\/510premiumcarts.com\/wp-content\/uploads\/2023\/03\/budder-1.jpg","contentUrl":"https:\/\/510premiumcarts.com\/wp-content\/uploads\/2023\/03\/budder-1.jpg","width":2048,"height":1365,"caption":"BUY GIRL SCOUT COOKIES SHATTER Wax ONLINE"},{"@type":"BreadcrumbList","@id":"https:\/\/510premiumcarts.com\/index.php\/product\/acheter-girl-scout-cookies-shatter-wax-en-ligne\/#breadcrumb","itemListElement":[{"@type":"ListItem","position":1,"name":"Home","item":"https:\/\/510premiumcarts.com\/"},{"@type":"ListItem","position":2,"name":"Marques de vapotage","item":"https:\/\/510premiumcarts.com\/index.php\/acheter-du-cannabis\/"},{"@type":"ListItem","position":3,"name":"Shatter Wax &#8211; Girls Scout Cookies"}]},{"@type":"WebSite","@id":"https:\/\/510premiumcarts.com\/#website","url":"https:\/\/510premiumcarts.com\/","name":"510 Premium Carts","description":"Just another WordPress site","potentialAction":[{"@type":"SearchAction","target":{"@type":"EntryPoint","urlTemplate":"https:\/\/510premiumcarts.com\/?s={search_term_string}"},"query-input":{"@type":"PropertyValueSpecification","valueRequired":true,"valueName":"search_term_string"}}],"inLanguage":"fr-FR"}]}},"jetpack_sharing_enabled":true,"_links":{"self":[{"href":"https:\/\/510premiumcarts.com\/index.php\/wp-json\/wp\/v2\/product\/1705","targetHints":{"allow":["GET"]}}],"collection":[{"href":"https:\/\/510premiumcarts.com\/index.php\/wp-json\/wp\/v2\/product"}],"about":[{"href":"https:\/\/510premiumcarts.com\/index.php\/wp-json\/wp\/v2\/types\/product"}],"replies":[{"embeddable":true,"href":"https:\/\/510premiumcarts.com\/index.php\/wp-json\/wp\/v2\/comments?post=1705"}],"wp:featuredmedia":[{"embeddable":true,"href":"https:\/\/510premiumcarts.com\/index.php\/wp-json\/wp\/v2\/media\/1708"}],"wp:attachment":[{"href":"https:\/\/510premiumcarts.com\/index.php\/wp-json\/wp\/v2\/media?parent=1705"}],"wp:term":[{"taxonomy":"product_brand","embeddable":true,"href":"https:\/\/510premiumcarts.com\/index.php\/wp-json\/wp\/v2\/product_brand?post=1705"},{"taxonomy":"product_cat","embeddable":true,"href":"https:\/\/510premiumcarts.com\/index.php\/wp-json\/wp\/v2\/product_cat?post=1705"},{"taxonomy":"product_tag","embeddable":true,"href":"https:\/\/510premiumcarts.com\/index.php\/wp-json\/wp\/v2\/product_tag?post=1705"}],"curies":[{"name":"wp","href":"https:\/\/api.w.org\/{rel}","templated":true}]}}