{"id":1751,"date":"2023-03-07T11:54:10","date_gmt":"2023-03-07T11:54:10","guid":{"rendered":"https:\/\/510premiumcarts.com\/?post_type=product&#038;p=1751"},"modified":"2023-04-13T12:22:32","modified_gmt":"2023-04-13T12:22:32","slug":"acheter-moroccan-hash","status":"publish","type":"product","link":"https:\/\/510premiumcarts.com\/index.php\/product\/acheter-moroccan-hash\/","title":{"rendered":"Moroccan Hash"},"content":{"rendered":"<h1><span style=\"color: #ffcc00;\"><a style=\"color: #ffcc00;\" href=\"https:\/\/510premiumcarts.com\/\"><strong>BUY MOROCCAN HASH ONLINE<\/strong><\/a><\/span><\/h1>\n<p><a href=\"https:\/\/ogdispensary.org\/product\/buy-moroccan-slate-hash\/\">acheter du hasch marocain en ligne<\/a><\/p>\n<p>Le vrai marocain est la fiert\u00e9 et la joie de tout connaisseur s\u00e9rieux. <a href=\"https:\/\/420weedpost.com\/product\/buy-ice-hash\/\">Cheeba&rsquo;s<\/a> est fier de proposer du Hash tout droit venu du Maroc ! Ce truc est difficile \u00e0 trouver et vaut bien le prix quand vous le <a href=\"https:\/\/420weedpost.com\/product\/strawberry-banana-strain\/\">faites<\/a>.<\/p>\n<p>Il n&rsquo;y a pas de p\u00e9nurie de <a href=\"https:\/\/420weedpost.com\/product\/buy-moroccan-primero-hash\/\">s\u00e9lection<\/a> en ligne pour\u00a0les t\u00eates de <a href=\"https:\/\/420weedpost.com\/product-category\/weed-cans\/west-coast-cure-cans\/\">hachage<\/a>, mais la vraie substance\u00a0est ind\u00e9niablement\u00a0meilleure qu&rsquo;un hachage ou un extrait ou un concentr\u00e9 fabriqu\u00e9 au Canada. Le shatter est <a href=\"https:\/\/420weedpost.com\/product\/buy-honey-moroccan-blonde-hash\/\">excellent<\/a> et, \u00e0 bien des \u00e9gards, plus fort que cela, mais le <a href=\"https:\/\/420weedpost.com\/product\/hash-plant-strain\/\">corps<\/a> \u00e9lev\u00e9 que ce <a href=\"https:\/\/420weedpost.com\/\">hachage<\/a> donne est sans \u00e9gal. hachis marocain \u00e0 vendre.<\/p>\n<p><strong>MAROCAIN A VENDRE Odeur\/go\u00fbt:<\/strong> l\u00e9g\u00e8rement aromatique, pas vraiment \u00e9pic\u00e9. Go\u00fbt doux, pas agressif pour la gorge<\/p>\n<p><strong>Effets<\/strong>: high actif, esprit clair et c\u00e9r\u00e9bral.<\/p>\n<p>M\u00eame si vous ne fumez pas normalement de hasch, vous devriez l&rsquo;acheter maintenant. Tous les clients et le personnel qui l&rsquo;ont test\u00e9 peuvent garantir sa qualit\u00e9.<\/p>\n<p>New York fait de la pizza, Vancouver fait des sushis,\u00a0le Maroc\u00a0fait du hasch.<\/p>\n<p>Bubble Melt Hasch,\u00a0acheter du cannabis en ligne aux \u00c9tats-Unis,\u00a0acheter du hasch en <a href=\"https:\/\/420weedpost.com\/product\/strawberry-banana-strain\/\">ligne<\/a>,\u00a0acheter du hasch en ligne en Australie,\u00a0acheter du hasch en ligne au Royaume-Uni,\u00a0acheter du hasch en ligne aux \u00c9tats-Unis,\u00a0acheter du hasch en ligne avec une exp\u00e9dition dans le monde entier,\u00a0acheter de l&rsquo;huile de hash\u00a0THC,\u00a0acheter du hasch marocain en ligne,\u00a0acheter du hasch marocain en ligne aux \u00c9tats-Unis ,\u00a0Concentr\u00e9s de cannabis,<\/p>\n<h2><strong>MAROCAIN A <a href=\"http:\/\/allbud.com\/\">VENDRE<\/a><\/strong><\/h2>\n<p><strong>Culture<\/strong>: le cannabis est cultiv\u00e9 dans les r\u00e9gions du Nord, en particulier dans la province de Ketama. En 1992, le Maroc cultivait au moins 30&rsquo;000 acres de Cannabis. commander du hasch marocain en ligne. commander du hachis marocain en ligne Verd\u00e2tre \u00e0 brun. En raison de la saison de croissance relativement courte, les plantes conservent une couleur assez verte \u00e0 la r\u00e9colte. Odeur : L\u00e9g\u00e8rement aromatique, pas \u00e9pic\u00e9e. Personnellement, le go\u00fbt du Maroc est l&rsquo;un de mes pr\u00e9f\u00e9r\u00e9s, il est tr\u00e8s doux en gorge (surtout dans les bonnes vari\u00e9t\u00e9s comme Pollen ou Zero-Zero) et rappelle Weed.<\/p>\n<p>hachage, hachage \u00e0 vendre, haschich, dispensaire en ligne l\u00e9gitime dans le monde entier, hachage de marijuana \u00e0 vendre, hachisch marocain, exp\u00e9dition de dispensaire en ligne dans le monde entier, hachage de qualit\u00e9, qualit\u00e9 Marijuana Hash en ligne, portail thc de qualit\u00e9, hachage d&rsquo;ardoise, huile de THC sh \u00e0 vendre<\/p>\n<p><strong>Consistance<\/strong>: Assez variable, mais g\u00e9n\u00e9ralement assez dure. Habituellement, le hachis marocain est vendu en tranches de 0,5 \u00e0 1,5 cm d&rsquo;\u00e9paisseur. Le pollen est moins press\u00e9 que le Maroc normal, ZeroZero est tr\u00e8s doux, presque comme Afghani. Effet : Compar\u00e9 \u00e0 d&rsquo;autres types de Hash, il produit un high plut\u00f4t c\u00e9r\u00e9bral et actif. Hash d&rsquo;ardoise marocaine. Puissance : L\u00e9g\u00e8re \u00e0 moyenne, rarement puissante. M\u00eame le tr\u00e8s bon Maroc ne peut pas \u00eatre qualifi\u00e9 de particuli\u00e8rement fort.<\/p>\n<h3><strong>HASH MAROCAIN<\/strong><\/h3>\n<p>(0,9 % \u00e0 10 % de THC) Disponibilit\u00e9 : Le marocain est le type de hasch le plus courant sur le march\u00e9 europ\u00e9en, ce n&rsquo;est que r\u00e9cemment qu&rsquo;il est devenu possible pour le consommateur moyen de trouver d&rsquo;autres types de hasch dans la rue.<\/p>\n<p>Malheureusement, ces noms ne sont pas tr\u00e8s utiles, les concessionnaires vendent tout ce qui est l\u00e9g\u00e8rement meilleur que Standard sous une vari\u00e9t\u00e9 de noms. Le vrai pollen est de couleur brun clair, vendu en plaques \u00e9paisses et l\u00e9g\u00e8rement compress\u00e9es. Lorsqu&rsquo;il est chauff\u00e9, il se dilate beaucoup plus que les autres marocains. Je dois ajouter que botaniquement parlant, la d\u00e9finition de Pollen est compl\u00e8tement fausse. Divers : M\u00eame si les locaux vous proposent du hasch \u00e0 tr\u00e8s, tr\u00e8s bon prix, soyez tr\u00e8s prudent. Ne leur dites pas o\u00f9 vous s\u00e9journez, ne laissez pas le personnel de l&rsquo;h\u00f4tel vous attraper avec un spliff. La parano\u00efa est un outil utile quand elle vous \u00e9vite une peine de cinq ans de prison !!<\/p>\n","protected":false},"excerpt":{"rendered":"<p>Le Real Moroccan Hash est la fiert\u00e9 et la joie de tout connaisseur s\u00e9rieux. Cheeba&rsquo;s est fier de proposer du Hash directement du\u00a0Maroc\u00a0! Ce truc est difficile \u00e0 trouver et vaut bien le prix quand vous le faites.<\/p>\n","protected":false},"featured_media":1756,"comment_status":"open","ping_status":"closed","template":"","meta":{"_monsterinsights_skip_tracking":false,"_monsterinsights_sitenote_active":false,"_monsterinsights_sitenote_note":"","_monsterinsights_sitenote_category":0},"product_brand":[],"product_cat":[4882],"product_tag":[4945,4938,4910,4978,4909,4920,4906,4985,4970,4954,4916,4913,4929,4892,4972,4980,4901,4976,4930,1993,4946,4921,4950,4927,4899,4967,4975,4896,4924,4971,4956,4900,4894,4918,4973,4919,4944,4936,4948,4964,4891,4951,4912,4958,4953,4904,4977,4984,4893,4931,4941,4963,4925,4959,4908,4915,4955,4943,4917,4895,4962,4911,4935,4965,4983,4981,4903,4902,4968,4926,4898,4960,4933,4923,4914,4966,4907,4937,4974,4932,4940,4969,4939,4905,4928,4949,4922,4952,4986,4942,4979,4934,4897,4957,4947,4961,4982],"class_list":{"0":"post-1751","1":"product","2":"type-product","3":"status-publish","4":"has-post-thumbnail","6":"product_cat-wax-extraits-de-cannabis","7":"product_tag-6700xt-hash-rate","8":"product_tag-air-fryer-hash-brown-patties","9":"product_tag-air-fryer-hash-browns","10":"product_tag-beef-hash","11":"product_tag-breakfast-casserole-with-hash-browns","12":"product_tag-breakfast-hash","13":"product_tag-bubble-hash","14":"product_tag-c-hash-table","15":"product_tag-canned-corned-beef-hash","16":"product_tag-cauliflower-hash-browns","17":"product_tag-cheesy-hash-browns","18":"product_tag-corn-beef-hash","19":"product_tag-cornbeef-hash","20":"product_tag-corned-beef-hash","21":"product_tag-corned-beef-hash-and-eggs","22":"product_tag-corned-beef-hash-near-me","23":"product_tag-corned-beef-hash-recipe","24":"product_tag-egg-bake-with-hash-browns","25":"product_tag-frozen-hash-browns","26":"product_tag-hash","27":"product_tag-hash-food","28":"product_tag-hash-auctions","29":"product_tag-hash-bash","30":"product_tag-hash-bash-2022","31":"product_tag-hash-brown","32":"product_tag-hash-brown-breakfast-casserole","33":"product_tag-hash-brown-calories","34":"product_tag-hash-brown-casserole","35":"product_tag-hash-brown-casserole-recipe","36":"product_tag-hash-brown-egg-casserole","37":"product_tag-hash-brown-patties","38":"product_tag-hash-brown-recipe","39":"product_tag-hash-browns","40":"product_tag-hash-browns-in-air-fryer","41":"product_tag-hash-browns-near-me","42":"product_tag-hash-browns-recipe","43":"product_tag-hash-drug","44":"product_tag-hash-drugs","45":"product_tag-hash-function","46":"product_tag-hash-house","47":"product_tag-hash-house-a-go-go","48":"product_tag-hash-house-a-go-go-at-the-linq","49":"product_tag-hash-house-a-go-go-las-vegas","50":"product_tag-hash-house-a-go-go-menu","51":"product_tag-hash-house-a-go-go-orlando","52":"product_tag-hash-house-a-go-go-vegas","53":"product_tag-hash-house-harriers","54":"product_tag-hash-house-las-vegas","55":"product_tag-hash-kitchen","56":"product_tag-hash-kitchen-chandler","57":"product_tag-hash-kitchen-menu","58":"product_tag-hash-kitchen-peoria","59":"product_tag-hash-kitchen-scottsdale","60":"product_tag-hash-map","61":"product_tag-hash-oil","62":"product_tag-hash-pipe","63":"product_tag-hash-pipe-lyrics","64":"product_tag-hash-recipe","65":"product_tag-hash-rosin","66":"product_tag-hash-slinging-slasher","67":"product_tag-hash-slinging-slasher-episode","68":"product_tag-hash-table","69":"product_tag-hash-weed","70":"product_tag-heavenly-hash","71":"product_tag-heavenly-hash-ice-cream","72":"product_tag-homemade-corned-beef-hash","73":"product_tag-homemade-hash-browns","74":"product_tag-house-of-hash","75":"product_tag-how-to-make-corned-beef-hash","76":"product_tag-how-to-make-hash","77":"product_tag-how-to-make-hash-browns","78":"product_tag-how-to-smoke-hash","79":"product_tag-mcdonalds-hash-brown","80":"product_tag-mcdonalds-hash-brown-calories","81":"product_tag-md5-hash","82":"product_tag-md5-hash-generator","83":"product_tag-nice-hash","84":"product_tag-ore-ida-hash-browns","85":"product_tag-pioneer-woman-hash-brown-casserole","86":"product_tag-potato-hash","87":"product_tag-shredded-hash-browns","88":"product_tag-simply-potatoes-hash-browns","89":"product_tag-spongebob-hash-slinging-slasher","90":"product_tag-sweet-potato-hash","91":"product_tag-sweet-potato-hash-browns","92":"product_tag-sweet-potato-hash-recipe","93":"product_tag-the-hash-slinging-slasher","94":"product_tag-trader-joes-hash-browns","95":"product_tag-turkey-hash","96":"product_tag-waffle-house-hash-browns","97":"product_tag-weezer-hash-pipe","98":"product_tag-what-is-corned-beef-hash","99":"product_tag-what-is-hash","100":"product_tag-what-is-hash-drug","101":"product_tag-what-is-hash-drugs","102":"product_tag-what-is-hash-oil","103":"product_tag-zero-hash","105":"first","106":"instock","107":"shipping-taxable","108":"purchasable","109":"product-type-variable"},"yoast_head":"<!-- This site is optimized with the Yoast SEO plugin v27.3 - https:\/\/yoast.com\/product\/yoast-seo-wordpress\/ -->\n<title>Acheter Moroccan Hash - 510 Premium Carts Online - What isHash<\/title>\n<meta name=\"description\" content=\"Acheter Moroccan Hash est la fiert\u00e9 et la joie de tout connaisseur s\u00e9rieux. Cheeba&#039;s est fier de proposer du Hash tout droit venu du Maroc ! Ce truc est dur\" \/>\n<meta name=\"robots\" content=\"index, follow, max-snippet:-1, max-image-preview:large, max-video-preview:-1\" \/>\n<link rel=\"canonical\" href=\"https:\/\/510premiumcarts.com\/index.php\/product\/acheter-moroccan-hash\/\" \/>\n<meta property=\"og:locale\" content=\"fr_FR\" \/>\n<meta property=\"og:type\" content=\"article\" \/>\n<meta property=\"og:title\" content=\"Acheter Moroccan Hash - 510 Premium Carts Online - What isHash\" \/>\n<meta property=\"og:description\" content=\"Acheter Moroccan Hash est la fiert\u00e9 et la joie de tout connaisseur s\u00e9rieux. Cheeba&#039;s est fier de proposer du Hash tout droit venu du Maroc ! Ce truc est dur\" \/>\n<meta property=\"og:url\" content=\"https:\/\/510premiumcarts.com\/index.php\/product\/acheter-moroccan-hash\/\" \/>\n<meta property=\"og:site_name\" content=\"510 Premium Carts\" \/>\n<meta property=\"article:modified_time\" content=\"2023-04-13T12:22:32+00:00\" \/>\n<meta property=\"og:image\" content=\"http:\/\/510premiumcarts.com\/wp-content\/uploads\/2023\/03\/rs-180768-166162202-scaled.jpg\" \/>\n\t<meta property=\"og:image:width\" content=\"2560\" \/>\n\t<meta property=\"og:image:height\" content=\"1522\" \/>\n\t<meta property=\"og:image:type\" content=\"image\/jpeg\" \/>\n<meta name=\"twitter:card\" content=\"summary_large_image\" \/>\n<meta name=\"twitter:label1\" content=\"Dur\u00e9e de lecture estim\u00e9e\" \/>\n\t<meta name=\"twitter:data1\" content=\"4 minutes\" \/>\n<script type=\"application\/ld+json\" class=\"yoast-schema-graph\">{\"@context\":\"https:\\\/\\\/schema.org\",\"@graph\":[{\"@type\":\"WebPage\",\"@id\":\"https:\\\/\\\/510premiumcarts.com\\\/index.php\\\/product\\\/acheter-moroccan-hash\\\/\",\"url\":\"https:\\\/\\\/510premiumcarts.com\\\/index.php\\\/product\\\/acheter-moroccan-hash\\\/\",\"name\":\"Acheter Moroccan Hash - 510 Premium Carts Online - What isHash\",\"isPartOf\":{\"@id\":\"https:\\\/\\\/510premiumcarts.com\\\/#website\"},\"primaryImageOfPage\":{\"@id\":\"https:\\\/\\\/510premiumcarts.com\\\/index.php\\\/product\\\/acheter-moroccan-hash\\\/#primaryimage\"},\"image\":{\"@id\":\"https:\\\/\\\/510premiumcarts.com\\\/index.php\\\/product\\\/acheter-moroccan-hash\\\/#primaryimage\"},\"thumbnailUrl\":\"https:\\\/\\\/510premiumcarts.com\\\/wp-content\\\/uploads\\\/2023\\\/03\\\/rs-180768-166162202-scaled.jpg\",\"datePublished\":\"2023-03-07T11:54:10+00:00\",\"dateModified\":\"2023-04-13T12:22:32+00:00\",\"description\":\"Acheter Moroccan Hash est la fiert\u00e9 et la joie de tout connaisseur s\u00e9rieux. Cheeba's est fier de proposer du Hash tout droit venu du Maroc ! Ce truc est dur\",\"breadcrumb\":{\"@id\":\"https:\\\/\\\/510premiumcarts.com\\\/index.php\\\/product\\\/acheter-moroccan-hash\\\/#breadcrumb\"},\"inLanguage\":\"fr-FR\",\"potentialAction\":[{\"@type\":\"ReadAction\",\"target\":[\"https:\\\/\\\/510premiumcarts.com\\\/index.php\\\/product\\\/acheter-moroccan-hash\\\/\"]}]},{\"@type\":\"ImageObject\",\"inLanguage\":\"fr-FR\",\"@id\":\"https:\\\/\\\/510premiumcarts.com\\\/index.php\\\/product\\\/acheter-moroccan-hash\\\/#primaryimage\",\"url\":\"https:\\\/\\\/510premiumcarts.com\\\/wp-content\\\/uploads\\\/2023\\\/03\\\/rs-180768-166162202-scaled.jpg\",\"contentUrl\":\"https:\\\/\\\/510premiumcarts.com\\\/wp-content\\\/uploads\\\/2023\\\/03\\\/rs-180768-166162202-scaled.jpg\",\"width\":2560,\"height\":1522,\"caption\":\"Buy Moroccan Hash\"},{\"@type\":\"BreadcrumbList\",\"@id\":\"https:\\\/\\\/510premiumcarts.com\\\/index.php\\\/product\\\/acheter-moroccan-hash\\\/#breadcrumb\",\"itemListElement\":[{\"@type\":\"ListItem\",\"position\":1,\"name\":\"Home\",\"item\":\"https:\\\/\\\/510premiumcarts.com\\\/\"},{\"@type\":\"ListItem\",\"position\":2,\"name\":\"Marques de vapotage\",\"item\":\"https:\\\/\\\/510premiumcarts.com\\\/index.php\\\/acheter-du-cannabis\\\/\"},{\"@type\":\"ListItem\",\"position\":3,\"name\":\"Moroccan Hash\"}]},{\"@type\":\"WebSite\",\"@id\":\"https:\\\/\\\/510premiumcarts.com\\\/#website\",\"url\":\"https:\\\/\\\/510premiumcarts.com\\\/\",\"name\":\"510 Premium Carts\",\"description\":\"Just another WordPress site\",\"potentialAction\":[{\"@type\":\"SearchAction\",\"target\":{\"@type\":\"EntryPoint\",\"urlTemplate\":\"https:\\\/\\\/510premiumcarts.com\\\/?s={search_term_string}\"},\"query-input\":{\"@type\":\"PropertyValueSpecification\",\"valueRequired\":true,\"valueName\":\"search_term_string\"}}],\"inLanguage\":\"fr-FR\"}]}<\/script>\n<!-- \/ Yoast SEO plugin. -->","yoast_head_json":{"title":"Acheter Moroccan Hash - 510 Premium Carts Online - What isHash","description":"Acheter Moroccan Hash est la fiert\u00e9 et la joie de tout connaisseur s\u00e9rieux. Cheeba's est fier de proposer du Hash tout droit venu du Maroc ! Ce truc est dur","robots":{"index":"index","follow":"follow","max-snippet":"max-snippet:-1","max-image-preview":"max-image-preview:large","max-video-preview":"max-video-preview:-1"},"canonical":"https:\/\/510premiumcarts.com\/index.php\/product\/acheter-moroccan-hash\/","og_locale":"fr_FR","og_type":"article","og_title":"Acheter Moroccan Hash - 510 Premium Carts Online - What isHash","og_description":"Acheter Moroccan Hash est la fiert\u00e9 et la joie de tout connaisseur s\u00e9rieux. Cheeba's est fier de proposer du Hash tout droit venu du Maroc ! Ce truc est dur","og_url":"https:\/\/510premiumcarts.com\/index.php\/product\/acheter-moroccan-hash\/","og_site_name":"510 Premium Carts","article_modified_time":"2023-04-13T12:22:32+00:00","og_image":[{"width":2560,"height":1522,"url":"http:\/\/510premiumcarts.com\/wp-content\/uploads\/2023\/03\/rs-180768-166162202-scaled.jpg","type":"image\/jpeg"}],"twitter_card":"summary_large_image","twitter_misc":{"Dur\u00e9e de lecture estim\u00e9e":"4 minutes"},"schema":{"@context":"https:\/\/schema.org","@graph":[{"@type":"WebPage","@id":"https:\/\/510premiumcarts.com\/index.php\/product\/acheter-moroccan-hash\/","url":"https:\/\/510premiumcarts.com\/index.php\/product\/acheter-moroccan-hash\/","name":"Acheter Moroccan Hash - 510 Premium Carts Online - What isHash","isPartOf":{"@id":"https:\/\/510premiumcarts.com\/#website"},"primaryImageOfPage":{"@id":"https:\/\/510premiumcarts.com\/index.php\/product\/acheter-moroccan-hash\/#primaryimage"},"image":{"@id":"https:\/\/510premiumcarts.com\/index.php\/product\/acheter-moroccan-hash\/#primaryimage"},"thumbnailUrl":"https:\/\/510premiumcarts.com\/wp-content\/uploads\/2023\/03\/rs-180768-166162202-scaled.jpg","datePublished":"2023-03-07T11:54:10+00:00","dateModified":"2023-04-13T12:22:32+00:00","description":"Acheter Moroccan Hash est la fiert\u00e9 et la joie de tout connaisseur s\u00e9rieux. Cheeba's est fier de proposer du Hash tout droit venu du Maroc ! Ce truc est dur","breadcrumb":{"@id":"https:\/\/510premiumcarts.com\/index.php\/product\/acheter-moroccan-hash\/#breadcrumb"},"inLanguage":"fr-FR","potentialAction":[{"@type":"ReadAction","target":["https:\/\/510premiumcarts.com\/index.php\/product\/acheter-moroccan-hash\/"]}]},{"@type":"ImageObject","inLanguage":"fr-FR","@id":"https:\/\/510premiumcarts.com\/index.php\/product\/acheter-moroccan-hash\/#primaryimage","url":"https:\/\/510premiumcarts.com\/wp-content\/uploads\/2023\/03\/rs-180768-166162202-scaled.jpg","contentUrl":"https:\/\/510premiumcarts.com\/wp-content\/uploads\/2023\/03\/rs-180768-166162202-scaled.jpg","width":2560,"height":1522,"caption":"Buy Moroccan Hash"},{"@type":"BreadcrumbList","@id":"https:\/\/510premiumcarts.com\/index.php\/product\/acheter-moroccan-hash\/#breadcrumb","itemListElement":[{"@type":"ListItem","position":1,"name":"Home","item":"https:\/\/510premiumcarts.com\/"},{"@type":"ListItem","position":2,"name":"Marques de vapotage","item":"https:\/\/510premiumcarts.com\/index.php\/acheter-du-cannabis\/"},{"@type":"ListItem","position":3,"name":"Moroccan Hash"}]},{"@type":"WebSite","@id":"https:\/\/510premiumcarts.com\/#website","url":"https:\/\/510premiumcarts.com\/","name":"510 Premium Carts","description":"Just another WordPress site","potentialAction":[{"@type":"SearchAction","target":{"@type":"EntryPoint","urlTemplate":"https:\/\/510premiumcarts.com\/?s={search_term_string}"},"query-input":{"@type":"PropertyValueSpecification","valueRequired":true,"valueName":"search_term_string"}}],"inLanguage":"fr-FR"}]}},"jetpack_sharing_enabled":true,"_links":{"self":[{"href":"https:\/\/510premiumcarts.com\/index.php\/wp-json\/wp\/v2\/product\/1751","targetHints":{"allow":["GET"]}}],"collection":[{"href":"https:\/\/510premiumcarts.com\/index.php\/wp-json\/wp\/v2\/product"}],"about":[{"href":"https:\/\/510premiumcarts.com\/index.php\/wp-json\/wp\/v2\/types\/product"}],"replies":[{"embeddable":true,"href":"https:\/\/510premiumcarts.com\/index.php\/wp-json\/wp\/v2\/comments?post=1751"}],"wp:featuredmedia":[{"embeddable":true,"href":"https:\/\/510premiumcarts.com\/index.php\/wp-json\/wp\/v2\/media\/1756"}],"wp:attachment":[{"href":"https:\/\/510premiumcarts.com\/index.php\/wp-json\/wp\/v2\/media?parent=1751"}],"wp:term":[{"taxonomy":"product_brand","embeddable":true,"href":"https:\/\/510premiumcarts.com\/index.php\/wp-json\/wp\/v2\/product_brand?post=1751"},{"taxonomy":"product_cat","embeddable":true,"href":"https:\/\/510premiumcarts.com\/index.php\/wp-json\/wp\/v2\/product_cat?post=1751"},{"taxonomy":"product_tag","embeddable":true,"href":"https:\/\/510premiumcarts.com\/index.php\/wp-json\/wp\/v2\/product_tag?post=1751"}],"curies":[{"name":"wp","href":"https:\/\/api.w.org\/{rel}","templated":true}]}}