{"id":1807,"date":"2023-03-07T14:37:32","date_gmt":"2023-03-07T14:37:32","guid":{"rendered":"https:\/\/510premiumcarts.com\/?post_type=product&#038;p=1807"},"modified":"2023-03-26T15:48:22","modified_gmt":"2023-03-26T15:48:22","slug":"huile-de-cbd-hemption","status":"publish","type":"product","link":"https:\/\/510premiumcarts.com\/index.php\/product\/huile-de-cbd-hemption\/","title":{"rendered":"Huile de CBD Hemption"},"content":{"rendered":"<h1><a href=\"https:\/\/510premiumcarts.com\/\"><span style=\"color: #ffcc00;\">\u00c0 PROPOS DE L&rsquo;HUILE DE CBD HEMPOTION<\/span><\/a><\/h1>\n<p>Acheter de l&rsquo;huile de CBD au cannabidiol Hempotion<\/p>\n<p>L&rsquo;hempotion \u00e0 l&rsquo;huile de cbd est un <a href=\"https:\/\/ogdispensary.org\/product\/gary-payton-cookies-gary\/\">traitement<\/a> naturel populaire utilis\u00e9 pour de nombreuses maladies courantes. L&rsquo;huile de CBD\u00a0est fabriqu\u00e9e en extrayant le CBD de la plante de cannabis, puis en la r\u00e9duisant avec une huile de support,\u00a0l&rsquo;huile de graines de chanvre. Il peut aider \u00e0 traiter une vari\u00e9t\u00e9 de maux comme l&rsquo;anxi\u00e9t\u00e9 et la douleur chronique.<\/p>\n<p>Certaines personnes utilisent\u00a0l&rsquo;huile de CBD\u00a0pour soulager la <a href=\"https:\/\/ogdispensary.org\/product\/cbd-disposable-vape-pen-pineapple\/\">douleur<\/a> li\u00e9e \u00e0 des maladies chroniques, telles que l&rsquo;arthrite.<\/p>\n<p>Huile de <a href=\"https:\/\/ogdispensary.org\/product\/medihemp-organic-hemp-oil\/\">chanvre<\/a> CBD \u00e0 vendre\u00a0| Huile de CBD en ligne<\/p>\n<div class=\"woocommerce-tabs wc-tabs-wrapper container tabbed-content\">\n<div class=\"tab-panels\">\n<div id=\"tab-description\" class=\"woocommerce-Tabs-panel woocommerce-Tabs-panel--description panel entry-content active\" role=\"tabpanel\" aria-labelledby=\"tab-title-description\">\n<h2><span id=\"What_is_Hempotion_cannabidiol_oil_Extract_Tincture\" class=\"ez-toc-section\"><\/span>Qu&rsquo;est-ce que la teinture d&rsquo;extrait <a href=\"https:\/\/ogdispensary.org\/product\/medihemp-organic-hemp-oil\/\">d&rsquo;huile<\/a> de cannabidiol de lotion de chanvre?<\/h2>\n<p>En termes simples, ce produit est un extrait puissant, s\u00fbr et efficace \u00e0 base d&rsquo;huile de chanvre pure et d&rsquo;huile de p\u00e9pins de raisin. Sa composition unique, associ\u00e9e aux propri\u00e9t\u00e9s apaisantes du CBD et de l&rsquo;huile de p\u00e9pins de raisin, vous aidera \u00e0 vous d\u00e9tendre et \u00e0 atteindre l&rsquo;\u00e9tat de calme souhait\u00e9. L&rsquo;huile de p\u00e9pins de raisin, unique parmi les ingr\u00e9dients habituels du CBD, donne \u00e0 cet extrait de CBD une texture saine et onctueuse.<\/p>\n<p>Cet extrait polyvalent a de nombreuses <a href=\"https:\/\/www.leafly.com\/\">utilisations<\/a>, et il est puissant mais suffisamment doux pour que n&rsquo;importe qui puisse l&rsquo;utiliser, ce qui en fait un choix id\u00e9al pour les personnes qui cherchent \u00e0 d\u00e9couvrir la relaxation fournie par le CBD pour la premi\u00e8re fois.<\/p>\n<p>Il existe en deux tailles : 0,5 oz et 1 oz. Le 0,5 oz offre 100 mg de CBD pur et le 1 oz est de 250 mg de CBD pur. La bouteille de 1 oz vous offre une sensation de CBD plus <a href=\"https:\/\/www.leafly.com\/\">concentr\u00e9e<\/a>, ce qui la rend id\u00e9ale pour ceux qui veulent vraiment profiter de toute la puissance du CBD, tandis que la bouteille de 0,5 oz est id\u00e9ale pour les personnes qui cherchent \u00e0 commencer leur exp\u00e9rience CBD de mani\u00e8re savoureuse et agr\u00e9able.<\/p>\n<p>Hempotion est une petite marque de boutique qui produit des produits au CBD depuis bien plus longtemps que la plupart des \u00ab grands acteurs \u00bb du march\u00e9 du CBD. C&rsquo;est pourquoi leurs produits jouissent d&rsquo;une grande popularit\u00e9 et se portent bien malgr\u00e9 la forte concurrence. L&rsquo;extrait de CBD d&rsquo;Hempotion est leur produit phare qui se distingue des autres produits \u00e0 base d&rsquo;huile de CBD ing\u00e9r\u00e9s par voie orale en raison de sa composition unique. En tant qu&rsquo;entreprise, Hempotion se consacre \u00e0 offrir \u00e0 ses clients des informations solides et scientifiquement fond\u00e9es sur l&rsquo;huile de CBD et ses propri\u00e9t\u00e9s, leur permettant de faire les bons choix en termes de produits.<\/p>\n<h3><span id=\"Why_Choose_This_cannabidiol_oil_Extract\" class=\"ez-toc-section\"><\/span>Pourquoi choisir cet extrait d&rsquo;huile de cannabidiol?<\/h3>\n<p>Si vous recherchez un moyen pratique, savoureux et puissant de profiter pour la premi\u00e8re fois des propri\u00e9t\u00e9s apaisantes de l&rsquo;huile de cannabidiol, alors l&rsquo;extrait de cannabidiol d&rsquo;Hempotion vous ravira et vous offrira tous les bienfaits du CBD dont vous avez besoin, une goutte savoureuse \u00e0 la fois.<\/p>\n<p>Avec son ingr\u00e9dient unique d&rsquo;huile de p\u00e9pins de raisin, qui lui donne une texture cors\u00e9e, c&rsquo;est un d\u00e9licieux produit \u00e0 base d&rsquo;huile de CBD que vous pouvez d\u00e9guster directement ou m\u00e9langer avec votre boisson pr\u00e9f\u00e9r\u00e9e. Comme pour toutes les teintures, vous pouvez ajuster la taille de la portion pour trouver la quantit\u00e9 parfaite de CBD pour vous, et vous pouvez combiner l&rsquo;extrait de cannabidiol d&rsquo;Hempotion avec n&rsquo;importe quel autre produit CBD pour profiter des avantages synergiques.<\/p>\n<ul>\n<li>Facile \u00e0 <a href=\"https:\/\/buymarijuanameds.online\/product-category\/cbd-oil\/\">utiliser<\/a><\/li>\n<li>Contient 100 mg ou 250 mg de cannabidiol naturel<\/li>\n<li>CBD d\u00e9riv\u00e9 du chanvre industriel<\/li>\n<li>L\u00e9gal dans le monde entier<\/li>\n<li>Aucun effet secondaire connu<\/li>\n<li>Portion ajustable<\/li>\n<li>Facilement combinable avec d&rsquo;autres produits CBD<\/li>\n<li>Haute teneur en acides gras om\u00e9ga<\/li>\n<li>Th\u00e9rapeutique et calmant<\/li>\n<li>Enti\u00e8rement naturel, convient aux v\u00e9g\u00e9taliens, sans gluten et kasher<\/li>\n<\/ul>\n<h4><span id=\"How_to_Use_This_Cannabidiol_Extract\" class=\"ez-toc-section\"><\/span>Comment utiliser cet extrait de cannabidiol<\/h4>\n<h3><strong>Instructions pour 1 oz\u00a0:<\/strong><\/h3>\n<p>D\u00e9posez une moiti\u00e9 ou jusqu&rsquo;\u00e0 un compte-gouttes entier sous votre langue, maintenez-le pendant 90 secondes, puis avalez-le ou m\u00e9langez-le avec n&rsquo;importe quelle boisson. R\u00e9p\u00e9tez 2 \u00e0 3 fois par jour. Vous obtenez environ 1 mg de CBD pour 2 gouttes.<\/p>\n<h3><strong>Instructions de 0,5 oz\u00a0:<\/strong><\/h3>\n<p>D\u00e9posez une moiti\u00e9 ou jusqu&rsquo;\u00e0 un compte-gouttes entier sous votre langue, maintenez-le pendant 90 secondes, puis avalez-le ou m\u00e9langez-le avec n&rsquo;importe quelle boisson. Vous obtenez environ 1 mg d&rsquo;huile de cannabidiol pour 3 gouttes, donc le compte-gouttes complet vous donne environ 30 mg. Utiliser quotidiennement en compl\u00e9ment (riche en acides gras om\u00e9ga-3).<\/p>\n<p>Pour de meilleurs r\u00e9sultats, nous vous recommandons d&rsquo;utiliser r\u00e9guli\u00e8rement l&rsquo;extrait de cannabidiol d&rsquo;Hempotion pendant au moins deux semaines pendant que votre corps s&rsquo;habitue aux propri\u00e9t\u00e9s du CBD. Agiter avant utilisation. Conserver \u00e0 l&rsquo;abri de la chaleur, de la lumi\u00e8re et de l&rsquo;humidit\u00e9 pour pr\u00e9server la fra\u00eecheur.<\/p>\n<h2><span id=\"Ingredients\" class=\"ez-toc-section\"><\/span><a href=\"https:\/\/buymarijuanameds.online\/product-category\/cbd-oil\/\">Ingr\u00e9dients<\/a>:<\/h2>\n<p>Huile de chanvre de plante <a href=\"https:\/\/buymarijuanameds.online\/product-category\/cbd-oil\/\">enti\u00e8re<\/a> biologique (avec du cannabidiol \u00e0 haute teneur en CBD), huile de p\u00e9pins de raisin, glyc\u00e9rine, moins de 2 % d&rsquo;alcool de qualit\u00e9 alimentaire en volume.<\/p>\n<\/div>\n<\/div>\n<\/div>\n","protected":false},"excerpt":{"rendered":"<p>Directions<br \/>\nD\u00e9posez un demi \u00e0 un compte-gouttes entier par la bouche ou sous la langue deux \u00e0 trois fois par jour. Approximativement 3 gouttes par mg. Consulter un m\u00e9decin en cas d&rsquo;allaitement ou de grossesse.<\/p>\n<p>3 bouteilles min. Commande<\/p>\n","protected":false},"featured_media":1808,"comment_status":"open","ping_status":"closed","template":"","meta":{"_monsterinsights_skip_tracking":false,"_monsterinsights_sitenote_active":false,"_monsterinsights_sitenote_note":"","_monsterinsights_sitenote_category":0},"product_brand":[],"product_cat":[4991],"product_tag":[],"class_list":{"0":"post-1807","1":"product","2":"type-product","3":"status-publish","4":"has-post-thumbnail","6":"product_cat-acheter-cbd-oil","8":"first","9":"instock","10":"shipping-taxable","11":"purchasable","12":"product-type-simple"},"yoast_head":"<!-- This site is optimized with the Yoast SEO plugin v27.5 - https:\/\/yoast.com\/product\/yoast-seo-wordpress\/ -->\n<title>Huile de CBD Hemption - 510 Premium Carts - Acheter CBD Oil<\/title>\n<meta name=\"description\" content=\"Huile de CBD Hemption est un traitement naturel populaire utilis\u00e9 pour de nombreuses maladies courantes. L&#039;huile de CBD est fabriqu\u00e9e en extrayant le CBD de la plante de cannabis, puis en le r\u00e9duisant avec une huile de support\" \/>\n<meta name=\"robots\" content=\"index, follow, max-snippet:-1, max-image-preview:large, max-video-preview:-1\" \/>\n<link rel=\"canonical\" href=\"https:\/\/510premiumcarts.com\/index.php\/product\/huile-de-cbd-hemption\/\" \/>\n<meta property=\"og:locale\" content=\"fr_FR\" \/>\n<meta property=\"og:type\" content=\"article\" \/>\n<meta property=\"og:title\" content=\"Huile de CBD Hemption - 510 Premium Carts - Acheter CBD Oil\" \/>\n<meta property=\"og:description\" content=\"Huile de CBD Hemption est un traitement naturel populaire utilis\u00e9 pour de nombreuses maladies courantes. L&#039;huile de CBD est fabriqu\u00e9e en extrayant le CBD de la plante de cannabis, puis en le r\u00e9duisant avec une huile de support\" \/>\n<meta property=\"og:url\" content=\"https:\/\/510premiumcarts.com\/index.php\/product\/huile-de-cbd-hemption\/\" \/>\n<meta property=\"og:site_name\" content=\"510 Premium Carts\" \/>\n<meta property=\"article:modified_time\" content=\"2023-03-26T15:48:22+00:00\" \/>\n<meta property=\"og:image\" content=\"http:\/\/510premiumcarts.com\/wp-content\/uploads\/2023\/03\/5972208-1-1.jpg\" \/>\n\t<meta property=\"og:image:width\" content=\"580\" \/>\n\t<meta property=\"og:image:height\" content=\"387\" \/>\n\t<meta property=\"og:image:type\" content=\"image\/jpeg\" \/>\n<meta name=\"twitter:card\" content=\"summary_large_image\" \/>\n<meta name=\"twitter:label1\" content=\"Dur\u00e9e de lecture estim\u00e9e\" \/>\n\t<meta name=\"twitter:data1\" content=\"4 minutes\" \/>\n<script type=\"application\/ld+json\" class=\"yoast-schema-graph\">{\"@context\":\"https:\\\/\\\/schema.org\",\"@graph\":[{\"@type\":\"WebPage\",\"@id\":\"https:\\\/\\\/510premiumcarts.com\\\/index.php\\\/product\\\/huile-de-cbd-hemption\\\/\",\"url\":\"https:\\\/\\\/510premiumcarts.com\\\/index.php\\\/product\\\/huile-de-cbd-hemption\\\/\",\"name\":\"Huile de CBD Hemption - 510 Premium Carts - Acheter CBD Oil\",\"isPartOf\":{\"@id\":\"https:\\\/\\\/510premiumcarts.com\\\/#website\"},\"primaryImageOfPage\":{\"@id\":\"https:\\\/\\\/510premiumcarts.com\\\/index.php\\\/product\\\/huile-de-cbd-hemption\\\/#primaryimage\"},\"image\":{\"@id\":\"https:\\\/\\\/510premiumcarts.com\\\/index.php\\\/product\\\/huile-de-cbd-hemption\\\/#primaryimage\"},\"thumbnailUrl\":\"https:\\\/\\\/510premiumcarts.com\\\/wp-content\\\/uploads\\\/2023\\\/03\\\/5972208-1-1.jpg\",\"datePublished\":\"2023-03-07T14:37:32+00:00\",\"dateModified\":\"2023-03-26T15:48:22+00:00\",\"description\":\"Huile de CBD Hemption est un traitement naturel populaire utilis\u00e9 pour de nombreuses maladies courantes. L'huile de CBD est fabriqu\u00e9e en extrayant le CBD de la plante de cannabis, puis en le r\u00e9duisant avec une huile de support\",\"breadcrumb\":{\"@id\":\"https:\\\/\\\/510premiumcarts.com\\\/index.php\\\/product\\\/huile-de-cbd-hemption\\\/#breadcrumb\"},\"inLanguage\":\"fr-FR\",\"potentialAction\":[{\"@type\":\"ReadAction\",\"target\":[\"https:\\\/\\\/510premiumcarts.com\\\/index.php\\\/product\\\/huile-de-cbd-hemption\\\/\"]}]},{\"@type\":\"ImageObject\",\"inLanguage\":\"fr-FR\",\"@id\":\"https:\\\/\\\/510premiumcarts.com\\\/index.php\\\/product\\\/huile-de-cbd-hemption\\\/#primaryimage\",\"url\":\"https:\\\/\\\/510premiumcarts.com\\\/wp-content\\\/uploads\\\/2023\\\/03\\\/5972208-1-1.jpg\",\"contentUrl\":\"https:\\\/\\\/510premiumcarts.com\\\/wp-content\\\/uploads\\\/2023\\\/03\\\/5972208-1-1.jpg\",\"width\":580,\"height\":387,\"caption\":\"Huile de CBD Hemption\"},{\"@type\":\"BreadcrumbList\",\"@id\":\"https:\\\/\\\/510premiumcarts.com\\\/index.php\\\/product\\\/huile-de-cbd-hemption\\\/#breadcrumb\",\"itemListElement\":[{\"@type\":\"ListItem\",\"position\":1,\"name\":\"Home\",\"item\":\"https:\\\/\\\/510premiumcarts.com\\\/\"},{\"@type\":\"ListItem\",\"position\":2,\"name\":\"Marques de vapotage\",\"item\":\"https:\\\/\\\/510premiumcarts.com\\\/index.php\\\/acheter-du-cannabis\\\/\"},{\"@type\":\"ListItem\",\"position\":3,\"name\":\"Huile de CBD Hemption\"}]},{\"@type\":\"WebSite\",\"@id\":\"https:\\\/\\\/510premiumcarts.com\\\/#website\",\"url\":\"https:\\\/\\\/510premiumcarts.com\\\/\",\"name\":\"510 Premium Carts\",\"description\":\"Just another WordPress site\",\"potentialAction\":[{\"@type\":\"SearchAction\",\"target\":{\"@type\":\"EntryPoint\",\"urlTemplate\":\"https:\\\/\\\/510premiumcarts.com\\\/?s={search_term_string}\"},\"query-input\":{\"@type\":\"PropertyValueSpecification\",\"valueRequired\":true,\"valueName\":\"search_term_string\"}}],\"inLanguage\":\"fr-FR\"}]}<\/script>\n<!-- \/ Yoast SEO plugin. -->","yoast_head_json":{"title":"Huile de CBD Hemption - 510 Premium Carts - Acheter CBD Oil","description":"Huile de CBD Hemption est un traitement naturel populaire utilis\u00e9 pour de nombreuses maladies courantes. L'huile de CBD est fabriqu\u00e9e en extrayant le CBD de la plante de cannabis, puis en le r\u00e9duisant avec une huile de support","robots":{"index":"index","follow":"follow","max-snippet":"max-snippet:-1","max-image-preview":"max-image-preview:large","max-video-preview":"max-video-preview:-1"},"canonical":"https:\/\/510premiumcarts.com\/index.php\/product\/huile-de-cbd-hemption\/","og_locale":"fr_FR","og_type":"article","og_title":"Huile de CBD Hemption - 510 Premium Carts - Acheter CBD Oil","og_description":"Huile de CBD Hemption est un traitement naturel populaire utilis\u00e9 pour de nombreuses maladies courantes. L'huile de CBD est fabriqu\u00e9e en extrayant le CBD de la plante de cannabis, puis en le r\u00e9duisant avec une huile de support","og_url":"https:\/\/510premiumcarts.com\/index.php\/product\/huile-de-cbd-hemption\/","og_site_name":"510 Premium Carts","article_modified_time":"2023-03-26T15:48:22+00:00","og_image":[{"width":580,"height":387,"url":"http:\/\/510premiumcarts.com\/wp-content\/uploads\/2023\/03\/5972208-1-1.jpg","type":"image\/jpeg"}],"twitter_card":"summary_large_image","twitter_misc":{"Dur\u00e9e de lecture estim\u00e9e":"4 minutes"},"schema":{"@context":"https:\/\/schema.org","@graph":[{"@type":"WebPage","@id":"https:\/\/510premiumcarts.com\/index.php\/product\/huile-de-cbd-hemption\/","url":"https:\/\/510premiumcarts.com\/index.php\/product\/huile-de-cbd-hemption\/","name":"Huile de CBD Hemption - 510 Premium Carts - Acheter CBD Oil","isPartOf":{"@id":"https:\/\/510premiumcarts.com\/#website"},"primaryImageOfPage":{"@id":"https:\/\/510premiumcarts.com\/index.php\/product\/huile-de-cbd-hemption\/#primaryimage"},"image":{"@id":"https:\/\/510premiumcarts.com\/index.php\/product\/huile-de-cbd-hemption\/#primaryimage"},"thumbnailUrl":"https:\/\/510premiumcarts.com\/wp-content\/uploads\/2023\/03\/5972208-1-1.jpg","datePublished":"2023-03-07T14:37:32+00:00","dateModified":"2023-03-26T15:48:22+00:00","description":"Huile de CBD Hemption est un traitement naturel populaire utilis\u00e9 pour de nombreuses maladies courantes. L'huile de CBD est fabriqu\u00e9e en extrayant le CBD de la plante de cannabis, puis en le r\u00e9duisant avec une huile de support","breadcrumb":{"@id":"https:\/\/510premiumcarts.com\/index.php\/product\/huile-de-cbd-hemption\/#breadcrumb"},"inLanguage":"fr-FR","potentialAction":[{"@type":"ReadAction","target":["https:\/\/510premiumcarts.com\/index.php\/product\/huile-de-cbd-hemption\/"]}]},{"@type":"ImageObject","inLanguage":"fr-FR","@id":"https:\/\/510premiumcarts.com\/index.php\/product\/huile-de-cbd-hemption\/#primaryimage","url":"https:\/\/510premiumcarts.com\/wp-content\/uploads\/2023\/03\/5972208-1-1.jpg","contentUrl":"https:\/\/510premiumcarts.com\/wp-content\/uploads\/2023\/03\/5972208-1-1.jpg","width":580,"height":387,"caption":"Huile de CBD Hemption"},{"@type":"BreadcrumbList","@id":"https:\/\/510premiumcarts.com\/index.php\/product\/huile-de-cbd-hemption\/#breadcrumb","itemListElement":[{"@type":"ListItem","position":1,"name":"Home","item":"https:\/\/510premiumcarts.com\/"},{"@type":"ListItem","position":2,"name":"Marques de vapotage","item":"https:\/\/510premiumcarts.com\/index.php\/acheter-du-cannabis\/"},{"@type":"ListItem","position":3,"name":"Huile de CBD Hemption"}]},{"@type":"WebSite","@id":"https:\/\/510premiumcarts.com\/#website","url":"https:\/\/510premiumcarts.com\/","name":"510 Premium Carts","description":"Just another WordPress site","potentialAction":[{"@type":"SearchAction","target":{"@type":"EntryPoint","urlTemplate":"https:\/\/510premiumcarts.com\/?s={search_term_string}"},"query-input":{"@type":"PropertyValueSpecification","valueRequired":true,"valueName":"search_term_string"}}],"inLanguage":"fr-FR"}]}},"jetpack_sharing_enabled":true,"_links":{"self":[{"href":"https:\/\/510premiumcarts.com\/index.php\/wp-json\/wp\/v2\/product\/1807","targetHints":{"allow":["GET"]}}],"collection":[{"href":"https:\/\/510premiumcarts.com\/index.php\/wp-json\/wp\/v2\/product"}],"about":[{"href":"https:\/\/510premiumcarts.com\/index.php\/wp-json\/wp\/v2\/types\/product"}],"replies":[{"embeddable":true,"href":"https:\/\/510premiumcarts.com\/index.php\/wp-json\/wp\/v2\/comments?post=1807"}],"wp:featuredmedia":[{"embeddable":true,"href":"https:\/\/510premiumcarts.com\/index.php\/wp-json\/wp\/v2\/media\/1808"}],"wp:attachment":[{"href":"https:\/\/510premiumcarts.com\/index.php\/wp-json\/wp\/v2\/media?parent=1807"}],"wp:term":[{"taxonomy":"product_brand","embeddable":true,"href":"https:\/\/510premiumcarts.com\/index.php\/wp-json\/wp\/v2\/product_brand?post=1807"},{"taxonomy":"product_cat","embeddable":true,"href":"https:\/\/510premiumcarts.com\/index.php\/wp-json\/wp\/v2\/product_cat?post=1807"},{"taxonomy":"product_tag","embeddable":true,"href":"https:\/\/510premiumcarts.com\/index.php\/wp-json\/wp\/v2\/product_tag?post=1807"}],"curies":[{"name":"wp","href":"https:\/\/api.w.org\/{rel}","templated":true}]}}