{"id":200,"date":"2021-10-18T11:27:22","date_gmt":"2021-10-18T11:27:22","guid":{"rendered":"https:\/\/510premiumcarts.com\/?post_type=product&#038;p=200"},"modified":"2023-03-11T14:55:17","modified_gmt":"2023-03-11T14:55:17","slug":"cartouche-vape-alpine-gg-4","status":"publish","type":"product","link":"https:\/\/510premiumcarts.com\/index.php\/product\/cartouche-vape-alpine-gg-4\/","title":{"rendered":"Cartouche vape alpine GG #4"},"content":{"rendered":"<h1><a href=\"https:\/\/510premiumcarts.com\/index.php\/product-category\/alpine-vape\/\"><span style=\"color: #ffcc00;\">Cartouche vape alpine GG #4<\/span><\/a><\/h1>\n<p>Croisement contemporain entre Chem&rsquo;s Sister et Chocolate Diesel, GG #4 est connue pour ses puissants effets euphorisants et s\u00e9datifs.<\/p>\n<p>Saveur\u00a0| Agrumes skunk. Notes de fruits tropicaux sucr\u00e9s et d&rsquo;agrumes avec une nuance terreuse.<\/p>\n<p>Effets | \u00c9difiant, \u00c9nergisant, R\u00eaveur. <span style=\"color: #ffffff;\">Cartouche vape alpine GG #4<\/span><\/p>\n<p>L&rsquo;huile de cannabis Alpine Premium est une huile de cannabis pure distill\u00e9e par des experts qui est fid\u00e8le \u00e0 la souche avec des terp\u00e8nes naturels d\u00e9riv\u00e9s de plantes et sans ar\u00f4mes ajout\u00e9s. Avec plus de 90 % de cannabino\u00efdes dans chaque lot, cette gamme de produits est destin\u00e9e aux consommateurs \u00e0 la recherche de la plus grande puissance.<\/p>\n<div class=\"header-with-tooltip__Header-u4giv3-0 eiwuRd\">\n<h3 class=\"text__Text-fif1uk-0 header-with-tooltip__HeaderText-u4giv3-1 jEDSaF dymlBx\">\u00c0 propos de cette souche: <a href=\"https:\/\/hillvalleyhealers.com\/product\/alpine-vapor-gg4-1g\/\">GG4<\/a><\/h3>\n<div class=\"sc-crrszt iprKba\" role=\"tooltip\">\n<p>Gorilla Glue ou GG4, qui s&rsquo;appelle maintenant \u00ab\u00a0Original Glue\u00a0\u00bb en raison de la licence du nom de la soci\u00e9t\u00e9 d&rsquo;adh\u00e9sifs, est un hybride aromatique \u00e0 dominante indica originaire du Nevada. L&rsquo;\u00e9leveur de GG Strains, Joesy Whales, a d\u00e9cid\u00e9 d&rsquo;appeler cette vari\u00e9t\u00e9 \u00ab\u00a0Gorilla Glue\u00a0\u00bb en raison de la viscosit\u00e9 de la r\u00e9sine du bourgeon &#8211; lors de la taille de la plante, tout collait \u00e0 ses doigts et \u00e0 ses ciseaux comme le puissant adh\u00e9sif.<\/p>\n<p>GG#4 a \u00e9t\u00e9 cr\u00e9\u00e9 en croisant Chem&rsquo;s Sister avec Chocolate Diesel et Sour Dubb. Le r\u00e9sultat est une fleur puissante avec un ar\u00f4me de pin, de chocolat et de diesel. Il a \u00e9t\u00e9 rapport\u00e9 qu&rsquo;elle produit de la relaxation, de l&rsquo;euphorie et de la somnolence, ce qui en fait une vari\u00e9t\u00e9 tr\u00e8s populaire parmi les consommateurs de cannabis v\u00e9t\u00e9rans.<\/p>\n<p>Cette vari\u00e9t\u00e9 collante a remport\u00e9 plusieurs prix, dont celui de la meilleure fleur hybride \u00e0 la World Cannabis Cup 2015 et la 2e place de la meilleure fleur hybride \u00e0 la Colorado Cannabis Cup 2016.<\/p>\n<ul class=\"tagchecklist\" role=\"list\">\n<li>\u00a0alpin stylo vape clignotant<\/li>\n<li>\u00a0\u00e0 quoi ressemble un stylo vape alpin<\/li>\n<li>\u00a0critiques du stylo vape alpin<\/li>\n<\/ul>\n<p><span style=\"color: #555555; font-size: 14.4px;\">. <\/span><span style=\"color: #ffffff;\">GG #4 alpine vape cartridge<\/span><\/div>\n<\/div>\n","protected":false},"excerpt":{"rendered":"<div class=\"details__feats-item\">\n<p>GG #4 | Hybride | 0.55g | Cartouche de vapotage d&rsquo;huile de cannabis de qualit\u00e9 sup\u00e9rieure<\/p>\n<p>Croisement contemporain entre Chem&rsquo;s Sister et Chocolate Diesel, GG #4 est connue pour ses puissants effets euphorisants et s\u00e9datifs.<\/p>\n<p>Saveur : Savoureuse et excellente. Notes de pin, de diesel et de fruits.<br \/>\nEffets\u00a0: exalt\u00e9, d\u00e9tendu, moelleux.<\/p>\n<p>L&rsquo;huile de cannabis Alpine Premium est une huile de cannabis pure distill\u00e9e par des experts qui est fid\u00e8le \u00e0 la souche avec des terp\u00e8nes naturels d\u00e9riv\u00e9s de plantes et sans ar\u00f4mes ajout\u00e9s. Avec plus de 90 % de cannabino\u00efdes dans chaque lot, cette gamme de produits est destin\u00e9e \u00e0 ceux qui recherchent l&rsquo;exp\u00e9rience la plus puissante.<\/p>\n<\/div>\n","protected":false},"featured_media":201,"comment_status":"open","ping_status":"closed","template":"","meta":{"_monsterinsights_skip_tracking":false,"_monsterinsights_sitenote_active":false,"_monsterinsights_sitenote_note":"","_monsterinsights_sitenote_category":0},"product_brand":[],"product_cat":[16],"product_tag":[5988,5452,5425,5418,5987,6036,6031,1485,5971,5473,5464,5453,5454,5455,5469,6019,6018,5978,5959,5424,6039,5426,5430,6025,5457,5486,5981,5487,5434,5432,6037,5983,5491,5492,5984,6040,5493,6035,5463,5417,5481,5489,5955,5427,5975,5462,5438,5429,5437,6033,5485,5444,5445,5443,6045,6042,6048,6043,6044,6046,6047,5957,5460,5440,6026,6038,6041,5965,6022,5494,6032,5428,5461,5497,5970,5484,5471,5496,6050,5996,5441,6034,5483,5479,5446,5451,5960,5961,5458,5459,5966,5967,5968,5465,6030,5969,6020,6021,5482,5998,5419,1296,1297,6049,1299,1300,5478,5433,6023,6028,5435,6027,5488,5480,6029,6024,5956,5477,5495],"class_list":{"0":"post-200","1":"product","2":"type-product","3":"status-publish","4":"has-post-thumbnail","6":"product_cat-acheter-alpine-vapor-chariot","7":"product_tag-a-quoi-ressemble-un-stylo-vape-alpin","8":"product_tag-accessoires-pour-stylo-vape-alpin","9":"product_tag-aide-cartouche-vape-alpine","10":"product_tag-allumer-la-batterie-vape-alpine","11":"product_tag-allumer-le-stylo-vape-alpin","12":"product_tag-alpi-ne-boutique-de-vape","13":"product_tag-alpin-stylo-vape-clignotant","14":"product_tag-alpine-vape-blue-dream","15":"product_tag-ananas-vape-alpin-express","16":"product_tag-avis-de-vape-alpine","17":"product_tag-batterie-courte-du-stylo-vape-alpin","18":"product_tag-batterie-de-stylo-vape-alpin","19":"product_tag-batterie-de-stylo-vape-alpin-ne-fonctionne-pas","20":"product_tag-batterie-de-stylo-vape-alpin-rechargeable","21":"product_tag-batterie-de-tuyau-de-vape-alpine","22":"product_tag-batterie-vape-alpine-courte","23":"product_tag-batterie-vape-alpine-ne-charge-pas","24":"product_tag-boutique-de-vape-alpine-sur-la-route-de-parker","25":"product_tag-cartouche-de-stylo-vape-alpin","26":"product_tag-cartouche-vape-alpine","27":"product_tag-cartouche-vape-alpine-gg-4","28":"product_tag-cartouche-vape-alpine-jake-herer","29":"product_tag-cartouches-de-vape-alpine","30":"product_tag-cartouches-vape-alpine","31":"product_tag-chargement-du-stylo-vape-alpin","32":"product_tag-charger-la-batterie-vape-alpine","33":"product_tag-charger-la-lumiere-blanche-de-la-batterie-vape-alpine","34":"product_tag-charger-le-stylo-vape-alpin","35":"product_tag-chargeur-de-vape-alpine","36":"product_tag-chariots-de-vape-alpine","37":"product_tag-chariots-jetables-thc-vape","38":"product_tag-combien-coute-le-stylo-vape-alpin","39":"product_tag-comment-charger-la-batterie-vape-alpine","40":"product_tag-comment-charger-le-stylo-vape-alpin","41":"product_tag-comment-fumer-correctement-un-stylo-vape-alpin","42":"product_tag-comment-pour-utiliser-un-stylo-vape-alpin","43":"product_tag-comment-utiliser-le-stylo-vape-alpin","44":"product_tag-configuration-de-la-vape-alpine","45":"product_tag-critiques-du-stylo-vape-alpin","46":"product_tag-depannage-de-la-batterie-vape-alpine","47":"product_tag-depannage-de-vape-alpine","48":"product_tag-directions-stylo-vape-alpin","49":"product_tag-examen-de-lhuile-de-vape-alpine","50":"product_tag-examen-de-la-cartouche-vape-alpine","51":"product_tag-examen-de-la-vape-alpine","52":"product_tag-examen-du-stylo-vape-alpin","53":"product_tag-festivals-de-vape-alpine","54":"product_tag-filetage-de-la-cartouche-vape-alpine","55":"product_tag-flacon-compte-gouttes-de-vape-alpine","56":"product_tag-glace-a-la-lavande-pour-stylo-vape-alpin","57":"product_tag-huile-de-vape-alpine-cbd","58":"product_tag-huile-de-vape-alpine-dispensable","59":"product_tag-huile-de-vape-alpine-dispensable-en-ligne","60":"product_tag-huile-de-vape-alpine-sortant-de-lembout-buccal","61":"product_tag-huile-thc-allemagne","62":"product_tag-huile-thc-autriche","63":"product_tag-huile-thc-en-europe","64":"product_tag-huile-thc-finlande","65":"product_tag-huile-thc-france","66":"product_tag-huile-thc-grece","67":"product_tag-huile-thc-hongrie","68":"product_tag-instructions-de-batterie-de-stylo-vape-alpin","69":"product_tag-instructions-du-stylo-vape-alpin","70":"product_tag-kit-de-vape-alpine","71":"product_tag-les-cartouches-vape-alpines-fonctionnent","72":"product_tag-les-cartouches-vape-alpines-fonctionnent-elles-avec-batterie-brassknuckles","73":"product_tag-les-instructions-utilisent-un-stylo-vape-alpin","74":"product_tag-manuel-du-stylo-vape-alpin","75":"product_tag-meilleures-saveurs-vape-alpine","76":"product_tag-mes-deux-cartouches-de-vape-alpin-contiennent-le-meme-liquide-de-puissance","77":"product_tag-messieurs-stylo-vape-alpin","78":"product_tag-montre-du-marche-boursier-de-la-cartouche-vape-alpine","79":"product_tag-nicotine-du-stylo-vape-alpin","80":"product_tag-ou-acheter-le-stylo-vape-alpin-90504","81":"product_tag-pesticides-vape-alpins","82":"product_tag-pouvez-vous-apporter-des-stylos-vape-alpins-dans-un-avion","83":"product_tag-produits-chimiques-de-vape-alpine-utilises","84":"product_tag-quelle-est-la-tension-du-chargeur-de-batterie-du-stylo-vape-alpin","85":"product_tag-quelle-est-la-tension-du-stylo-vape-alpin-batterie","86":"product_tag-recharges-dhuile-de-vape-alpine","87":"product_tag-resine-vivante-de-vape-alpine","88":"product_tag-saut-de-vape-alpine","89":"product_tag-site-web-de-vape-alpine","90":"product_tag-souches-de-vape-alpine","91":"product_tag-stylo-jetable-dhuile-de-vape-alpine","92":"product_tag-stylo-vape-alpin","93":"product_tag-stylo-vape-alpin-bouche","94":"product_tag-stylo-vape-alpin-colorado","95":"product_tag-stylo-vape-alpin-hybride","96":"product_tag-stylo-vape-alpin-indica","97":"product_tag-stylo-vape-alpin-ne-fonctionne-pas","98":"product_tag-stylo-vape-alpin-nyc","99":"product_tag-stylo-vape-alpin-pasadena","100":"product_tag-stylo-vape-alpin-trois-clignotements","101":"product_tag-stylos-dhuile-de-vape-alpine","102":"product_tag-stylos-vape-alpins","103":"product_tag-taille-de-la-batterie-vape-alpine","104":"product_tag-temperature-de-la-batterie-vape-alpine","105":"product_tag-temperature-variable-de-vape-alpine","106":"product_tag-tension-de-la-batterie-du-stylo-vape-alpin","107":"product_tag-tension-de-la-batterie-vape-alpine","108":"product_tag-thc-oil-ireland","109":"product_tag-thc-oil-italy","110":"product_tag-thc-oil-pologne","111":"product_tag-thc-oil-portugal","112":"product_tag-thc-oil-spain","113":"product_tag-vape-alpine-a-cesse-de-frapper","114":"product_tag-vape-alpine-cbd","115":"product_tag-vape-alpine-clignote-10-fois","116":"product_tag-vape-alpine-comment-remplir","117":"product_tag-vape-alpine-dab","118":"product_tag-vape-alpine-humide","119":"product_tag-vape-alpine-la-moins-chere","120":"product_tag-vape-alpine-le-mec","121":"product_tag-vape-alpine-logo","122":"product_tag-vape-alpine-lumiere-bleue-clignotante","123":"product_tag-vape-alpine-orange-julius","124":"product_tag-vape-alpine-sud-pasadena-ca","125":"product_tag-weedmaps-hollywood-vape-alpine","127":"first","128":"instock","129":"shipping-taxable","130":"purchasable","131":"product-type-simple"},"yoast_head":"<!-- This site is optimized with the Yoast SEO plugin v27.3 - https:\/\/yoast.com\/product\/yoast-seo-wordpress\/ -->\n<title>Cartouche vape alpine GG #4 - 510 Premium Carts - alpine vape cbd<\/title>\n<meta name=\"description\" content=\"Cartouche vape alpine GG #4 Un croisement contemporain entre Chem&#039;s Sister et Chocolate Diesel, GG #4 est connu pour ses puissants effets euphorisants\" \/>\n<meta name=\"robots\" content=\"index, follow, max-snippet:-1, max-image-preview:large, max-video-preview:-1\" \/>\n<link rel=\"canonical\" href=\"https:\/\/510premiumcarts.com\/index.php\/product\/cartouche-vape-alpine-gg-4\/\" \/>\n<meta property=\"og:locale\" content=\"fr_FR\" \/>\n<meta property=\"og:type\" content=\"article\" \/>\n<meta property=\"og:title\" content=\"Cartouche vape alpine GG #4 - 510 Premium Carts - alpine vape cbd\" \/>\n<meta property=\"og:description\" content=\"Cartouche vape alpine GG #4 Un croisement contemporain entre Chem&#039;s Sister et Chocolate Diesel, GG #4 est connu pour ses puissants effets euphorisants\" \/>\n<meta property=\"og:url\" content=\"https:\/\/510premiumcarts.com\/index.php\/product\/cartouche-vape-alpine-gg-4\/\" \/>\n<meta property=\"og:site_name\" content=\"510 Premium Carts\" \/>\n<meta property=\"article:modified_time\" content=\"2023-03-11T14:55:17+00:00\" \/>\n<meta property=\"og:image\" content=\"http:\/\/510premiumcarts.com\/wp-content\/uploads\/2021\/10\/GG.jpg\" \/>\n\t<meta property=\"og:image:width\" content=\"640\" \/>\n\t<meta property=\"og:image:height\" content=\"640\" \/>\n\t<meta property=\"og:image:type\" content=\"image\/jpeg\" \/>\n<meta name=\"twitter:card\" content=\"summary_large_image\" \/>\n<meta name=\"twitter:label1\" content=\"Dur\u00e9e de lecture estim\u00e9e\" \/>\n\t<meta name=\"twitter:data1\" content=\"2 minutes\" \/>\n<script type=\"application\/ld+json\" class=\"yoast-schema-graph\">{\"@context\":\"https:\\\/\\\/schema.org\",\"@graph\":[{\"@type\":\"WebPage\",\"@id\":\"https:\\\/\\\/510premiumcarts.com\\\/index.php\\\/product\\\/cartouche-vape-alpine-gg-4\\\/\",\"url\":\"https:\\\/\\\/510premiumcarts.com\\\/index.php\\\/product\\\/cartouche-vape-alpine-gg-4\\\/\",\"name\":\"Cartouche vape alpine GG #4 - 510 Premium Carts - alpine vape cbd\",\"isPartOf\":{\"@id\":\"https:\\\/\\\/510premiumcarts.com\\\/#website\"},\"primaryImageOfPage\":{\"@id\":\"https:\\\/\\\/510premiumcarts.com\\\/index.php\\\/product\\\/cartouche-vape-alpine-gg-4\\\/#primaryimage\"},\"image\":{\"@id\":\"https:\\\/\\\/510premiumcarts.com\\\/index.php\\\/product\\\/cartouche-vape-alpine-gg-4\\\/#primaryimage\"},\"thumbnailUrl\":\"https:\\\/\\\/510premiumcarts.com\\\/wp-content\\\/uploads\\\/2021\\\/10\\\/GG.jpg\",\"datePublished\":\"2021-10-18T11:27:22+00:00\",\"dateModified\":\"2023-03-11T14:55:17+00:00\",\"description\":\"Cartouche vape alpine GG #4 Un croisement contemporain entre Chem's Sister et Chocolate Diesel, GG #4 est connu pour ses puissants effets euphorisants\",\"breadcrumb\":{\"@id\":\"https:\\\/\\\/510premiumcarts.com\\\/index.php\\\/product\\\/cartouche-vape-alpine-gg-4\\\/#breadcrumb\"},\"inLanguage\":\"fr-FR\",\"potentialAction\":[{\"@type\":\"ReadAction\",\"target\":[\"https:\\\/\\\/510premiumcarts.com\\\/index.php\\\/product\\\/cartouche-vape-alpine-gg-4\\\/\"]}]},{\"@type\":\"ImageObject\",\"inLanguage\":\"fr-FR\",\"@id\":\"https:\\\/\\\/510premiumcarts.com\\\/index.php\\\/product\\\/cartouche-vape-alpine-gg-4\\\/#primaryimage\",\"url\":\"https:\\\/\\\/510premiumcarts.com\\\/wp-content\\\/uploads\\\/2021\\\/10\\\/GG.jpg\",\"contentUrl\":\"https:\\\/\\\/510premiumcarts.com\\\/wp-content\\\/uploads\\\/2021\\\/10\\\/GG.jpg\",\"width\":640,\"height\":640,\"caption\":\"Cartouche vape alpine GG #4\"},{\"@type\":\"BreadcrumbList\",\"@id\":\"https:\\\/\\\/510premiumcarts.com\\\/index.php\\\/product\\\/cartouche-vape-alpine-gg-4\\\/#breadcrumb\",\"itemListElement\":[{\"@type\":\"ListItem\",\"position\":1,\"name\":\"Home\",\"item\":\"https:\\\/\\\/510premiumcarts.com\\\/\"},{\"@type\":\"ListItem\",\"position\":2,\"name\":\"Marques de vapotage\",\"item\":\"https:\\\/\\\/510premiumcarts.com\\\/index.php\\\/acheter-du-cannabis\\\/\"},{\"@type\":\"ListItem\",\"position\":3,\"name\":\"Cartouche vape alpine GG #4\"}]},{\"@type\":\"WebSite\",\"@id\":\"https:\\\/\\\/510premiumcarts.com\\\/#website\",\"url\":\"https:\\\/\\\/510premiumcarts.com\\\/\",\"name\":\"510 Premium Carts\",\"description\":\"Just another WordPress site\",\"potentialAction\":[{\"@type\":\"SearchAction\",\"target\":{\"@type\":\"EntryPoint\",\"urlTemplate\":\"https:\\\/\\\/510premiumcarts.com\\\/?s={search_term_string}\"},\"query-input\":{\"@type\":\"PropertyValueSpecification\",\"valueRequired\":true,\"valueName\":\"search_term_string\"}}],\"inLanguage\":\"fr-FR\"}]}<\/script>\n<!-- \/ Yoast SEO plugin. -->","yoast_head_json":{"title":"Cartouche vape alpine GG #4 - 510 Premium Carts - alpine vape cbd","description":"Cartouche vape alpine GG #4 Un croisement contemporain entre Chem's Sister et Chocolate Diesel, GG #4 est connu pour ses puissants effets euphorisants","robots":{"index":"index","follow":"follow","max-snippet":"max-snippet:-1","max-image-preview":"max-image-preview:large","max-video-preview":"max-video-preview:-1"},"canonical":"https:\/\/510premiumcarts.com\/index.php\/product\/cartouche-vape-alpine-gg-4\/","og_locale":"fr_FR","og_type":"article","og_title":"Cartouche vape alpine GG #4 - 510 Premium Carts - alpine vape cbd","og_description":"Cartouche vape alpine GG #4 Un croisement contemporain entre Chem's Sister et Chocolate Diesel, GG #4 est connu pour ses puissants effets euphorisants","og_url":"https:\/\/510premiumcarts.com\/index.php\/product\/cartouche-vape-alpine-gg-4\/","og_site_name":"510 Premium Carts","article_modified_time":"2023-03-11T14:55:17+00:00","og_image":[{"width":640,"height":640,"url":"http:\/\/510premiumcarts.com\/wp-content\/uploads\/2021\/10\/GG.jpg","type":"image\/jpeg"}],"twitter_card":"summary_large_image","twitter_misc":{"Dur\u00e9e de lecture estim\u00e9e":"2 minutes"},"schema":{"@context":"https:\/\/schema.org","@graph":[{"@type":"WebPage","@id":"https:\/\/510premiumcarts.com\/index.php\/product\/cartouche-vape-alpine-gg-4\/","url":"https:\/\/510premiumcarts.com\/index.php\/product\/cartouche-vape-alpine-gg-4\/","name":"Cartouche vape alpine GG #4 - 510 Premium Carts - alpine vape cbd","isPartOf":{"@id":"https:\/\/510premiumcarts.com\/#website"},"primaryImageOfPage":{"@id":"https:\/\/510premiumcarts.com\/index.php\/product\/cartouche-vape-alpine-gg-4\/#primaryimage"},"image":{"@id":"https:\/\/510premiumcarts.com\/index.php\/product\/cartouche-vape-alpine-gg-4\/#primaryimage"},"thumbnailUrl":"https:\/\/510premiumcarts.com\/wp-content\/uploads\/2021\/10\/GG.jpg","datePublished":"2021-10-18T11:27:22+00:00","dateModified":"2023-03-11T14:55:17+00:00","description":"Cartouche vape alpine GG #4 Un croisement contemporain entre Chem's Sister et Chocolate Diesel, GG #4 est connu pour ses puissants effets euphorisants","breadcrumb":{"@id":"https:\/\/510premiumcarts.com\/index.php\/product\/cartouche-vape-alpine-gg-4\/#breadcrumb"},"inLanguage":"fr-FR","potentialAction":[{"@type":"ReadAction","target":["https:\/\/510premiumcarts.com\/index.php\/product\/cartouche-vape-alpine-gg-4\/"]}]},{"@type":"ImageObject","inLanguage":"fr-FR","@id":"https:\/\/510premiumcarts.com\/index.php\/product\/cartouche-vape-alpine-gg-4\/#primaryimage","url":"https:\/\/510premiumcarts.com\/wp-content\/uploads\/2021\/10\/GG.jpg","contentUrl":"https:\/\/510premiumcarts.com\/wp-content\/uploads\/2021\/10\/GG.jpg","width":640,"height":640,"caption":"Cartouche vape alpine GG #4"},{"@type":"BreadcrumbList","@id":"https:\/\/510premiumcarts.com\/index.php\/product\/cartouche-vape-alpine-gg-4\/#breadcrumb","itemListElement":[{"@type":"ListItem","position":1,"name":"Home","item":"https:\/\/510premiumcarts.com\/"},{"@type":"ListItem","position":2,"name":"Marques de vapotage","item":"https:\/\/510premiumcarts.com\/index.php\/acheter-du-cannabis\/"},{"@type":"ListItem","position":3,"name":"Cartouche vape alpine GG #4"}]},{"@type":"WebSite","@id":"https:\/\/510premiumcarts.com\/#website","url":"https:\/\/510premiumcarts.com\/","name":"510 Premium Carts","description":"Just another WordPress site","potentialAction":[{"@type":"SearchAction","target":{"@type":"EntryPoint","urlTemplate":"https:\/\/510premiumcarts.com\/?s={search_term_string}"},"query-input":{"@type":"PropertyValueSpecification","valueRequired":true,"valueName":"search_term_string"}}],"inLanguage":"fr-FR"}]}},"jetpack_sharing_enabled":true,"_links":{"self":[{"href":"https:\/\/510premiumcarts.com\/index.php\/wp-json\/wp\/v2\/product\/200","targetHints":{"allow":["GET"]}}],"collection":[{"href":"https:\/\/510premiumcarts.com\/index.php\/wp-json\/wp\/v2\/product"}],"about":[{"href":"https:\/\/510premiumcarts.com\/index.php\/wp-json\/wp\/v2\/types\/product"}],"replies":[{"embeddable":true,"href":"https:\/\/510premiumcarts.com\/index.php\/wp-json\/wp\/v2\/comments?post=200"}],"wp:featuredmedia":[{"embeddable":true,"href":"https:\/\/510premiumcarts.com\/index.php\/wp-json\/wp\/v2\/media\/201"}],"wp:attachment":[{"href":"https:\/\/510premiumcarts.com\/index.php\/wp-json\/wp\/v2\/media?parent=200"}],"wp:term":[{"taxonomy":"product_brand","embeddable":true,"href":"https:\/\/510premiumcarts.com\/index.php\/wp-json\/wp\/v2\/product_brand?post=200"},{"taxonomy":"product_cat","embeddable":true,"href":"https:\/\/510premiumcarts.com\/index.php\/wp-json\/wp\/v2\/product_cat?post=200"},{"taxonomy":"product_tag","embeddable":true,"href":"https:\/\/510premiumcarts.com\/index.php\/wp-json\/wp\/v2\/product_tag?post=200"}],"curies":[{"name":"wp","href":"https:\/\/api.w.org\/{rel}","templated":true}]}}