{"id":226,"date":"2021-10-18T12:56:55","date_gmt":"2021-10-18T12:56:55","guid":{"rendered":"https:\/\/510premiumcarts.com\/?post_type=product&#038;p=226"},"modified":"2023-03-11T17:51:46","modified_gmt":"2023-03-11T17:51:46","slug":"acheter-big-chief-carts-girl-scout-cookies-en-ligne","status":"publish","type":"product","link":"https:\/\/510premiumcarts.com\/index.php\/product\/acheter-big-chief-carts-girl-scout-cookies-en-ligne\/","title":{"rendered":"Big Chief Chariots Girl Scout Cookies"},"content":{"rendered":"<h1><a href=\"https:\/\/510premiumcarts.com\/index.php\/product\/big-chief-thc-cartridge-1g-pineapple-express\/\"><span style=\"color: #ffcc00;\">Acheter Big Chief Chariots Girl Scout Cookies en ligne<\/span><\/a><\/h1>\n<p>Pour commencer avec les chariots \u00e0 cookies Big Chief Girls scout, c&rsquo;est une vari\u00e9t\u00e9 de m\u00e9lange indica faite en croisant OG Kush avec Durban Poison. GSC produit des impacts euphoriques suivis d&rsquo;un d\u00e9roulement complet du corps. Avec un degr\u00e9 significatif de THC de 90,04 %, il convient donc mieux aux clients ayant une r\u00e9sistance \u00e9lev\u00e9e au THC. GSC est ador\u00e9e pour son profil de saveur douce et percutante avec des notes de menthe, de cerise et de citron.<\/p>\n<p>Plus encore, les patients atteints de cannabis clinique choisissent cette vari\u00e9t\u00e9 pour aider \u00e0 soulager les manifestations li\u00e9es \u00e0 l&rsquo;agonie persistante, \u00e0 la maladie et \u00e0 l&rsquo;envie de malheur. Les cultivateurs disent que GSC remplit les bourgeons verts et violets avec des poils orange br\u00fblants. Cette vari\u00e9t\u00e9 a une saison de floraison normale de 9 \u00e0 10 semaines. Il existe quelques vari\u00e9t\u00e9s uniques de GSC, notamment Thin Mint et Platinum GSC. Fait amusant : Les chariots \u00e0 biscuits Girl Scout ont remport\u00e9 diverses subventions de la Cannabis Cup.<\/p>\n<p>Les chariots Big Chief Vape ont toujours \u00e9t\u00e9 dominants dans l&rsquo;industrie du cannabis et ils sont toujours en charge de leurs produits, de la graine au produit final.<\/p>\n<p>Plus encore, la principale raison pour laquelle les grands chariots d&rsquo;extraits de chef ont toujours \u00e9t\u00e9 les meilleurs chariots de cannabis sur le march\u00e9 jusqu&rsquo;\u00e0 pr\u00e9sent. Assurez-vous toujours de v\u00e9rifier vos chariots, afin de ne pas fumer les faux chariots de vapotage Big Chief qui sont produits par de petits magasins de d\u00e9tail. Nos grands chariots en chef sont obtenus directement \u00e0 partir du grand extrait en chef directement.<\/p>\n<div id=\"content_tab_description\" class=\"tab-content tab-description\">\n<div class=\"tab-content-inner\">\n<div class=\"tab-content-scroll\">\n<h3>Attention aux <a href=\"https:\/\/420weeddispensary.com\/shop\/big-chief-girl-scout-cookies\/\">chariots<\/a> Big Chief Girl Scout Cookies<\/h3>\n<p>Pour conclure, les grands chariots d&rsquo;extraits de chef contiennent du contenu infus\u00e9 de cannabis avec du THC, une substance inscrite \u00e0 l&rsquo;annexe. Tenir hors de port\u00e9e des enfants et des animaux. Les produits \u00e0 base de cannabis ne peuvent \u00eatre poss\u00e9d\u00e9s ou consomm\u00e9s que par des personnes \u00e2g\u00e9es de <a href=\"https:\/\/420weeddispensary.com\/shop\/big-chief-girl-scout-cookies\/\">21<\/a> ans et plus, \u00e0 moins que la personne ne soit un patient qualifi\u00e9. Les effets enivrants des produits \u00e0 base de cannabis peuvent durer jusqu&rsquo;\u00e0 deux heures. La consommation de cannabis pendant la grossesse ou l&rsquo;allaitement peut \u00eatre nocive. La consommation de ces produits alt\u00e8re votre capacit\u00e9 \u00e0 conduire des machines. Veuillez faire preuve d&rsquo;une <a href=\"https:\/\/buycalibudornobud.com\/product\/girl-scout-cookies\/#tab_reviews\">extr\u00eame<\/a> prudence<\/p>\n<h3><a style=\"font-size: 14.4px;\" href=\"https:\/\/www.bestcreamchargerssuppliers.com\/cream-chargers\">.<\/a><\/h3>\n<\/div>\n<\/div>\n<\/div>\n","protected":false},"excerpt":{"rendered":"<p>Acheter Big Chief Chariots Girl Scout Cookies en ligne Pour commencer avec les chariots \u00e0 cookies Big Chief Girls scout, c&rsquo;est une vari\u00e9t\u00e9 de m\u00e9lange indica faite en croisant OG Kush avec Durban Poison. GSC produit des impacts euphoriques suivis d&rsquo;un d\u00e9roulement complet du corps. Avec un degr\u00e9 significatif de THC de 90,04 %, il [&#8230;]\n","protected":false},"featured_media":870,"comment_status":"open","ping_status":"closed","template":"","meta":{"_monsterinsights_skip_tracking":false,"_monsterinsights_sitenote_active":false,"_monsterinsights_sitenote_note":"","_monsterinsights_sitenote_category":0},"product_brand":[],"product_cat":[17],"product_tag":[6115,6113,6114,6116,1241,1330,1329,6117],"class_list":{"0":"post-226","1":"product","2":"type-product","3":"status-publish","4":"has-post-thumbnail","6":"product_cat-big-chiefs-chariots","7":"product_tag-acheter-big-chief-carts-en-ligne","8":"product_tag-acheter-big-chief-carts-girl-scout-cookies","9":"product_tag-acheter-big-chief-carts-girl-scout-cookies-en-ligne","10":"product_tag-acheter-des-extraits-big-chief","11":"product_tag-big-chief","12":"product_tag-big-chief-carts-girl-scout-cookies","13":"product_tag-big-chief-girl-scout-cookies","14":"product_tag-ou-acheter-des-chariots-big-chief-en-ligne","16":"first","17":"instock","18":"shipping-taxable","19":"purchasable","20":"product-type-simple"},"yoast_head":"<!-- This site is optimized with the Yoast SEO plugin v27.3 - https:\/\/yoast.com\/product\/yoast-seo-wordpress\/ -->\n<title>Acheter Big Chief Chariots Girl Scout Cookies - 510 Premium Carts<\/title>\n<meta name=\"description\" content=\"Acheter Big Chief Chariots Girl Scout Cookies Online est un croisement OG Kush et Durban Poison dont la r\u00e9putation est devenue trop grande pour rester dans les\" \/>\n<meta name=\"robots\" content=\"index, follow, max-snippet:-1, max-image-preview:large, max-video-preview:-1\" \/>\n<link rel=\"canonical\" href=\"https:\/\/510premiumcarts.com\/index.php\/product\/acheter-big-chief-carts-girl-scout-cookies-en-ligne\/\" \/>\n<meta property=\"og:locale\" content=\"fr_FR\" \/>\n<meta property=\"og:type\" content=\"article\" \/>\n<meta property=\"og:title\" content=\"Acheter Big Chief Chariots Girl Scout Cookies - 510 Premium Carts\" \/>\n<meta property=\"og:description\" content=\"Acheter Big Chief Chariots Girl Scout Cookies Online est un croisement OG Kush et Durban Poison dont la r\u00e9putation est devenue trop grande pour rester dans les\" \/>\n<meta property=\"og:url\" content=\"https:\/\/510premiumcarts.com\/index.php\/product\/acheter-big-chief-carts-girl-scout-cookies-en-ligne\/\" \/>\n<meta property=\"og:site_name\" content=\"510 Premium Carts\" \/>\n<meta property=\"article:modified_time\" content=\"2023-03-11T17:51:46+00:00\" \/>\n<meta property=\"og:image\" content=\"http:\/\/510premiumcarts.com\/wp-content\/uploads\/2021\/10\/BIG-CHIEF-Girl-Scout-Cookies.webp\" \/>\n\t<meta property=\"og:image:width\" content=\"914\" \/>\n\t<meta property=\"og:image:height\" content=\"861\" \/>\n\t<meta property=\"og:image:type\" content=\"image\/webp\" \/>\n<meta name=\"twitter:card\" content=\"summary_large_image\" \/>\n<meta name=\"twitter:label1\" content=\"Dur\u00e9e de lecture estim\u00e9e\" \/>\n\t<meta name=\"twitter:data1\" content=\"2 minutes\" \/>\n<script type=\"application\/ld+json\" class=\"yoast-schema-graph\">{\"@context\":\"https:\\\/\\\/schema.org\",\"@graph\":[{\"@type\":\"WebPage\",\"@id\":\"https:\\\/\\\/510premiumcarts.com\\\/index.php\\\/product\\\/acheter-big-chief-carts-girl-scout-cookies-en-ligne\\\/\",\"url\":\"https:\\\/\\\/510premiumcarts.com\\\/index.php\\\/product\\\/acheter-big-chief-carts-girl-scout-cookies-en-ligne\\\/\",\"name\":\"Acheter Big Chief Chariots Girl Scout Cookies - 510 Premium Carts\",\"isPartOf\":{\"@id\":\"https:\\\/\\\/510premiumcarts.com\\\/#website\"},\"primaryImageOfPage\":{\"@id\":\"https:\\\/\\\/510premiumcarts.com\\\/index.php\\\/product\\\/acheter-big-chief-carts-girl-scout-cookies-en-ligne\\\/#primaryimage\"},\"image\":{\"@id\":\"https:\\\/\\\/510premiumcarts.com\\\/index.php\\\/product\\\/acheter-big-chief-carts-girl-scout-cookies-en-ligne\\\/#primaryimage\"},\"thumbnailUrl\":\"https:\\\/\\\/510premiumcarts.com\\\/wp-content\\\/uploads\\\/2021\\\/10\\\/BIG-CHIEF-Girl-Scout-Cookies.webp\",\"datePublished\":\"2021-10-18T12:56:55+00:00\",\"dateModified\":\"2023-03-11T17:51:46+00:00\",\"description\":\"Acheter Big Chief Chariots Girl Scout Cookies Online est un croisement OG Kush et Durban Poison dont la r\u00e9putation est devenue trop grande pour rester dans les\",\"breadcrumb\":{\"@id\":\"https:\\\/\\\/510premiumcarts.com\\\/index.php\\\/product\\\/acheter-big-chief-carts-girl-scout-cookies-en-ligne\\\/#breadcrumb\"},\"inLanguage\":\"fr-FR\",\"potentialAction\":[{\"@type\":\"ReadAction\",\"target\":[\"https:\\\/\\\/510premiumcarts.com\\\/index.php\\\/product\\\/acheter-big-chief-carts-girl-scout-cookies-en-ligne\\\/\"]}]},{\"@type\":\"ImageObject\",\"inLanguage\":\"fr-FR\",\"@id\":\"https:\\\/\\\/510premiumcarts.com\\\/index.php\\\/product\\\/acheter-big-chief-carts-girl-scout-cookies-en-ligne\\\/#primaryimage\",\"url\":\"https:\\\/\\\/510premiumcarts.com\\\/wp-content\\\/uploads\\\/2021\\\/10\\\/BIG-CHIEF-Girl-Scout-Cookies.webp\",\"contentUrl\":\"https:\\\/\\\/510premiumcarts.com\\\/wp-content\\\/uploads\\\/2021\\\/10\\\/BIG-CHIEF-Girl-Scout-Cookies.webp\",\"width\":914,\"height\":861,\"caption\":\"Buy Big Chief Carts Girl Scout Cookies Online\"},{\"@type\":\"BreadcrumbList\",\"@id\":\"https:\\\/\\\/510premiumcarts.com\\\/index.php\\\/product\\\/acheter-big-chief-carts-girl-scout-cookies-en-ligne\\\/#breadcrumb\",\"itemListElement\":[{\"@type\":\"ListItem\",\"position\":1,\"name\":\"Home\",\"item\":\"https:\\\/\\\/510premiumcarts.com\\\/\"},{\"@type\":\"ListItem\",\"position\":2,\"name\":\"Marques de vapotage\",\"item\":\"https:\\\/\\\/510premiumcarts.com\\\/index.php\\\/acheter-du-cannabis\\\/\"},{\"@type\":\"ListItem\",\"position\":3,\"name\":\"Big Chief Chariots Girl Scout Cookies\"}]},{\"@type\":\"WebSite\",\"@id\":\"https:\\\/\\\/510premiumcarts.com\\\/#website\",\"url\":\"https:\\\/\\\/510premiumcarts.com\\\/\",\"name\":\"510 Premium Carts\",\"description\":\"Just another WordPress site\",\"potentialAction\":[{\"@type\":\"SearchAction\",\"target\":{\"@type\":\"EntryPoint\",\"urlTemplate\":\"https:\\\/\\\/510premiumcarts.com\\\/?s={search_term_string}\"},\"query-input\":{\"@type\":\"PropertyValueSpecification\",\"valueRequired\":true,\"valueName\":\"search_term_string\"}}],\"inLanguage\":\"fr-FR\"}]}<\/script>\n<!-- \/ Yoast SEO plugin. -->","yoast_head_json":{"title":"Acheter Big Chief Chariots Girl Scout Cookies - 510 Premium Carts","description":"Acheter Big Chief Chariots Girl Scout Cookies Online est un croisement OG Kush et Durban Poison dont la r\u00e9putation est devenue trop grande pour rester dans les","robots":{"index":"index","follow":"follow","max-snippet":"max-snippet:-1","max-image-preview":"max-image-preview:large","max-video-preview":"max-video-preview:-1"},"canonical":"https:\/\/510premiumcarts.com\/index.php\/product\/acheter-big-chief-carts-girl-scout-cookies-en-ligne\/","og_locale":"fr_FR","og_type":"article","og_title":"Acheter Big Chief Chariots Girl Scout Cookies - 510 Premium Carts","og_description":"Acheter Big Chief Chariots Girl Scout Cookies Online est un croisement OG Kush et Durban Poison dont la r\u00e9putation est devenue trop grande pour rester dans les","og_url":"https:\/\/510premiumcarts.com\/index.php\/product\/acheter-big-chief-carts-girl-scout-cookies-en-ligne\/","og_site_name":"510 Premium Carts","article_modified_time":"2023-03-11T17:51:46+00:00","og_image":[{"width":914,"height":861,"url":"http:\/\/510premiumcarts.com\/wp-content\/uploads\/2021\/10\/BIG-CHIEF-Girl-Scout-Cookies.webp","type":"image\/webp"}],"twitter_card":"summary_large_image","twitter_misc":{"Dur\u00e9e de lecture estim\u00e9e":"2 minutes"},"schema":{"@context":"https:\/\/schema.org","@graph":[{"@type":"WebPage","@id":"https:\/\/510premiumcarts.com\/index.php\/product\/acheter-big-chief-carts-girl-scout-cookies-en-ligne\/","url":"https:\/\/510premiumcarts.com\/index.php\/product\/acheter-big-chief-carts-girl-scout-cookies-en-ligne\/","name":"Acheter Big Chief Chariots Girl Scout Cookies - 510 Premium Carts","isPartOf":{"@id":"https:\/\/510premiumcarts.com\/#website"},"primaryImageOfPage":{"@id":"https:\/\/510premiumcarts.com\/index.php\/product\/acheter-big-chief-carts-girl-scout-cookies-en-ligne\/#primaryimage"},"image":{"@id":"https:\/\/510premiumcarts.com\/index.php\/product\/acheter-big-chief-carts-girl-scout-cookies-en-ligne\/#primaryimage"},"thumbnailUrl":"https:\/\/510premiumcarts.com\/wp-content\/uploads\/2021\/10\/BIG-CHIEF-Girl-Scout-Cookies.webp","datePublished":"2021-10-18T12:56:55+00:00","dateModified":"2023-03-11T17:51:46+00:00","description":"Acheter Big Chief Chariots Girl Scout Cookies Online est un croisement OG Kush et Durban Poison dont la r\u00e9putation est devenue trop grande pour rester dans les","breadcrumb":{"@id":"https:\/\/510premiumcarts.com\/index.php\/product\/acheter-big-chief-carts-girl-scout-cookies-en-ligne\/#breadcrumb"},"inLanguage":"fr-FR","potentialAction":[{"@type":"ReadAction","target":["https:\/\/510premiumcarts.com\/index.php\/product\/acheter-big-chief-carts-girl-scout-cookies-en-ligne\/"]}]},{"@type":"ImageObject","inLanguage":"fr-FR","@id":"https:\/\/510premiumcarts.com\/index.php\/product\/acheter-big-chief-carts-girl-scout-cookies-en-ligne\/#primaryimage","url":"https:\/\/510premiumcarts.com\/wp-content\/uploads\/2021\/10\/BIG-CHIEF-Girl-Scout-Cookies.webp","contentUrl":"https:\/\/510premiumcarts.com\/wp-content\/uploads\/2021\/10\/BIG-CHIEF-Girl-Scout-Cookies.webp","width":914,"height":861,"caption":"Buy Big Chief Carts Girl Scout Cookies Online"},{"@type":"BreadcrumbList","@id":"https:\/\/510premiumcarts.com\/index.php\/product\/acheter-big-chief-carts-girl-scout-cookies-en-ligne\/#breadcrumb","itemListElement":[{"@type":"ListItem","position":1,"name":"Home","item":"https:\/\/510premiumcarts.com\/"},{"@type":"ListItem","position":2,"name":"Marques de vapotage","item":"https:\/\/510premiumcarts.com\/index.php\/acheter-du-cannabis\/"},{"@type":"ListItem","position":3,"name":"Big Chief Chariots Girl Scout Cookies"}]},{"@type":"WebSite","@id":"https:\/\/510premiumcarts.com\/#website","url":"https:\/\/510premiumcarts.com\/","name":"510 Premium Carts","description":"Just another WordPress site","potentialAction":[{"@type":"SearchAction","target":{"@type":"EntryPoint","urlTemplate":"https:\/\/510premiumcarts.com\/?s={search_term_string}"},"query-input":{"@type":"PropertyValueSpecification","valueRequired":true,"valueName":"search_term_string"}}],"inLanguage":"fr-FR"}]}},"jetpack_sharing_enabled":true,"_links":{"self":[{"href":"https:\/\/510premiumcarts.com\/index.php\/wp-json\/wp\/v2\/product\/226","targetHints":{"allow":["GET"]}}],"collection":[{"href":"https:\/\/510premiumcarts.com\/index.php\/wp-json\/wp\/v2\/product"}],"about":[{"href":"https:\/\/510premiumcarts.com\/index.php\/wp-json\/wp\/v2\/types\/product"}],"replies":[{"embeddable":true,"href":"https:\/\/510premiumcarts.com\/index.php\/wp-json\/wp\/v2\/comments?post=226"}],"wp:featuredmedia":[{"embeddable":true,"href":"https:\/\/510premiumcarts.com\/index.php\/wp-json\/wp\/v2\/media\/870"}],"wp:attachment":[{"href":"https:\/\/510premiumcarts.com\/index.php\/wp-json\/wp\/v2\/media?parent=226"}],"wp:term":[{"taxonomy":"product_brand","embeddable":true,"href":"https:\/\/510premiumcarts.com\/index.php\/wp-json\/wp\/v2\/product_brand?post=226"},{"taxonomy":"product_cat","embeddable":true,"href":"https:\/\/510premiumcarts.com\/index.php\/wp-json\/wp\/v2\/product_cat?post=226"},{"taxonomy":"product_tag","embeddable":true,"href":"https:\/\/510premiumcarts.com\/index.php\/wp-json\/wp\/v2\/product_tag?post=226"}],"curies":[{"name":"wp","href":"https:\/\/api.w.org\/{rel}","templated":true}]}}