{"id":234,"date":"2021-10-18T13:34:53","date_gmt":"2021-10-18T13:34:53","guid":{"rendered":"https:\/\/510premiumcarts.com\/?post_type=product&#038;p=234"},"modified":"2023-03-12T18:34:25","modified_gmt":"2023-03-12T18:34:25","slug":"cartouche-big-chief-thc-1g-napalm-og","status":"publish","type":"product","link":"https:\/\/510premiumcarts.com\/index.php\/product\/cartouche-big-chief-thc-1g-napalm-og\/","title":{"rendered":"Cartouche Big Chief THC 1G &#8211; Napalm OG"},"content":{"rendered":"<h1 class=\"\"><a href=\"https:\/\/510premiumcarts.com\/index.php\/product\/acheter-honey-rose-vape-cartouche-en-ligne\/\"><span style=\"color: #ffcc00;\">Cartouche Big Chief THC 1G &#8211; Napalm OG<\/span><\/a><\/h1>\n<p>Napalm OG a \u00e9t\u00e9 cr\u00e9\u00e9e par Alien Genetics en croisant leurs vari\u00e9t\u00e9s Tahoe Alien et Alien Kush. Comme son nom l&rsquo;indique, il s&rsquo;agit d&rsquo;une vari\u00e9t\u00e9 puissante qui terrassera m\u00eame les fumeurs les plus exp\u00e9riment\u00e9s. Attendez-vous \u00e0 un ar\u00f4me et une saveur de kushy \u00e9pic\u00e9, poivr\u00e9 et citronn\u00e9 qui laisseront vos sens stimul\u00e9s et votre corps sombrera dans un profond effet euphorique. <span style=\"color: #ffffff;\">Cartouche Big Chief THC 1G &#8211; Napalm OG<\/span><\/p>\n<h2><strong>\u00c0 propos de la souche <a href=\"https:\/\/weedbates.com\/vape-pens\/cartridges\/big-chief-thc-cartridge-1g-napalm-og\/\">Napalm<\/a> OG<\/strong><\/h2>\n<p>Dans cette cartouche, vous trouverez Napalm <a href=\"https:\/\/www.onlyplatinum.me\/product\/big-chief-thc-cartridge-1g-napalm-og\/\">OG<\/a>, une vari\u00e9t\u00e9 aromatique et savoureuse connue pour son ar\u00f4me \u00e9pic\u00e9 et poivr\u00e9. Il est certain de vous offrir une exp\u00e9rience de fumeur inoubliable, que vous soyez un fumeur exp\u00e9riment\u00e9 ou d\u00e9butant.<\/p>\n<p>Les diff\u00e9rentes parties de la cartouche Big Chief THC<\/p>\n<p>Une cartouche THC est compos\u00e9e de plusieurs parties : la cartouche elle-m\u00eame, la r\u00e9sistance, la m\u00e8che et l&#8217;embout buccal. La cartouche est l&rsquo;\u00e9l\u00e9ment principal du gadget et contient l&rsquo;huile de cannabis. La bobine est recouverte autour de la m\u00e8che et chauffe pour vaporiser l&rsquo;huile. La m\u00e8che s&rsquo;impr\u00e8gne de l&rsquo;huile et la transporte vers l&rsquo;anneau. L&#8217;embout buccal est li\u00e9 au couvercle de la cartouche et permet d&rsquo;aspirer la <a href=\"https:\/\/bigchiefofficial.co\/product\/napalm-og\/\">vapeur<\/a>.<\/p>\n<p><a href=\"https:\/\/bigchiefofficial.co\/product\/napalm-og\/\"><strong>La bobine<\/strong><\/a><\/p>\n<p>La bobine est un petit fil m\u00e9tallique qui est enferm\u00e9 pr\u00e8s de la m\u00e8che. Il sert d&rsquo;\u00e9l\u00e9ment chauffant et vaporise l&rsquo;huile de cannabis lorsqu&rsquo;elle devient suffisamment chaude. L&rsquo;anneau doit \u00eatre fait d&rsquo;une substance qui peut r\u00e9sister \u00e0 des temp\u00e9ratures \u00e9lev\u00e9es sans bouillir ni ramollir. Certains mat\u00e9riaux typiques utilis\u00e9s pour les bobines sont le kanthal, le nichrome et l&rsquo;acier inoxydable.<\/p>\n<p><strong>La m\u00e8che<\/strong><\/p>\n<p>La m\u00e8che est un petit morceau de mat\u00e9riau qui absorbe l&rsquo;huile de cannabis et la transf\u00e8re \u00e0 la bobine. Il est g\u00e9n\u00e9ralement fabriqu\u00e9 \u00e0 partir de coton, mais d&rsquo;autres mat\u00e9riaux, tels que la corde de silice ou la c\u00e9ramique, peuvent \u00e9galement \u00eatre utilis\u00e9s. Les m\u00e8ches doivent \u00eatre remplac\u00e9es p\u00e9riodiquement car elles finiront par se boucher avec des r\u00e9sidus d&rsquo;huiles vaporis\u00e9es.<\/p>\n<p><strong>L&#8217;embouchure<\/strong><\/p>\n<p>L&#8217;embout buccal est li\u00e9 au couvercle de la cartouche et permet d&rsquo;aspirer la vapeur. Il peut \u00eatre fabriqu\u00e9 \u00e0 partir de diff\u00e9rents mat\u00e9riaux tels que le plastique, le m\u00e9tal ou le <a href=\"https:\/\/thehollyweed.com\/all-weed-products\/cartridges\/big-chief-extracts-the-distillate-cartridge-napalm-og\/\">verre<\/a>, mais la plupart des embouts buccaux sont fabriqu\u00e9s \u00e0 partir de plastique car il est moins susceptible de se casser que d&rsquo;autres mat\u00e9riaux.<\/p>\n<p><strong>Comment assembler votre cartouche Big Chief THC<\/strong><\/p>\n<p>La premi\u00e8re \u00e9tape de l&rsquo;assemblage de votre cartouche THC est sa pr\u00e9paration. Vous devrez retirer le haut de la cartouche pour pouvoir acc\u00e9der \u00e0 la bobine et \u00e0 la m\u00e8che. Pour cela, il suffit de d\u00e9visser le haut de la cartouche de la base. Comme vous l&rsquo;avez fait, vous pouvez mettre de c\u00f4t\u00e9 le haut de la cartouche.<\/p>\n<p><strong>Deuxi\u00e8me \u00e9tape:<\/strong> Assemblage de la bobine<\/p>\n<p>L&rsquo;\u00e9tape suivante consiste \u00e0 terminer la bobine. Vous aurez besoin d&rsquo;enfiler le fil \u00e0 travers les trous de la bobine pour former une spirale serr\u00e9e. Une fois que vous avez fait cela, vous pouvez visser la bobine en place au bas de la cartouche.<\/p>\n<p><strong>Troisi\u00e8me \u00e9tap<\/strong>e: Assemblage de la m\u00e8che<\/p>\n<p>L&rsquo;\u00e9tape suivante consiste \u00e0 assembler la m\u00e8che. Vous devrez enfiler une extr\u00e9mit\u00e9 de la m\u00e8che \u00e0 travers le trou de la bobine, puis la visser en place \u00e0 le fond de la cartouche.<\/p>\n<p>Quatri\u00e8me \u00e9tape : Assemblage de l&#8217;embout buccal<\/p>\n<p>La derni\u00e8re \u00e9tape consiste \u00e0 fabriquer l&#8217;embout buccal. Vous devrez serrer l&#8217;embout buccal dans un endroit en haut de la cartouche. Une fois que vous avez fait cela, votre cartouche de THC est pr\u00eate \u00e0 \u00eatre utilis\u00e9e !<\/p>\n<h2>Comment remplir votre cartouche Big Chief THC<\/h2>\n<p>Avant de commencer \u00e0 remplir votre cartouche de THC, il est essentiel de pr\u00e9parer d&rsquo;abord la cartouche elle-m\u00eame. Cette \u00e9tape est essentielle pour garantir que votre cartouche fonctionnera correctement et fournira une vapeur de bonne qualit\u00e9.<\/p>\n<p>Pour pr\u00e9parer la cartouche :<\/p>\n<ol>\n<li>Commencez par retirer le capuchon et l&#8217;embout buccal.<\/li>\n<li>Utilisez un coton-tige ou un dispositif similaire pour nettoyer l&rsquo;int\u00e9rieur de la cartouche.<\/li>\n<li>Videz la boue ou les d\u00e9chets \u00e9ventuellement pr\u00e9sents.<\/li>\n<li>Une fois la cartouche propre, replacez le capuchon et l&#8217;embout buccal.\n<p>Deuxi\u00e8me \u00e9tape\u00a0: Remplissage de la cartouche<\/li>\n<\/ol>\n<p>Now that the cartridge is prepared, you can begin filling it with THC oil. Start by removing the cap and mouthpiece from the cartridge again. Using a syringe or other similar tool, carefully fill the cartridge with THC oil until it is nearly complete. Be careful not to overfill the cartridge, as this can lead to later problems with the vapor production. Once the cartridge is filled, replace the cap and mouthpiece.<\/p>\n<p><strong>Troisi\u00e8me<\/strong> \u00e9tape\u00a0: Assemblage de la bobine<\/p>\n<p>La prochaine \u00e9tape du remplissage de votre cartouche THC consiste \u00e0 assembler la r\u00e9sistance. Cette partie du processus est simple ; vissez simplement la bobine en place sur le dessus de la m\u00e8che. Assurez-vous qu&rsquo;il est bien viss\u00e9 afin qu&rsquo;il n&rsquo;y ait pas de fissures entre la bobine et la m\u00e8che.<\/p>\n<p><strong>Quatri\u00e8me \u00e9tape<\/strong>: Assemblage de la m\u00e8che.<\/p>\n<p>Apr\u00e8s avoir assembl\u00e9 la bobine, la prochaine \u00e9tape consiste \u00e0 assembler la m\u00e8che. Pour ce faire, enfilez simplement la m\u00e8che \u00e0 travers la bobine. Assurez-vous que la m\u00e8che est bien ajust\u00e9e contre la bobine afin qu&rsquo;il n&rsquo;y ait pas d&rsquo;espace entre eux.<\/p>\n<p><strong>Cinqui\u00e8me \u00e9tape<\/strong>: Assemblage de l&#8217;embout buccal.<\/p>\n<p>La derni\u00e8re \u00e9tape de l&rsquo;assemblage de votre cartouche THC consiste \u00e0 fixer l&#8217;embout buccal. Vissez l&#8217;embout buccal en place sur le dessus de la cartouche. Assurez-vous qu&rsquo;il est bien viss\u00e9 afin qu&rsquo;il n&rsquo;y ait pas d&rsquo;espace entre eux.<\/p>\n<h3>Comment utiliser votre cartouche Big Chief THC<\/h3>\n<p>Pour utiliser votre cartouche THC, extrayez l&#8217;embout buccal et d\u00e9vissez le couvercle m\u00e9tallique de la cartouche. Ensuite, vissez la cartouche dans votre stylo vape ou votre e-cigarette. Une fois viss\u00e9, appuyez sur le bouton de votre vapo stylo ou e-cigarette pour faire chauffer la r\u00e9sistance. Inspirez lentement et r\u00e9guli\u00e8rement pendant environ 3 \u00e0 5 secondes. Vous pouvez ensuite rel\u00e2cher le bouton et faire une pause de quelques secondes avant de prendre un autre coup.<\/p>\n<p><strong>Deuxi\u00e8me \u00e9tape:<\/strong> utiliser la bobine<\/p>\n<p>La bobine chauffe et vaporise l&rsquo;huile de THC \u00e0 l&rsquo;int\u00e9rieur de la cartouche. Il est important de ne pas laisser la bobine devenir trop chaude, car cela pourrait la faire griller pr\u00e9matur\u00e9ment. Pour \u00e9viter cela, n&rsquo;appuyez sur le bouton de votre stylo vape ou de votre e-cigarette que pendant quelques secondes \u00e0 la fois lorsque vous tirez une bouff\u00e9e. Si vous remarquez que les impacts deviennent plus faibles ou moins savoureux, il est probablement temps de remplacer la r\u00e9sistance.<\/p>\n<p><strong>Troisi\u00e8me \u00e9tape:<\/strong> utiliser la m\u00e8che<\/p>\n<p>La m\u00e8che est ce qui absorbe l&rsquo;huile de THC et la transmet au serpentin pour qu&rsquo;elle soit vaporis\u00e9e. Si vous remarquez que vos bouff\u00e9es deviennent plus faibles ou moins savoureuses, c&rsquo;est probablement parce que la m\u00e8che doit \u00eatre remplac\u00e9e. Pour ce faire, il suffit de retirer l&rsquo;ancienne m\u00e8che et d&rsquo;en ins\u00e9rer une nouvelle dans la cartouche.<\/p>\n<p><span style=\"color: #ffcc00;\"><strong>Utilisation de l&#8217;embout buccal<\/strong><\/span><\/p>\n<p>L&#8217;embout buccal est l&rsquo;endroit o\u00f9 vous inhalez lorsque vous tirez une bouff\u00e9e de votre cartouche de THC. Certaines cartouches ont des embouts amovibles, tandis que d&rsquo;autres ont des embouts permanents attach\u00e9s. Si le v\u00f4tre est amovible, retirez-le lorsque vous avez fini de l&rsquo;utiliser et remettez-le lorsque vous \u00eates pr\u00eat \u00e0 recommencer. S&rsquo;il n&rsquo;est pas amovible, assurez-vous simplement de le nettoyer apr\u00e8s chaque utilisation.<\/p>\n","protected":false},"excerpt":{"rendered":"<div class=\"et-promo-text\">\n<p>et une huile de cannabis puissante qui ne manquera pas d&rsquo;amener votre exp\u00e9rience de fumer vers de nouveaux sommets. Cette cartouche est remplie de Napalm OG, une vari\u00e9t\u00e9 connue pour son ar\u00f4me et sa saveur \u00e9pic\u00e9s, poivr\u00e9s et citronn\u00e9s. Que vous soyez un fumeur exp\u00e9riment\u00e9 ou d\u00e9butant, la cartouche Big Chief THC vous procurera \u00e0 coup s\u00fbr une exp\u00e9rience de fumage inoubliable.<\/p>\n<p>Cette cartouche puissante est faite d&rsquo;un croisement de vari\u00e9t\u00e9s Tahoe Alien et Alien Kush, lui donnant une saveur intense et inoubliable. Vous ressentirez ses effets relaxants et euphorisants en quelques bouff\u00e9es. Donc, si vous cherchez \u00e0 porter votre prochaine aventure cannabique vers de nouveaux sommets, assurez-vous d&rsquo;essayer la cartouche Big Chief THC.<\/p>\n<\/div>\n","protected":false},"featured_media":235,"comment_status":"open","ping_status":"closed","template":"","meta":{"_monsterinsights_skip_tracking":false,"_monsterinsights_sitenote_active":false,"_monsterinsights_sitenote_note":"","_monsterinsights_sitenote_category":0},"product_brand":[],"product_cat":[17],"product_tag":[6196,6097,1289,6195,1290,1291,1292,1293,1294,1295,1296,1297,6049,1299],"class_list":{"0":"post-234","1":"product","2":"type-product","3":"status-publish","4":"has-post-thumbnail","6":"product_cat-big-chiefs-chariots","7":"product_tag-cartouche-big-chief-thc-1g-napalm-og","8":"product_tag-stylos-vape-big-chief","9":"product_tag-thc-oil-austria","10":"product_tag-thc-oil-espagne","11":"product_tag-thc-oil-finland","12":"product_tag-thc-oil-france","13":"product_tag-thc-oil-germany","14":"product_tag-thc-oil-greece","15":"product_tag-thc-oil-hungary","16":"product_tag-thc-oil-in-europe","17":"product_tag-thc-oil-ireland","18":"product_tag-thc-oil-italy","19":"product_tag-thc-oil-pologne","20":"product_tag-thc-oil-portugal","22":"first","23":"instock","24":"shipping-taxable","25":"purchasable","26":"product-type-simple"},"yoast_head":"<!-- This site is optimized with the Yoast SEO plugin v27.3 - https:\/\/yoast.com\/product\/yoast-seo-wordpress\/ -->\n<title>Cartouche Big Chief THC 1G - Napalm OG - 510 Premium Carts<\/title>\n<meta name=\"description\" content=\"Cartouche Big Chief THC 1G - Napalm OG a \u00e9t\u00e9 cr\u00e9\u00e9e par Alien Genetics en croisant leurs vari\u00e9t\u00e9s Tahoe Alien et Alien Kush. Comme son nom l&#039;indique, c&#039;est une vari\u00e9t\u00e9 puissante\" \/>\n<meta name=\"robots\" content=\"index, follow, max-snippet:-1, max-image-preview:large, max-video-preview:-1\" \/>\n<link rel=\"canonical\" href=\"https:\/\/510premiumcarts.com\/index.php\/product\/cartouche-big-chief-thc-1g-napalm-og\/\" \/>\n<meta property=\"og:locale\" content=\"fr_FR\" \/>\n<meta property=\"og:type\" content=\"article\" \/>\n<meta property=\"og:title\" content=\"Cartouche Big Chief THC 1G - Napalm OG - 510 Premium Carts\" \/>\n<meta property=\"og:description\" content=\"Cartouche Big Chief THC 1G - Napalm OG a \u00e9t\u00e9 cr\u00e9\u00e9e par Alien Genetics en croisant leurs vari\u00e9t\u00e9s Tahoe Alien et Alien Kush. Comme son nom l&#039;indique, c&#039;est une vari\u00e9t\u00e9 puissante\" \/>\n<meta property=\"og:url\" content=\"https:\/\/510premiumcarts.com\/index.php\/product\/cartouche-big-chief-thc-1g-napalm-og\/\" \/>\n<meta property=\"og:site_name\" content=\"510 Premium Carts\" \/>\n<meta property=\"article:modified_time\" content=\"2023-03-12T18:34:25+00:00\" \/>\n<meta property=\"og:image\" content=\"http:\/\/510premiumcarts.com\/wp-content\/uploads\/2021\/10\/Napalm-OG-scaled.jpg\" \/>\n\t<meta property=\"og:image:width\" content=\"2194\" \/>\n\t<meta property=\"og:image:height\" content=\"2560\" \/>\n\t<meta property=\"og:image:type\" content=\"image\/jpeg\" \/>\n<meta name=\"twitter:card\" content=\"summary_large_image\" \/>\n<meta name=\"twitter:label1\" content=\"Dur\u00e9e de lecture estim\u00e9e\" \/>\n\t<meta name=\"twitter:data1\" content=\"6 minutes\" \/>\n<script type=\"application\/ld+json\" class=\"yoast-schema-graph\">{\"@context\":\"https:\\\/\\\/schema.org\",\"@graph\":[{\"@type\":\"WebPage\",\"@id\":\"https:\\\/\\\/510premiumcarts.com\\\/index.php\\\/product\\\/cartouche-big-chief-thc-1g-napalm-og\\\/\",\"url\":\"https:\\\/\\\/510premiumcarts.com\\\/index.php\\\/product\\\/cartouche-big-chief-thc-1g-napalm-og\\\/\",\"name\":\"Cartouche Big Chief THC 1G - Napalm OG - 510 Premium Carts\",\"isPartOf\":{\"@id\":\"https:\\\/\\\/510premiumcarts.com\\\/#website\"},\"primaryImageOfPage\":{\"@id\":\"https:\\\/\\\/510premiumcarts.com\\\/index.php\\\/product\\\/cartouche-big-chief-thc-1g-napalm-og\\\/#primaryimage\"},\"image\":{\"@id\":\"https:\\\/\\\/510premiumcarts.com\\\/index.php\\\/product\\\/cartouche-big-chief-thc-1g-napalm-og\\\/#primaryimage\"},\"thumbnailUrl\":\"https:\\\/\\\/510premiumcarts.com\\\/wp-content\\\/uploads\\\/2021\\\/10\\\/Napalm-OG-scaled.jpg\",\"datePublished\":\"2021-10-18T13:34:53+00:00\",\"dateModified\":\"2023-03-12T18:34:25+00:00\",\"description\":\"Cartouche Big Chief THC 1G - Napalm OG a \u00e9t\u00e9 cr\u00e9\u00e9e par Alien Genetics en croisant leurs vari\u00e9t\u00e9s Tahoe Alien et Alien Kush. Comme son nom l'indique, c'est une vari\u00e9t\u00e9 puissante\",\"breadcrumb\":{\"@id\":\"https:\\\/\\\/510premiumcarts.com\\\/index.php\\\/product\\\/cartouche-big-chief-thc-1g-napalm-og\\\/#breadcrumb\"},\"inLanguage\":\"fr-FR\",\"potentialAction\":[{\"@type\":\"ReadAction\",\"target\":[\"https:\\\/\\\/510premiumcarts.com\\\/index.php\\\/product\\\/cartouche-big-chief-thc-1g-napalm-og\\\/\"]}]},{\"@type\":\"ImageObject\",\"inLanguage\":\"fr-FR\",\"@id\":\"https:\\\/\\\/510premiumcarts.com\\\/index.php\\\/product\\\/cartouche-big-chief-thc-1g-napalm-og\\\/#primaryimage\",\"url\":\"https:\\\/\\\/510premiumcarts.com\\\/wp-content\\\/uploads\\\/2021\\\/10\\\/Napalm-OG-scaled.jpg\",\"contentUrl\":\"https:\\\/\\\/510premiumcarts.com\\\/wp-content\\\/uploads\\\/2021\\\/10\\\/Napalm-OG-scaled.jpg\",\"width\":2194,\"height\":2560,\"caption\":\"Cartouche Big Chief THC 1G - Napalm OG\"},{\"@type\":\"BreadcrumbList\",\"@id\":\"https:\\\/\\\/510premiumcarts.com\\\/index.php\\\/product\\\/cartouche-big-chief-thc-1g-napalm-og\\\/#breadcrumb\",\"itemListElement\":[{\"@type\":\"ListItem\",\"position\":1,\"name\":\"Home\",\"item\":\"https:\\\/\\\/510premiumcarts.com\\\/\"},{\"@type\":\"ListItem\",\"position\":2,\"name\":\"Marques de vapotage\",\"item\":\"https:\\\/\\\/510premiumcarts.com\\\/index.php\\\/acheter-du-cannabis\\\/\"},{\"@type\":\"ListItem\",\"position\":3,\"name\":\"Cartouche Big Chief THC 1G &#8211; Napalm OG\"}]},{\"@type\":\"WebSite\",\"@id\":\"https:\\\/\\\/510premiumcarts.com\\\/#website\",\"url\":\"https:\\\/\\\/510premiumcarts.com\\\/\",\"name\":\"510 Premium Carts\",\"description\":\"Just another WordPress site\",\"potentialAction\":[{\"@type\":\"SearchAction\",\"target\":{\"@type\":\"EntryPoint\",\"urlTemplate\":\"https:\\\/\\\/510premiumcarts.com\\\/?s={search_term_string}\"},\"query-input\":{\"@type\":\"PropertyValueSpecification\",\"valueRequired\":true,\"valueName\":\"search_term_string\"}}],\"inLanguage\":\"fr-FR\"}]}<\/script>\n<!-- \/ Yoast SEO plugin. -->","yoast_head_json":{"title":"Cartouche Big Chief THC 1G - Napalm OG - 510 Premium Carts","description":"Cartouche Big Chief THC 1G - Napalm OG a \u00e9t\u00e9 cr\u00e9\u00e9e par Alien Genetics en croisant leurs vari\u00e9t\u00e9s Tahoe Alien et Alien Kush. Comme son nom l'indique, c'est une vari\u00e9t\u00e9 puissante","robots":{"index":"index","follow":"follow","max-snippet":"max-snippet:-1","max-image-preview":"max-image-preview:large","max-video-preview":"max-video-preview:-1"},"canonical":"https:\/\/510premiumcarts.com\/index.php\/product\/cartouche-big-chief-thc-1g-napalm-og\/","og_locale":"fr_FR","og_type":"article","og_title":"Cartouche Big Chief THC 1G - Napalm OG - 510 Premium Carts","og_description":"Cartouche Big Chief THC 1G - Napalm OG a \u00e9t\u00e9 cr\u00e9\u00e9e par Alien Genetics en croisant leurs vari\u00e9t\u00e9s Tahoe Alien et Alien Kush. Comme son nom l'indique, c'est une vari\u00e9t\u00e9 puissante","og_url":"https:\/\/510premiumcarts.com\/index.php\/product\/cartouche-big-chief-thc-1g-napalm-og\/","og_site_name":"510 Premium Carts","article_modified_time":"2023-03-12T18:34:25+00:00","og_image":[{"width":2194,"height":2560,"url":"http:\/\/510premiumcarts.com\/wp-content\/uploads\/2021\/10\/Napalm-OG-scaled.jpg","type":"image\/jpeg"}],"twitter_card":"summary_large_image","twitter_misc":{"Dur\u00e9e de lecture estim\u00e9e":"6 minutes"},"schema":{"@context":"https:\/\/schema.org","@graph":[{"@type":"WebPage","@id":"https:\/\/510premiumcarts.com\/index.php\/product\/cartouche-big-chief-thc-1g-napalm-og\/","url":"https:\/\/510premiumcarts.com\/index.php\/product\/cartouche-big-chief-thc-1g-napalm-og\/","name":"Cartouche Big Chief THC 1G - Napalm OG - 510 Premium Carts","isPartOf":{"@id":"https:\/\/510premiumcarts.com\/#website"},"primaryImageOfPage":{"@id":"https:\/\/510premiumcarts.com\/index.php\/product\/cartouche-big-chief-thc-1g-napalm-og\/#primaryimage"},"image":{"@id":"https:\/\/510premiumcarts.com\/index.php\/product\/cartouche-big-chief-thc-1g-napalm-og\/#primaryimage"},"thumbnailUrl":"https:\/\/510premiumcarts.com\/wp-content\/uploads\/2021\/10\/Napalm-OG-scaled.jpg","datePublished":"2021-10-18T13:34:53+00:00","dateModified":"2023-03-12T18:34:25+00:00","description":"Cartouche Big Chief THC 1G - Napalm OG a \u00e9t\u00e9 cr\u00e9\u00e9e par Alien Genetics en croisant leurs vari\u00e9t\u00e9s Tahoe Alien et Alien Kush. Comme son nom l'indique, c'est une vari\u00e9t\u00e9 puissante","breadcrumb":{"@id":"https:\/\/510premiumcarts.com\/index.php\/product\/cartouche-big-chief-thc-1g-napalm-og\/#breadcrumb"},"inLanguage":"fr-FR","potentialAction":[{"@type":"ReadAction","target":["https:\/\/510premiumcarts.com\/index.php\/product\/cartouche-big-chief-thc-1g-napalm-og\/"]}]},{"@type":"ImageObject","inLanguage":"fr-FR","@id":"https:\/\/510premiumcarts.com\/index.php\/product\/cartouche-big-chief-thc-1g-napalm-og\/#primaryimage","url":"https:\/\/510premiumcarts.com\/wp-content\/uploads\/2021\/10\/Napalm-OG-scaled.jpg","contentUrl":"https:\/\/510premiumcarts.com\/wp-content\/uploads\/2021\/10\/Napalm-OG-scaled.jpg","width":2194,"height":2560,"caption":"Cartouche Big Chief THC 1G - Napalm OG"},{"@type":"BreadcrumbList","@id":"https:\/\/510premiumcarts.com\/index.php\/product\/cartouche-big-chief-thc-1g-napalm-og\/#breadcrumb","itemListElement":[{"@type":"ListItem","position":1,"name":"Home","item":"https:\/\/510premiumcarts.com\/"},{"@type":"ListItem","position":2,"name":"Marques de vapotage","item":"https:\/\/510premiumcarts.com\/index.php\/acheter-du-cannabis\/"},{"@type":"ListItem","position":3,"name":"Cartouche Big Chief THC 1G &#8211; Napalm OG"}]},{"@type":"WebSite","@id":"https:\/\/510premiumcarts.com\/#website","url":"https:\/\/510premiumcarts.com\/","name":"510 Premium Carts","description":"Just another WordPress site","potentialAction":[{"@type":"SearchAction","target":{"@type":"EntryPoint","urlTemplate":"https:\/\/510premiumcarts.com\/?s={search_term_string}"},"query-input":{"@type":"PropertyValueSpecification","valueRequired":true,"valueName":"search_term_string"}}],"inLanguage":"fr-FR"}]}},"jetpack_sharing_enabled":true,"_links":{"self":[{"href":"https:\/\/510premiumcarts.com\/index.php\/wp-json\/wp\/v2\/product\/234","targetHints":{"allow":["GET"]}}],"collection":[{"href":"https:\/\/510premiumcarts.com\/index.php\/wp-json\/wp\/v2\/product"}],"about":[{"href":"https:\/\/510premiumcarts.com\/index.php\/wp-json\/wp\/v2\/types\/product"}],"replies":[{"embeddable":true,"href":"https:\/\/510premiumcarts.com\/index.php\/wp-json\/wp\/v2\/comments?post=234"}],"wp:featuredmedia":[{"embeddable":true,"href":"https:\/\/510premiumcarts.com\/index.php\/wp-json\/wp\/v2\/media\/235"}],"wp:attachment":[{"href":"https:\/\/510premiumcarts.com\/index.php\/wp-json\/wp\/v2\/media?parent=234"}],"wp:term":[{"taxonomy":"product_brand","embeddable":true,"href":"https:\/\/510premiumcarts.com\/index.php\/wp-json\/wp\/v2\/product_brand?post=234"},{"taxonomy":"product_cat","embeddable":true,"href":"https:\/\/510premiumcarts.com\/index.php\/wp-json\/wp\/v2\/product_cat?post=234"},{"taxonomy":"product_tag","embeddable":true,"href":"https:\/\/510premiumcarts.com\/index.php\/wp-json\/wp\/v2\/product_tag?post=234"}],"curies":[{"name":"wp","href":"https:\/\/api.w.org\/{rel}","templated":true}]}}