{"id":249,"date":"2021-10-18T19:22:31","date_gmt":"2021-10-18T19:22:31","guid":{"rendered":"https:\/\/510premiumcarts.com\/?post_type=product&#038;p=249"},"modified":"2023-03-13T10:00:01","modified_gmt":"2023-03-13T10:00:01","slug":"gsc-girl-scout-cookies-bloom-cart","status":"publish","type":"product","link":"https:\/\/510premiumcarts.com\/index.php\/product\/gsc-girl-scout-cookies-bloom-cart\/","title":{"rendered":"GSC &#8211; Girl Scout Cookies bloom Chariot"},"content":{"rendered":"<h1><a href=\"https:\/\/510premiumcarts.com\/index.php\/product\/acheter-honey-rose-vape-cartouche-en-ligne\/\"><span style=\"font-size: 120%; color: #ffcc00;\">GSC &#8211; Girl Scout Cookies bloom Chariot<\/span><\/a><\/h1>\n<p>Si vous voulez essayer des chariots de floraison qui ont un effet uniform\u00e9ment \u00e9quilibr\u00e9, alors la vape Girl Scout Cookies pourrait \u00eatre celle qui sera un excellent choix pour vous. Il s&rsquo;agit d&rsquo;un chariot de floraison hybride classique populaire \u00e0 vendre qui offre de merveilleux effets hybrides. Nos cartouches bloom GSC vous apaiseront physiquement. Et \u00e9ventuellement, traitez votre tension et votre douleur. Cette vape fleurie vous offrira \u00e9galement un high c\u00e9r\u00e9bral \u00e9difiant sans que vous vous sentiez somnolent. Le go\u00fbt sucr\u00e9 de biscuit de notre chariot de fleurs GSC am\u00e9liorera votre exp\u00e9rience globale car il est livr\u00e9 avec un m\u00e9lange de saveurs de terre et de pin. Ce chariot de fleurs est id\u00e9al pour une utilisation pendant la journ\u00e9e ou avant la promenade de l&rsquo;apr\u00e8s-midi au parc ou \u00e0 la plage. Il s&rsquo;agit d&rsquo;un croisement hybride \u00e0 tendance sativa entre OG Kush et la souche poison F1 Durban.<\/p>\n<p>&nbsp;<\/p>\n<ul>\n<li><b><\/b>Sensation <a href=\"https:\/\/www.acidparadize.org\/\">d\u00e9tendue<\/a>, heureuse et <a href=\"https:\/\/www.bloomcarts.com\/\">euphorique<\/a>.<\/li>\n<li>Saveur <a href=\"https:\/\/vaping.com\/\">d&rsquo;agrumes<\/a>, de citron et de terre.<\/li>\n<li>Go\u00fbt sucr\u00e9, bois\u00e9, de <a href=\"https:\/\/www.bloomcarts.com\/product\/girl-scout-cookies-girl-scout-cookies-strain-seeds-girl-scout-cookies-marijuana-strain-girl-scout-cookies-weed-girl-scout-cookies-flavors-girl-scout-cookie-weed-price-girl-scout-cookie-for-sale\/\">pin<\/a> et <a href=\"https:\/\/www.bloomcarts.com\/about-bloom-carts\/\">croustillant<\/a>.<\/li>\n<li>Cannabino\u00efdes <a href=\"https:\/\/www.google.com\/\">et<\/a> Terp\u00e8nes (D-<a href=\"https:\/\/www.bloomcarts.com\/shop\/\">Limon\u00e8ne<\/a>, Valencene, B-Myrc\u00e8ne). Panier Bloom \u00e0 vendre<\/li>\n<\/ul>\n<p>&nbsp;<\/p>\n<p>Pour vous offrir la meilleure exp\u00e9rience de vapotage, nous nous sp\u00e9cialisons dans les produits de cannabis extraits \u00e0 l&rsquo;\u00e9thanol. C&rsquo;est pourquoi nous sommes en mesure de vous offrir le vapotage le plus frais et le plus clair qui am\u00e9liore votre exp\u00e9rience globale. Assurez-vous de visiter d&rsquo;autres pages de notre site Web et d&rsquo;en savoir plus sur nous.<\/p>\n<p>La famille des cookies du nord de la Californie a cr\u00e9\u00e9 GSC pour la premi\u00e8re fois vers 2012. GSC a remport\u00e9 plusieurs fois les prix de la High Times Cannabis Cup depuis sa cr\u00e9ation. Il a remport\u00e9 la Southern California\u00a0Cannabis\u00a0Cup en 2013 et a remport\u00e9 le troph\u00e9e de la premi\u00e8re place en tant que meilleur\u00a0hybride. Si vous souhaitez b\u00e9n\u00e9ficier de la qualit\u00e9 et de l&rsquo;authenticit\u00e9 exactes qui ont rendu GSC si populaire, vous \u00eates au bon endroit. Nous proposons des cartouches de floraison de la plus haute qualit\u00e9 qui vous emm\u00e8neront pr\u00e8s de la plante. Am\u00e9liorez votre exp\u00e9rience avec :<\/p>\n<p>&nbsp;<\/p>\n<ul>\n<li><b><\/b><strong>Cartouches bloom de 500mg et 1g.<\/strong><\/li>\n<li><strong>Derni\u00e8re technologie CCELL.<\/strong><\/li>\n<li><strong>\u00c9l\u00e9ments chauffants en c\u00e9ramique.<\/strong><\/li>\n<li><strong>Batterie filet\u00e9e\u00a0510.<\/strong><\/li>\n<\/ul>\n","protected":false},"excerpt":{"rendered":"<p>GSC &#8211; Girl Scout Cookies bloom Chariot Si vous voulez essayer des chariots de floraison qui ont un effet uniform\u00e9ment \u00e9quilibr\u00e9, alors la vape Girl Scout Cookies pourrait \u00eatre celle qui sera un excellent choix pour vous. Il s&rsquo;agit d&rsquo;un chariot de floraison hybride classique populaire \u00e0 vendre qui offre de merveilleux effets hybrides. Nos [&#8230;]\n","protected":false},"featured_media":250,"comment_status":"open","ping_status":"closed","template":"","meta":{"_monsterinsights_skip_tracking":false,"_monsterinsights_sitenote_active":false,"_monsterinsights_sitenote_note":"","_monsterinsights_sitenote_category":0},"product_brand":[],"product_cat":[18],"product_tag":[6333,6331,1570,5505,1553,1567,6324,1519,1529,1523,1545,5506,1561,1557,1563,1552,1535,6279,1524,1551,1527,1537,6325,2022,6328,6326,6294,6302,6334,6332,6309,6342,5517,6293,5519,5521,5558,5559,6338,6337,6339,6341,5518,6308,6327,6336,6329,6340,6343,6344,6345,6335,5499,6278,5498,5500,5501,5502,6346,5522,5520,6330,6347,6348],"class_list":{"0":"post-249","1":"product","2":"type-product","3":"status-publish","4":"has-post-thumbnail","6":"product_cat-bloom-chariots","7":"product_tag-acheter-des-chariots-de-fleurs-en-ligne","8":"product_tag-batterie-de-stylo-de-vape-de-floraison","9":"product_tag-bloom-carts-1g","10":"product_tag-bloom-carts-a-vendre","11":"product_tag-bloom-carts-blue-dream","12":"product_tag-bloom-carts-clone","13":"product_tag-bloom-carts-en-ligne","14":"product_tag-bloom-carts-fake","15":"product_tag-bloom-carts-fake-packaging","16":"product_tag-bloom-carts-fake-vs-real","17":"product_tag-bloom-carts-flavors","18":"product_tag-bloom-carts-grand-papa-violet","19":"product_tag-bloom-carts-green-crack","20":"product_tag-bloom-carts-gsc","21":"product_tag-bloom-carts-jack-herer","22":"product_tag-bloom-carts-maui-wowie","23":"product_tag-bloom-carts-near-me","24":"product_tag-bloom-carts-numero-de-lot","25":"product_tag-bloom-carts-packaging","26":"product_tag-bloom-carts-pineapple-express","27":"product_tag-bloom-carts-price","28":"product_tag-bloom-carts-real","29":"product_tag-bloom-chariots-emballage-reel","30":"product_tag-bloom-vape","31":"product_tag-bloom-vape-faux","32":"product_tag-cartouche-de-bloom-vape","33":"product_tag-chariots-de-bloom-dab","34":"product_tag-chariots-de-fleurs","35":"product_tag-chariots-de-fleurs-cannasafe","36":"product_tag-chariots-de-fleurs-de-reve-bleu","37":"product_tag-chariots-de-fleurs-gdp","38":"product_tag-chariots-de-fleurs-legion","39":"product_tag-chariots-de-floraison-reddit-chariots-de-floraison-faux","40":"product_tag-chariots-de-floraison-reels-vs-faux","41":"product_tag-chariots-de-floraison-skywalker","42":"product_tag-chariots-de-floraison-thc","43":"product_tag-combien-coutent-les-chariots-de-floraison","44":"product_tag-combien-de-thc-est-dans-les-chariots-de-floraison","45":"product_tag-comment-reconnaitre-les-faux-chariots-de-floraison","46":"product_tag-comment-reperer-les-faux-chariots-de-floraison","47":"product_tag-comment-savoir-si-les-chariots-de-floraison-sont-reels","48":"product_tag-est-chariots-de-fleurs-reels","49":"product_tag-examen-des-chariots-de-floraison","50":"product_tag-faux-chariots-de-fleurs","51":"product_tag-floraison-avis-cartouche-vape","52":"product_tag-gsc-bloom-carts-a-vendre","53":"product_tag-huile-de-vape-de-floraison","54":"product_tag-hybrides","55":"product_tag-legion-de-chariots-de-fleurs","56":"product_tag-legion-de-chariots-de-fleurs-boite-noire","57":"product_tag-legion-de-chariots-de-fleurs-faux","58":"product_tag-les-chariots-de-fleurs-vous-font-ils-planer","59":"product_tag-les-chariots-de-floraison-sont-ils-bons","60":"product_tag-les-chariots-de-floraison-sont-ils-en-acier-1000mg","61":"product_tag-les-chariots-de-floraison-sont-ils-faux","62":"product_tag-les-chariots-de-floraison-sont-ils-legitimes","63":"product_tag-les-chariots-de-floraison-sont-ils-reels","64":"product_tag-les-chariots-de-floraison-sont-ils-surs","65":"product_tag-nouvel-emballage-faux-chariots-de-fleurs-faux","66":"product_tag-pourcentage-de-chariots-de-floraison-thc","67":"product_tag-souches-de-chariots-de-floraison","68":"product_tag-stylo-de-vape-de-floraison","69":"product_tag-vrais-chariots-de-fleurs","70":"product_tag-vrais-vs-faux-chariots-de-fleurs","72":"first","73":"instock","74":"shipping-taxable","75":"purchasable","76":"product-type-simple"},"yoast_head":"<!-- This site is optimized with the Yoast SEO plugin v27.3 - https:\/\/yoast.com\/product\/yoast-seo-wordpress\/ -->\n<title>GSC - Girl Scout Cookies bloom Chariot - 510 Premium Carts bloom 1g<\/title>\n<meta name=\"description\" content=\"GSC - Girl Scout Cookies bloom Chariot Si vous voulez essayer des chariots de fleurs qui ont un effet uniform\u00e9ment \u00e9quilibr\u00e9, alors la vape Girl Scout\" \/>\n<meta name=\"robots\" content=\"index, follow, max-snippet:-1, max-image-preview:large, max-video-preview:-1\" \/>\n<link rel=\"canonical\" href=\"https:\/\/510premiumcarts.com\/index.php\/product\/gsc-girl-scout-cookies-bloom-cart\/\" \/>\n<meta property=\"og:locale\" content=\"fr_FR\" \/>\n<meta property=\"og:type\" content=\"article\" \/>\n<meta property=\"og:title\" content=\"GSC - Girl Scout Cookies bloom Chariot - 510 Premium Carts bloom 1g\" \/>\n<meta property=\"og:description\" content=\"GSC - Girl Scout Cookies bloom Chariot Si vous voulez essayer des chariots de fleurs qui ont un effet uniform\u00e9ment \u00e9quilibr\u00e9, alors la vape Girl Scout\" \/>\n<meta property=\"og:url\" content=\"https:\/\/510premiumcarts.com\/index.php\/product\/gsc-girl-scout-cookies-bloom-cart\/\" \/>\n<meta property=\"og:site_name\" content=\"510 Premium Carts\" \/>\n<meta property=\"article:modified_time\" content=\"2023-03-13T10:00:01+00:00\" \/>\n<meta property=\"og:image\" content=\"http:\/\/510premiumcarts.com\/wp-content\/uploads\/2021\/10\/GSC-Girl-Scout-Cookies.jpg\" \/>\n\t<meta property=\"og:image:width\" content=\"2000\" \/>\n\t<meta property=\"og:image:height\" content=\"2000\" \/>\n\t<meta property=\"og:image:type\" content=\"image\/jpeg\" \/>\n<meta name=\"twitter:card\" content=\"summary_large_image\" \/>\n<meta name=\"twitter:label1\" content=\"Dur\u00e9e de lecture estim\u00e9e\" \/>\n\t<meta name=\"twitter:data1\" content=\"2 minutes\" \/>\n<script type=\"application\/ld+json\" class=\"yoast-schema-graph\">{\"@context\":\"https:\\\/\\\/schema.org\",\"@graph\":[{\"@type\":\"WebPage\",\"@id\":\"https:\\\/\\\/510premiumcarts.com\\\/index.php\\\/product\\\/gsc-girl-scout-cookies-bloom-cart\\\/\",\"url\":\"https:\\\/\\\/510premiumcarts.com\\\/index.php\\\/product\\\/gsc-girl-scout-cookies-bloom-cart\\\/\",\"name\":\"GSC - Girl Scout Cookies bloom Chariot - 510 Premium Carts bloom 1g\",\"isPartOf\":{\"@id\":\"https:\\\/\\\/510premiumcarts.com\\\/#website\"},\"primaryImageOfPage\":{\"@id\":\"https:\\\/\\\/510premiumcarts.com\\\/index.php\\\/product\\\/gsc-girl-scout-cookies-bloom-cart\\\/#primaryimage\"},\"image\":{\"@id\":\"https:\\\/\\\/510premiumcarts.com\\\/index.php\\\/product\\\/gsc-girl-scout-cookies-bloom-cart\\\/#primaryimage\"},\"thumbnailUrl\":\"https:\\\/\\\/510premiumcarts.com\\\/wp-content\\\/uploads\\\/2021\\\/10\\\/GSC-Girl-Scout-Cookies.jpg\",\"datePublished\":\"2021-10-18T19:22:31+00:00\",\"dateModified\":\"2023-03-13T10:00:01+00:00\",\"description\":\"GSC - Girl Scout Cookies bloom Chariot Si vous voulez essayer des chariots de fleurs qui ont un effet uniform\u00e9ment \u00e9quilibr\u00e9, alors la vape Girl Scout\",\"breadcrumb\":{\"@id\":\"https:\\\/\\\/510premiumcarts.com\\\/index.php\\\/product\\\/gsc-girl-scout-cookies-bloom-cart\\\/#breadcrumb\"},\"inLanguage\":\"fr-FR\",\"potentialAction\":[{\"@type\":\"ReadAction\",\"target\":[\"https:\\\/\\\/510premiumcarts.com\\\/index.php\\\/product\\\/gsc-girl-scout-cookies-bloom-cart\\\/\"]}]},{\"@type\":\"ImageObject\",\"inLanguage\":\"fr-FR\",\"@id\":\"https:\\\/\\\/510premiumcarts.com\\\/index.php\\\/product\\\/gsc-girl-scout-cookies-bloom-cart\\\/#primaryimage\",\"url\":\"https:\\\/\\\/510premiumcarts.com\\\/wp-content\\\/uploads\\\/2021\\\/10\\\/GSC-Girl-Scout-Cookies.jpg\",\"contentUrl\":\"https:\\\/\\\/510premiumcarts.com\\\/wp-content\\\/uploads\\\/2021\\\/10\\\/GSC-Girl-Scout-Cookies.jpg\",\"width\":2000,\"height\":2000},{\"@type\":\"BreadcrumbList\",\"@id\":\"https:\\\/\\\/510premiumcarts.com\\\/index.php\\\/product\\\/gsc-girl-scout-cookies-bloom-cart\\\/#breadcrumb\",\"itemListElement\":[{\"@type\":\"ListItem\",\"position\":1,\"name\":\"Home\",\"item\":\"https:\\\/\\\/510premiumcarts.com\\\/\"},{\"@type\":\"ListItem\",\"position\":2,\"name\":\"Marques de vapotage\",\"item\":\"https:\\\/\\\/510premiumcarts.com\\\/index.php\\\/acheter-du-cannabis\\\/\"},{\"@type\":\"ListItem\",\"position\":3,\"name\":\"GSC &#8211; Girl Scout Cookies bloom Chariot\"}]},{\"@type\":\"WebSite\",\"@id\":\"https:\\\/\\\/510premiumcarts.com\\\/#website\",\"url\":\"https:\\\/\\\/510premiumcarts.com\\\/\",\"name\":\"510 Premium Carts\",\"description\":\"Just another WordPress site\",\"potentialAction\":[{\"@type\":\"SearchAction\",\"target\":{\"@type\":\"EntryPoint\",\"urlTemplate\":\"https:\\\/\\\/510premiumcarts.com\\\/?s={search_term_string}\"},\"query-input\":{\"@type\":\"PropertyValueSpecification\",\"valueRequired\":true,\"valueName\":\"search_term_string\"}}],\"inLanguage\":\"fr-FR\"}]}<\/script>\n<!-- \/ Yoast SEO plugin. -->","yoast_head_json":{"title":"GSC - Girl Scout Cookies bloom Chariot - 510 Premium Carts bloom 1g","description":"GSC - Girl Scout Cookies bloom Chariot Si vous voulez essayer des chariots de fleurs qui ont un effet uniform\u00e9ment \u00e9quilibr\u00e9, alors la vape Girl Scout","robots":{"index":"index","follow":"follow","max-snippet":"max-snippet:-1","max-image-preview":"max-image-preview:large","max-video-preview":"max-video-preview:-1"},"canonical":"https:\/\/510premiumcarts.com\/index.php\/product\/gsc-girl-scout-cookies-bloom-cart\/","og_locale":"fr_FR","og_type":"article","og_title":"GSC - Girl Scout Cookies bloom Chariot - 510 Premium Carts bloom 1g","og_description":"GSC - Girl Scout Cookies bloom Chariot Si vous voulez essayer des chariots de fleurs qui ont un effet uniform\u00e9ment \u00e9quilibr\u00e9, alors la vape Girl Scout","og_url":"https:\/\/510premiumcarts.com\/index.php\/product\/gsc-girl-scout-cookies-bloom-cart\/","og_site_name":"510 Premium Carts","article_modified_time":"2023-03-13T10:00:01+00:00","og_image":[{"width":2000,"height":2000,"url":"http:\/\/510premiumcarts.com\/wp-content\/uploads\/2021\/10\/GSC-Girl-Scout-Cookies.jpg","type":"image\/jpeg"}],"twitter_card":"summary_large_image","twitter_misc":{"Dur\u00e9e de lecture estim\u00e9e":"2 minutes"},"schema":{"@context":"https:\/\/schema.org","@graph":[{"@type":"WebPage","@id":"https:\/\/510premiumcarts.com\/index.php\/product\/gsc-girl-scout-cookies-bloom-cart\/","url":"https:\/\/510premiumcarts.com\/index.php\/product\/gsc-girl-scout-cookies-bloom-cart\/","name":"GSC - Girl Scout Cookies bloom Chariot - 510 Premium Carts bloom 1g","isPartOf":{"@id":"https:\/\/510premiumcarts.com\/#website"},"primaryImageOfPage":{"@id":"https:\/\/510premiumcarts.com\/index.php\/product\/gsc-girl-scout-cookies-bloom-cart\/#primaryimage"},"image":{"@id":"https:\/\/510premiumcarts.com\/index.php\/product\/gsc-girl-scout-cookies-bloom-cart\/#primaryimage"},"thumbnailUrl":"https:\/\/510premiumcarts.com\/wp-content\/uploads\/2021\/10\/GSC-Girl-Scout-Cookies.jpg","datePublished":"2021-10-18T19:22:31+00:00","dateModified":"2023-03-13T10:00:01+00:00","description":"GSC - Girl Scout Cookies bloom Chariot Si vous voulez essayer des chariots de fleurs qui ont un effet uniform\u00e9ment \u00e9quilibr\u00e9, alors la vape Girl Scout","breadcrumb":{"@id":"https:\/\/510premiumcarts.com\/index.php\/product\/gsc-girl-scout-cookies-bloom-cart\/#breadcrumb"},"inLanguage":"fr-FR","potentialAction":[{"@type":"ReadAction","target":["https:\/\/510premiumcarts.com\/index.php\/product\/gsc-girl-scout-cookies-bloom-cart\/"]}]},{"@type":"ImageObject","inLanguage":"fr-FR","@id":"https:\/\/510premiumcarts.com\/index.php\/product\/gsc-girl-scout-cookies-bloom-cart\/#primaryimage","url":"https:\/\/510premiumcarts.com\/wp-content\/uploads\/2021\/10\/GSC-Girl-Scout-Cookies.jpg","contentUrl":"https:\/\/510premiumcarts.com\/wp-content\/uploads\/2021\/10\/GSC-Girl-Scout-Cookies.jpg","width":2000,"height":2000},{"@type":"BreadcrumbList","@id":"https:\/\/510premiumcarts.com\/index.php\/product\/gsc-girl-scout-cookies-bloom-cart\/#breadcrumb","itemListElement":[{"@type":"ListItem","position":1,"name":"Home","item":"https:\/\/510premiumcarts.com\/"},{"@type":"ListItem","position":2,"name":"Marques de vapotage","item":"https:\/\/510premiumcarts.com\/index.php\/acheter-du-cannabis\/"},{"@type":"ListItem","position":3,"name":"GSC &#8211; Girl Scout Cookies bloom Chariot"}]},{"@type":"WebSite","@id":"https:\/\/510premiumcarts.com\/#website","url":"https:\/\/510premiumcarts.com\/","name":"510 Premium Carts","description":"Just another WordPress site","potentialAction":[{"@type":"SearchAction","target":{"@type":"EntryPoint","urlTemplate":"https:\/\/510premiumcarts.com\/?s={search_term_string}"},"query-input":{"@type":"PropertyValueSpecification","valueRequired":true,"valueName":"search_term_string"}}],"inLanguage":"fr-FR"}]}},"jetpack_sharing_enabled":true,"_links":{"self":[{"href":"https:\/\/510premiumcarts.com\/index.php\/wp-json\/wp\/v2\/product\/249","targetHints":{"allow":["GET"]}}],"collection":[{"href":"https:\/\/510premiumcarts.com\/index.php\/wp-json\/wp\/v2\/product"}],"about":[{"href":"https:\/\/510premiumcarts.com\/index.php\/wp-json\/wp\/v2\/types\/product"}],"replies":[{"embeddable":true,"href":"https:\/\/510premiumcarts.com\/index.php\/wp-json\/wp\/v2\/comments?post=249"}],"wp:featuredmedia":[{"embeddable":true,"href":"https:\/\/510premiumcarts.com\/index.php\/wp-json\/wp\/v2\/media\/250"}],"wp:attachment":[{"href":"https:\/\/510premiumcarts.com\/index.php\/wp-json\/wp\/v2\/media?parent=249"}],"wp:term":[{"taxonomy":"product_brand","embeddable":true,"href":"https:\/\/510premiumcarts.com\/index.php\/wp-json\/wp\/v2\/product_brand?post=249"},{"taxonomy":"product_cat","embeddable":true,"href":"https:\/\/510premiumcarts.com\/index.php\/wp-json\/wp\/v2\/product_cat?post=249"},{"taxonomy":"product_tag","embeddable":true,"href":"https:\/\/510premiumcarts.com\/index.php\/wp-json\/wp\/v2\/product_tag?post=249"}],"curies":[{"name":"wp","href":"https:\/\/api.w.org\/{rel}","templated":true}]}}