{"id":259,"date":"2021-10-18T19:52:36","date_gmt":"2021-10-18T19:52:36","guid":{"rendered":"https:\/\/510premiumcarts.com\/?post_type=product&#038;p=259"},"modified":"2023-03-13T11:48:43","modified_gmt":"2023-03-13T11:48:43","slug":"sky-skywalker-bloom-chariots","status":"publish","type":"product","link":"https:\/\/510premiumcarts.com\/index.php\/product\/sky-skywalker-bloom-chariots\/","title":{"rendered":"Sky-Skywalker \u00a0Bloom Chariot"},"content":{"rendered":"<h1><a href=\"https:\/\/510premiumcarts.com\/index.php\/product-category\/bloom-carts\/\"><span style=\"color: #ffcc00;\">Sky-Skywalker \u00a0Bloom Chariot<\/span><\/a><\/h1>\n<p>Tout d&rsquo;abord, si vous voulez souffler <a href=\"https:\/\/www.bloomcarts.com\/\">votre<\/a> <a href=\"https:\/\/www.acidparadize.org\/\">douleur<\/a> loin, tr\u00e8s loin, nos <a href=\"https:\/\/www.google.com\/\">chariots<\/a> Sky <a href=\"https:\/\/www.bloomcarts.com\/product-category\/cannabis-cannabis-weed-cannabis-weed-oil-cannabis-dispensary-cannabis-dispensary-near-me-cannabis-oil-cannabis-seeds-cannabis-plant-cannabis-sativa-cannabis-indica-cannabis-store-cannabis-near-me\/\">Walker<\/a> Bloom \u00e0 vendre sont la meilleure option pour vous. Cela vous aidera \u00e0 envoyer votre douleur dans un autre domaine. Le Sky Walker offre un nouveau type de force avec le profil de terp\u00e8nes terreux caract\u00e9ristique du cultivar. C&rsquo;est la meilleure option pour chasser le stress avec un niveau de relaxation plus \u00e9lev\u00e9. Commander des chariots Bloom en ligne<\/p>\n<p>Deuxi\u00e8mement, nos chariots de fleurs SkyWalker vous offriront un go\u00fbt orange, musqu\u00e9, terreux et \u00e0 base de plantes qui sera votre booster d&rsquo;humeur pr\u00e9f\u00e9r\u00e9 au quotidien. \u00c0 chaque coup, vous obtiendrez un bourdonnement apaisant dans votre cerveau. Ce vapo fleuri est id\u00e9al pour s&rsquo;\u00e9craser sur le lit ou le canap\u00e9. Apr\u00e8s une longue journ\u00e9e fatigante o\u00f9 vos pens\u00e9es commencent \u00e0 se d\u00e9cha\u00eener, nos cartouches Sky Walker Bloom seront votre meilleur ami dans le besoin. Atteindre apr\u00e8s le d\u00eener peut \u00eatre une exp\u00e9rience tout \u00e0 fait merveilleuse. Nos cartouches de floraison sont des produits de cannabis extraits \u00e0 l&rsquo;\u00e9thanol et sans solvant pour un vapotage garanti le plus clair et le plus frais pour une meilleure exp\u00e9rience globale. Cela vous rendra plus concentr\u00e9, d\u00e9tendu, euphorique et soulag\u00e9 efficacement du stress et de la douleur. Ce chariot de fleurs vous fournira :<\/p>\n<p>&nbsp;<\/p>\n<ul>\n<li><b><\/b><strong>Go\u00fbt musqu\u00e9, orange, terreux et \u00e0 base <a href=\"https:\/\/en.wikipedia.org\/wiki\/Electronic_cigarette\">de<\/a> <a href=\"https:\/\/www.bloomcarts.com\/product\/blue-dream-bd-buy-bloom-carts-blue-dream-online-bloom-carts-blue-dream-for-sale-fake-fake-bloom-carts-bloom-carts-review-bloom-vape-cartridges-bloom-vape-bloom-vape-pen-bloom-vape-fake\/\">plantes<\/a>.<\/strong><\/li>\n<li><strong>Sans stress, d\u00e9tendu, heureux.<\/strong><\/li>\n<li><strong>Exp\u00e9rience de vapotage claire et nette.<\/strong><\/li>\n<li><strong>B-Myrc\u00e8ne, Valenc\u00e8ne, Linalool.<\/strong><\/li>\n<li><strong>Terp\u00e8nes et cannabino\u00efdes. Commander des chariots Bloom en ligne<\/strong><\/li>\n<\/ul>\n<p>De plus, le chariot de fleurs Sky Walker est un must pour une saveur, un confort et une exp\u00e9rience exceptionnels. Nos cartouches de floraison sont disponibles en tailles de 500 mg et 1 g pour votre commodit\u00e9. Ici, nous vous offrons la commodit\u00e9 avec un go\u00fbt authentique que vous avez toujours souhait\u00e9. Pour am\u00e9liorer davantage votre exp\u00e9rience de vape bloom, vous aurez\u00a0:<\/p>\n<p>&nbsp;<\/p>\n<ul>\n<li><b><\/b><strong>Derni\u00e8res cartouches CCELL.<\/strong><\/li>\n<li><strong>Points d&rsquo;entr\u00e9e doubles pour des effets plus <a href=\"https:\/\/www.bloomcarts.com\/product\/green-crack-gc\/\">rapides<\/a>.<\/strong><\/li>\n<li><strong>Chauffage sup\u00e9rieur avec \u00e9l\u00e9ments <a href=\"https:\/\/www.bloomcarts.com\/shop\/\">chauffants<\/a> en <a href=\"https:\/\/www.bloomcarts.com\/buy-sky-walker-bc-online-in-usa-order-sky-walker-bc-online-in-usa-sky-walker-bc-for-sale-online\/\">c\u00e9ramique<\/a>. Chariots Bloom \u00e0 vendre<\/strong><\/li>\n<li><strong>Design \u00e9l\u00e9gant sans bouton.<\/strong><\/li>\n<li><strong>Batterie filet\u00e9e 510.<\/strong><\/li>\n<\/ul>\n<p>&nbsp;<\/p>\n<p>Nous gardons toujours le meilleur du\u00a0monde du cannabis\u00a0dans notre\u00a0stock. N&rsquo;h\u00e9sitez pas \u00e0 d\u00e9couvrir d&rsquo;autres saveurs telles que Green Crack.<\/p>\n","protected":false},"excerpt":{"rendered":"<p>Tout d&rsquo;abord, si vous voulez souffler <a href=\"https:\/\/www.bloomcarts.com\/\">votre<\/a> <a href=\"https:\/\/www.acidparadize.org\/\">douleur<\/a> loin, tr\u00e8s loin, nos <a href=\"https:\/\/www.google.com\/\">chariots<\/a> Sky <a href=\"https:\/\/www.bloomcarts.com\/product-category\/cannabis-cannabis-weed-cannabis-weed-oil-cannabis-dispensary-cannabis-dispensary-near-me-cannabis-oil-cannabis-seeds-cannabis-plant-cannabis-sativa-cannabis-indica-cannabis-store-cannabis-near-me\/\">Walker<\/a> Bloom \u00e0 vendre sont la meilleure option pour vous. Cela vous aidera \u00e0 envoyer votre douleur dans un autre domaine. Le Sky Walker offre un nouveau type de force avec le profil de terp\u00e8nes terreux caract\u00e9ristique du cultivar. C&rsquo;est la meilleure option pour chasser le stress avec un niveau de relaxation plus \u00e9lev\u00e9. Commander des chariots Bloom en ligne<\/p>\n","protected":false},"featured_media":260,"comment_status":"open","ping_status":"closed","template":"","meta":{"_monsterinsights_skip_tracking":false,"_monsterinsights_sitenote_active":false,"_monsterinsights_sitenote_note":"","_monsterinsights_sitenote_category":0},"product_brand":[],"product_cat":[18],"product_tag":[5549,5550,5525,5526,5528,5505,1553,1567,1519,1529,1523,5506,1561,1557,5504,5546,5531,5557,5529,5548,5551,5569,5512,5515,5510,5507,5508,5509,5514,5516,5555,5517,5519,5521,5558,5559,5561,5560,5563,5562,5565,5566,5511,5518,5542,5554,5564,5532,5580,5567,5534,5571,5572,5573,5574,5575,5577,5576,5570,5568,6277,5499,5503,5498,5500,5501,5502,5533,5530,5584,5552,5585,5591,5522,5513,5538,5539,5589,5590,5541,5588,1590,5520,5527,5556,5524,5523,5537,5536,5540,5545,5535,5544,5547,5578,5579,5581,5583,5582,5543,5586,5587],"class_list":{"0":"post-259","1":"product","2":"type-product","3":"status-publish","4":"has-post-thumbnail","6":"product_cat-bloom-chariots","7":"product_tag-acheter-des-chariots-bloom-en-ligne","8":"product_tag-acheter-un-stylo-vape-bloom-a-jacksonville-fl","9":"product_tag-batterie-de-stylo-vape-bloom","10":"product_tag-batterie-de-stylo-vape-bloom-kit","11":"product_tag-blo-om-vape-pen-acheter","12":"product_tag-bloom-carts-a-vendre","13":"product_tag-bloom-carts-blue-dream","14":"product_tag-bloom-carts-clone","15":"product_tag-bloom-carts-fake","16":"product_tag-bloom-carts-fake-packaging","17":"product_tag-bloom-carts-fake-vs-real","18":"product_tag-bloom-carts-grand-papa-violet","19":"product_tag-bloom-carts-green-crack","20":"product_tag-bloom-carts-gsc","21":"product_tag-bloom-carts-saveurs","22":"product_tag-bloom-le-stylo-vape-ne-fonctionnera-pas","23":"product_tag-chargement-du-stylo-vape-bloom","24":"product_tag-chargeur-de-stylo-de-vape-de-floraison-de-recolte","25":"product_tag-chargeur-de-stylo-vape-bloom","26":"product_tag-chariots-bloom-blue-dream","27":"product_tag-chariots-bloom-cannasafe","28":"product_tag-chariots-bloom-legion","29":"product_tag-chariots-de-fleurs-ananas-express","30":"product_tag-chariots-de-fleurs-emballage-reel","31":"product_tag-chariots-de-fleurs-en-ligne","32":"product_tag-chariots-de-fleurs-jack-herer","33":"product_tag-chariots-de-fleurs-maui-wowie","34":"product_tag-chariots-de-fleurs-pres-de-chez-moi","35":"product_tag-chariots-de-fleurs-reels","36":"product_tag-chariots-de-fleurs-reels-vs-faux","37":"product_tag-chariots-de-floraison-gdp","38":"product_tag-chariots-de-floraison-reddit-chariots-de-floraison-faux","39":"product_tag-chariots-de-floraison-skywalker","40":"product_tag-chariots-de-floraison-thc","41":"product_tag-combien-coutent-les-chariots-de-floraison","42":"product_tag-combien-de-thc-est-dans-les-chariots-de-floraison","43":"product_tag-comment-charger-la-vape-de-floraison-stylo","44":"product_tag-comment-charger-un-stylo-de-vape-de-floraison-de-recolte","45":"product_tag-comment-reperer-les-faux-chariots-bloom","46":"product_tag-comment-savoir-quand-le-stylo-bloom-vape-est-charge","47":"product_tag-comment-savoir-si-les-chariots-bloom-sont-reels","48":"product_tag-comment-utiliser-un-stylo-vape-bloom","49":"product_tag-emballage-de-chariots-de-fleurs","50":"product_tag-examen-des-chariots-de-floraison","51":"product_tag-examen-du-stylo-vape-bloom","52":"product_tag-faux-chariots-bloom","53":"product_tag-h-comment-dire-de-faux-chariots-bloom","54":"product_tag-instructions-du-stylo-vape-bloom","55":"product_tag-instructions-du-stylo-vape-legion-of-bloom","56":"product_tag-instructions-pour-stylo-vape-bloom","57":"product_tag-le-stylo-vape-bloom-me-fait-mal-a-la-poitrine","58":"product_tag-legion-de-bloom-chariots-boite-noire","59":"product_tag-legion-de-bloom-chariots-faux","60":"product_tag-legion-de-bloom-vape-stylo","61":"product_tag-legion-de-bloom-vape-stylo-acheter","62":"product_tag-legion-de-bloom-vape-stylo-charge","63":"product_tag-legion-de-bloom-vape-stylo-clignotant-rose","64":"product_tag-legion-de-bloom-vape-stylo-clignote-10-fois","65":"product_tag-legion-de-chariots-bloom","66":"product_tag-les-chariots-bloom-sont-ils-reels","67":"product_tag-les-chariots-bloom-vous-font-ils-planer","68":"product_tag-les-chariots-de-floraison-sont-ils-bons","69":"product_tag-les-chariots-de-floraison-sont-ils-en-acier-numero-de-lot-de-chariots","70":"product_tag-les-chariots-de-floraison-sont-ils-faux","71":"product_tag-les-chariots-de-floraison-sont-ils-legitimes","72":"product_tag-les-chariots-de-floraison-sont-ils-reels","73":"product_tag-les-chariots-de-floraison-sont-ils-surs","74":"product_tag-lumiere-du-stylo-vape-bloom","75":"product_tag-lumiere-verte-du-chargeur-de-stylo-vape-bloom","76":"product_tag-monarque-legion-dinstructions-du-stylo-vape-bloom","77":"product_tag-nettoyage-du-stylo-vape-bloom","78":"product_tag-nouvel-emballage-faux-chariots-bloom-faux","79":"product_tag-ou-acheter-un-stylo-bloom-vape","80":"product_tag-pourcentage-de-chariots-de-floraison-thc","81":"product_tag-prix-des-chariots-de-fleurs","82":"product_tag-prix-du-stylo-vape-bloom","83":"product_tag-produits-stylo-vape-bloom","84":"product_tag-quelle-est-la-tension-dun-stylo-bloom-vape","85":"product_tag-quelle-tension-sont-les-stylos-bloom-vape","86":"product_tag-recharges-de-stylo-vape-bloom","87":"product_tag-redemarrer-le-stylo-bloom-vape","88":"product_tag-san-marcos-ca-bloom-vape-pen","89":"product_tag-souches-de-chariots-de-floraison","90":"product_tag-stylo-bloom-vape-clignotant","91":"product_tag-stylo-de-vape-de-floraison-de-recolte","92":"product_tag-stylo-et-cartouche-vape-bloom","93":"product_tag-stylo-vape-bloom","94":"product_tag-stylo-vape-bloom-ne-fonctionne-pas","95":"product_tag-stylo-vape-bloom-pas-chargement","96":"product_tag-stylo-vape-bloom-reddit","97":"product_tag-stylo-vape-bloom-sallume","98":"product_tag-stylo-vape-bloom-sans-bouton","99":"product_tag-stylo-vape-bloom-seattle","100":"product_tag-stylo-vape-bloom-youtube","101":"product_tag-stylo-vape-legion-of-bloom-comment-chargez-vous","102":"product_tag-stylo-vape-legion-of-bloom-comment-utiliser","103":"product_tag-stylo-vape-legion-of-bloom-ne-fonctionne-pas","104":"product_tag-stylo-vape-legion-of-bloom-ne-le-fera-pas-allumer","105":"product_tag-stylo-vape-legion-of-bloom-offff-on","106":"product_tag-vente-de-stylo-vape-bloom","107":"product_tag-vrais-chariots-bloom","108":"product_tag-vrais-vs-faux-chariots-bloom","110":"first","111":"instock","112":"shipping-taxable","113":"purchasable","114":"product-type-simple"},"yoast_head":"<!-- This site is optimized with the Yoast SEO plugin v27.3 - https:\/\/yoast.com\/product\/yoast-seo-wordpress\/ -->\n<title>Sky-Skywalker \u00a0Bloom Chariots - 510 Premium Carts meilleur prix<\/title>\n<meta name=\"description\" content=\"Sky-Skywalker \u00a0Bloom Chariots Tout d&#039;abord, si vous voulez souffler votre douleur loin, tr\u00e8s loin, notre chariots Skywalker Bloom \u00e0 vendre est la meilleure\" \/>\n<meta name=\"robots\" content=\"index, follow, max-snippet:-1, max-image-preview:large, max-video-preview:-1\" \/>\n<link rel=\"canonical\" href=\"https:\/\/510premiumcarts.com\/index.php\/product\/sky-skywalker-bloom-chariots\/\" \/>\n<meta property=\"og:locale\" content=\"fr_FR\" \/>\n<meta property=\"og:type\" content=\"article\" \/>\n<meta property=\"og:title\" content=\"Sky-Skywalker \u00a0Bloom Chariots - 510 Premium Carts meilleur prix\" \/>\n<meta property=\"og:description\" content=\"Sky-Skywalker \u00a0Bloom Chariots Tout d&#039;abord, si vous voulez souffler votre douleur loin, tr\u00e8s loin, notre chariots Skywalker Bloom \u00e0 vendre est la meilleure\" \/>\n<meta property=\"og:url\" content=\"https:\/\/510premiumcarts.com\/index.php\/product\/sky-skywalker-bloom-chariots\/\" \/>\n<meta property=\"og:site_name\" content=\"510 Premium Carts\" \/>\n<meta property=\"article:modified_time\" content=\"2023-03-13T11:48:43+00:00\" \/>\n<meta property=\"og:image\" content=\"http:\/\/510premiumcarts.com\/wp-content\/uploads\/2021\/10\/Sky-Skywalker.jpg\" \/>\n\t<meta property=\"og:image:width\" content=\"576\" \/>\n\t<meta property=\"og:image:height\" content=\"576\" \/>\n\t<meta property=\"og:image:type\" content=\"image\/jpeg\" \/>\n<meta name=\"twitter:card\" content=\"summary_large_image\" \/>\n<meta name=\"twitter:label1\" content=\"Dur\u00e9e de lecture estim\u00e9e\" \/>\n\t<meta name=\"twitter:data1\" content=\"2 minutes\" \/>\n<script type=\"application\/ld+json\" class=\"yoast-schema-graph\">{\"@context\":\"https:\\\/\\\/schema.org\",\"@graph\":[{\"@type\":\"WebPage\",\"@id\":\"https:\\\/\\\/510premiumcarts.com\\\/index.php\\\/product\\\/sky-skywalker-bloom-chariots\\\/\",\"url\":\"https:\\\/\\\/510premiumcarts.com\\\/index.php\\\/product\\\/sky-skywalker-bloom-chariots\\\/\",\"name\":\"Sky-Skywalker \u00a0Bloom Chariots - 510 Premium Carts meilleur prix\",\"isPartOf\":{\"@id\":\"https:\\\/\\\/510premiumcarts.com\\\/#website\"},\"primaryImageOfPage\":{\"@id\":\"https:\\\/\\\/510premiumcarts.com\\\/index.php\\\/product\\\/sky-skywalker-bloom-chariots\\\/#primaryimage\"},\"image\":{\"@id\":\"https:\\\/\\\/510premiumcarts.com\\\/index.php\\\/product\\\/sky-skywalker-bloom-chariots\\\/#primaryimage\"},\"thumbnailUrl\":\"https:\\\/\\\/510premiumcarts.com\\\/wp-content\\\/uploads\\\/2021\\\/10\\\/Sky-Skywalker.jpg\",\"datePublished\":\"2021-10-18T19:52:36+00:00\",\"dateModified\":\"2023-03-13T11:48:43+00:00\",\"description\":\"Sky-Skywalker \u00a0Bloom Chariots Tout d'abord, si vous voulez souffler votre douleur loin, tr\u00e8s loin, notre chariots Skywalker Bloom \u00e0 vendre est la meilleure\",\"breadcrumb\":{\"@id\":\"https:\\\/\\\/510premiumcarts.com\\\/index.php\\\/product\\\/sky-skywalker-bloom-chariots\\\/#breadcrumb\"},\"inLanguage\":\"fr-FR\",\"potentialAction\":[{\"@type\":\"ReadAction\",\"target\":[\"https:\\\/\\\/510premiumcarts.com\\\/index.php\\\/product\\\/sky-skywalker-bloom-chariots\\\/\"]}]},{\"@type\":\"ImageObject\",\"inLanguage\":\"fr-FR\",\"@id\":\"https:\\\/\\\/510premiumcarts.com\\\/index.php\\\/product\\\/sky-skywalker-bloom-chariots\\\/#primaryimage\",\"url\":\"https:\\\/\\\/510premiumcarts.com\\\/wp-content\\\/uploads\\\/2021\\\/10\\\/Sky-Skywalker.jpg\",\"contentUrl\":\"https:\\\/\\\/510premiumcarts.com\\\/wp-content\\\/uploads\\\/2021\\\/10\\\/Sky-Skywalker.jpg\",\"width\":576,\"height\":576},{\"@type\":\"BreadcrumbList\",\"@id\":\"https:\\\/\\\/510premiumcarts.com\\\/index.php\\\/product\\\/sky-skywalker-bloom-chariots\\\/#breadcrumb\",\"itemListElement\":[{\"@type\":\"ListItem\",\"position\":1,\"name\":\"Home\",\"item\":\"https:\\\/\\\/510premiumcarts.com\\\/\"},{\"@type\":\"ListItem\",\"position\":2,\"name\":\"Marques de vapotage\",\"item\":\"https:\\\/\\\/510premiumcarts.com\\\/index.php\\\/acheter-du-cannabis\\\/\"},{\"@type\":\"ListItem\",\"position\":3,\"name\":\"Sky-Skywalker \u00a0Bloom Chariot\"}]},{\"@type\":\"WebSite\",\"@id\":\"https:\\\/\\\/510premiumcarts.com\\\/#website\",\"url\":\"https:\\\/\\\/510premiumcarts.com\\\/\",\"name\":\"510 Premium Carts\",\"description\":\"Just another WordPress site\",\"potentialAction\":[{\"@type\":\"SearchAction\",\"target\":{\"@type\":\"EntryPoint\",\"urlTemplate\":\"https:\\\/\\\/510premiumcarts.com\\\/?s={search_term_string}\"},\"query-input\":{\"@type\":\"PropertyValueSpecification\",\"valueRequired\":true,\"valueName\":\"search_term_string\"}}],\"inLanguage\":\"fr-FR\"}]}<\/script>\n<!-- \/ Yoast SEO plugin. -->","yoast_head_json":{"title":"Sky-Skywalker \u00a0Bloom Chariots - 510 Premium Carts meilleur prix","description":"Sky-Skywalker \u00a0Bloom Chariots Tout d'abord, si vous voulez souffler votre douleur loin, tr\u00e8s loin, notre chariots Skywalker Bloom \u00e0 vendre est la meilleure","robots":{"index":"index","follow":"follow","max-snippet":"max-snippet:-1","max-image-preview":"max-image-preview:large","max-video-preview":"max-video-preview:-1"},"canonical":"https:\/\/510premiumcarts.com\/index.php\/product\/sky-skywalker-bloom-chariots\/","og_locale":"fr_FR","og_type":"article","og_title":"Sky-Skywalker \u00a0Bloom Chariots - 510 Premium Carts meilleur prix","og_description":"Sky-Skywalker \u00a0Bloom Chariots Tout d'abord, si vous voulez souffler votre douleur loin, tr\u00e8s loin, notre chariots Skywalker Bloom \u00e0 vendre est la meilleure","og_url":"https:\/\/510premiumcarts.com\/index.php\/product\/sky-skywalker-bloom-chariots\/","og_site_name":"510 Premium Carts","article_modified_time":"2023-03-13T11:48:43+00:00","og_image":[{"width":576,"height":576,"url":"http:\/\/510premiumcarts.com\/wp-content\/uploads\/2021\/10\/Sky-Skywalker.jpg","type":"image\/jpeg"}],"twitter_card":"summary_large_image","twitter_misc":{"Dur\u00e9e de lecture estim\u00e9e":"2 minutes"},"schema":{"@context":"https:\/\/schema.org","@graph":[{"@type":"WebPage","@id":"https:\/\/510premiumcarts.com\/index.php\/product\/sky-skywalker-bloom-chariots\/","url":"https:\/\/510premiumcarts.com\/index.php\/product\/sky-skywalker-bloom-chariots\/","name":"Sky-Skywalker \u00a0Bloom Chariots - 510 Premium Carts meilleur prix","isPartOf":{"@id":"https:\/\/510premiumcarts.com\/#website"},"primaryImageOfPage":{"@id":"https:\/\/510premiumcarts.com\/index.php\/product\/sky-skywalker-bloom-chariots\/#primaryimage"},"image":{"@id":"https:\/\/510premiumcarts.com\/index.php\/product\/sky-skywalker-bloom-chariots\/#primaryimage"},"thumbnailUrl":"https:\/\/510premiumcarts.com\/wp-content\/uploads\/2021\/10\/Sky-Skywalker.jpg","datePublished":"2021-10-18T19:52:36+00:00","dateModified":"2023-03-13T11:48:43+00:00","description":"Sky-Skywalker \u00a0Bloom Chariots Tout d'abord, si vous voulez souffler votre douleur loin, tr\u00e8s loin, notre chariots Skywalker Bloom \u00e0 vendre est la meilleure","breadcrumb":{"@id":"https:\/\/510premiumcarts.com\/index.php\/product\/sky-skywalker-bloom-chariots\/#breadcrumb"},"inLanguage":"fr-FR","potentialAction":[{"@type":"ReadAction","target":["https:\/\/510premiumcarts.com\/index.php\/product\/sky-skywalker-bloom-chariots\/"]}]},{"@type":"ImageObject","inLanguage":"fr-FR","@id":"https:\/\/510premiumcarts.com\/index.php\/product\/sky-skywalker-bloom-chariots\/#primaryimage","url":"https:\/\/510premiumcarts.com\/wp-content\/uploads\/2021\/10\/Sky-Skywalker.jpg","contentUrl":"https:\/\/510premiumcarts.com\/wp-content\/uploads\/2021\/10\/Sky-Skywalker.jpg","width":576,"height":576},{"@type":"BreadcrumbList","@id":"https:\/\/510premiumcarts.com\/index.php\/product\/sky-skywalker-bloom-chariots\/#breadcrumb","itemListElement":[{"@type":"ListItem","position":1,"name":"Home","item":"https:\/\/510premiumcarts.com\/"},{"@type":"ListItem","position":2,"name":"Marques de vapotage","item":"https:\/\/510premiumcarts.com\/index.php\/acheter-du-cannabis\/"},{"@type":"ListItem","position":3,"name":"Sky-Skywalker \u00a0Bloom Chariot"}]},{"@type":"WebSite","@id":"https:\/\/510premiumcarts.com\/#website","url":"https:\/\/510premiumcarts.com\/","name":"510 Premium Carts","description":"Just another WordPress site","potentialAction":[{"@type":"SearchAction","target":{"@type":"EntryPoint","urlTemplate":"https:\/\/510premiumcarts.com\/?s={search_term_string}"},"query-input":{"@type":"PropertyValueSpecification","valueRequired":true,"valueName":"search_term_string"}}],"inLanguage":"fr-FR"}]}},"jetpack_sharing_enabled":true,"_links":{"self":[{"href":"https:\/\/510premiumcarts.com\/index.php\/wp-json\/wp\/v2\/product\/259","targetHints":{"allow":["GET"]}}],"collection":[{"href":"https:\/\/510premiumcarts.com\/index.php\/wp-json\/wp\/v2\/product"}],"about":[{"href":"https:\/\/510premiumcarts.com\/index.php\/wp-json\/wp\/v2\/types\/product"}],"replies":[{"embeddable":true,"href":"https:\/\/510premiumcarts.com\/index.php\/wp-json\/wp\/v2\/comments?post=259"}],"wp:featuredmedia":[{"embeddable":true,"href":"https:\/\/510premiumcarts.com\/index.php\/wp-json\/wp\/v2\/media\/260"}],"wp:attachment":[{"href":"https:\/\/510premiumcarts.com\/index.php\/wp-json\/wp\/v2\/media?parent=259"}],"wp:term":[{"taxonomy":"product_brand","embeddable":true,"href":"https:\/\/510premiumcarts.com\/index.php\/wp-json\/wp\/v2\/product_brand?post=259"},{"taxonomy":"product_cat","embeddable":true,"href":"https:\/\/510premiumcarts.com\/index.php\/wp-json\/wp\/v2\/product_cat?post=259"},{"taxonomy":"product_tag","embeddable":true,"href":"https:\/\/510premiumcarts.com\/index.php\/wp-json\/wp\/v2\/product_tag?post=259"}],"curies":[{"name":"wp","href":"https:\/\/api.w.org\/{rel}","templated":true}]}}