{"id":263,"date":"2021-10-18T20:22:35","date_gmt":"2021-10-18T20:22:35","guid":{"rendered":"https:\/\/510premiumcarts.com\/?post_type=product&#038;p=263"},"modified":"2023-03-16T09:28:05","modified_gmt":"2023-03-16T09:28:05","slug":"apple-pie-buddah-bear-chariots","status":"publish","type":"product","link":"https:\/\/510premiumcarts.com\/index.php\/product\/apple-pie-buddah-bear-chariots\/","title":{"rendered":"Apple Pie"},"content":{"rendered":"<h1><a href=\"https:\/\/510premiumcarts.com\/index.php\/product-category\/buddah-bear-carts\/\"><span style=\"color: #ffcc00;\">Apple Pie Buddah Bear Chariots<\/span><\/a><\/h1>\n<p>Chariots d&rsquo;ours de Buddah. La cartouche Buddha Bear Carts\u00a0Industries\u00a0est remplie de distillat de THC pur et tr\u00e8s puissant. Le distillat poss\u00e8de une puret\u00e9 et une douceur in\u00e9gal\u00e9es. Leurs cartouches et leur mat\u00e9riel sont largement disponibles dans tout le sud de la Californie et le nord de la Californie. Buy\u00a0Buddah Bear\u00a0 \u00a0industreis \u00a0distribue tous leurs produits<\/p>\n<h2><strong>\u00c0 propos de Buddha <a href=\"http:\/\/getcannabisdaily.com\/product\/buddah-bear-carts\/\">Bear<\/a> Chariots<\/strong><\/h2>\n<p>La plupart des Buddha Bear Carts sont des faux. Et il est <a href=\"https:\/\/www.leafly.com\/news\/strains-products\/what-are-pre-filled-cannabis-oil-vape-cartridges\">difficile<\/a> de faire la diff\u00e9rence entre les faux chariots et les l\u00e9gitimes. Si vous recherchez une bonne cartouche d&rsquo;huile, vous \u00eates au bon endroit. Tout le laboratoire Buy Buddha Bear Cartridges a go\u00fbt\u00e9. Il s&rsquo;agit donc de votre dispensaire en ligne n\u00b0\u00a01 pour acheter des chariots et des bourgeons. Avec plus de 10 saveurs, vous avez le choix entre de nombreuses options.<\/p>\n<p>Cartouches de r\u00e9sine vivante, vapeur et ar\u00f4me d\u00e9licats, avec l&rsquo;une des <a href=\"https:\/\/www.allbud.com\/learn\/story\/how-vape-cannabis-safely\">meilleures<\/a> huiles. Buy Buddah Bear Cartridge s&rsquo;est av\u00e9r\u00e9 \u00eatre l&rsquo;une des cartouches les plus tri\u00e9es \u00e0 l&rsquo;heure actuelle. Il fournit les vari\u00e9t\u00e9s de saveurs diff\u00e9rentes et contrairement \u00e0 la plupart des chariots r\u00e9guliers.<\/p>\n<p><strong>Quels sont les effets des chariots <a href=\"https:\/\/weedmaps.com\/brands\/category\/vape-pens\">Buddah<\/a> Bear?<\/strong><\/p>\n<p>Les effets les plus fr\u00e9quemment rapport\u00e9s des Buddah Bear Carts sont un sentiment de calme ou de relaxation, un soulagement de la douleur ou de l&rsquo;anxi\u00e9t\u00e9 et une am\u00e9lioration globale de l&rsquo;humeur. \u00c0 fortes doses, le CBD peut induire de la somnolence ou du sommeil, mais en petites quantit\u00e9s, il peut en fait avoir l&rsquo;effet inverse, favorisant la vigilance. Voici les effets recherch\u00e9s par la plupart des utilisateurs de CBD : <span style=\"color: #ffffff;\">Apple Pie Buddah Bear Chariots<\/span><\/p>\n<ul>\n<li>Relaxation ou calme<\/li>\n<li>R\u00e9duction de l&rsquo;anxi\u00e9t\u00e9 et du stress<\/li>\n<li>Am\u00e9lioration de l&rsquo;humeur<\/li>\n<li>Confort<\/li>\n<li>Soulagement de la douleur<\/li>\n<li>Somnolence (\u00e0 fortes doses)<\/li>\n<li>Vigilance (\u00e0 faible dose)<\/li>\n<\/ul>\n","protected":false},"excerpt":{"rendered":"<p>Apple Pie Buddah Bear Chariots Chariots d&rsquo;ours de Buddah. La cartouche Buddha Bear Carts\u00a0Industries\u00a0est remplie de distillat de THC pur et tr\u00e8s puissant. Le distillat poss\u00e8de une puret\u00e9 et une douceur in\u00e9gal\u00e9es. Leurs cartouches et leur mat\u00e9riel sont largement disponibles dans tout le sud de la Californie et le nord de la Californie. Buy\u00a0Buddah Bear\u00a0 [&#8230;]\n","protected":false},"featured_media":264,"comment_status":"open","ping_status":"closed","template":"","meta":{"_monsterinsights_skip_tracking":false,"_monsterinsights_sitenote_active":false,"_monsterinsights_sitenote_note":"","_monsterinsights_sitenote_category":0},"product_brand":[],"product_cat":[19],"product_tag":[6360,6359,6358,6354,6356,6355,6362,6363,6353,6364,6352,6365,6361,6357],"class_list":{"0":"post-263","1":"product","2":"type-product","3":"status-publish","4":"has-post-thumbnail","6":"product_cat-buddah-bear-vaporisateur-a-vendre","7":"product_tag-acheter-des-chariots-buddah-bear-avec-bitcoin","8":"product_tag-acheter-des-chariots-buddah-bear-en-ligne","9":"product_tag-acheter-des-saveurs-de-chariot-buddah-bear","10":"product_tag-avis-sur-le-chariot-buddah-bear","11":"product_tag-chariots-buddah-bear-a-vendre","12":"product_tag-chariots-buddah-bear-expedition-discrete","13":"product_tag-commander-des-chariots-dours-buddah","14":"product_tag-de-vrais-chariots-dours-buddah","15":"product_tag-effets-du-chariot-buddah-bear","16":"product_tag-expedier-des-chariots-dours-buddah-de-toute-facon","17":"product_tag-marque-buddah-bear","18":"product_tag-ou-acheter-des-chariots-dours-buddah","19":"product_tag-pouvez-vous-acheter-des-chariots-dours-buddah-en-ligne","20":"product_tag-test-de-laboratoire-de-chariots-buddah-bear","22":"first","23":"instock","24":"shipping-taxable","25":"purchasable","26":"product-type-simple"},"yoast_head":"<!-- This site is optimized with the Yoast SEO plugin v27.3 - https:\/\/yoast.com\/product\/yoast-seo-wordpress\/ -->\n<title>Apple Pie Buddah Bear Chariots - 510 Premium Carts<\/title>\n<meta name=\"description\" content=\"Apple Pie Buddah Bear Chariots La cartouche Industries est remplie de distillat de THC pur et tr\u00e8s puissant. Le distillat poss\u00e8de une puret\u00e9 et une douceur in\u00e9gal\u00e9es.\" \/>\n<meta name=\"robots\" content=\"index, follow, max-snippet:-1, max-image-preview:large, max-video-preview:-1\" \/>\n<link rel=\"canonical\" href=\"https:\/\/510premiumcarts.com\/index.php\/product\/apple-pie-buddah-bear-chariots\/\" \/>\n<meta property=\"og:locale\" content=\"fr_FR\" \/>\n<meta property=\"og:type\" content=\"article\" \/>\n<meta property=\"og:title\" content=\"Apple Pie Buddah Bear Chariots - 510 Premium Carts\" \/>\n<meta property=\"og:description\" content=\"Apple Pie Buddah Bear Chariots La cartouche Industries est remplie de distillat de THC pur et tr\u00e8s puissant. Le distillat poss\u00e8de une puret\u00e9 et une douceur in\u00e9gal\u00e9es.\" \/>\n<meta property=\"og:url\" content=\"https:\/\/510premiumcarts.com\/index.php\/product\/apple-pie-buddah-bear-chariots\/\" \/>\n<meta property=\"og:site_name\" content=\"510 Premium Carts\" \/>\n<meta property=\"article:modified_time\" content=\"2023-03-16T09:28:05+00:00\" \/>\n<meta property=\"og:image\" content=\"http:\/\/510premiumcarts.com\/wp-content\/uploads\/2021\/10\/Apple-Pie.jpg\" \/>\n\t<meta property=\"og:image:width\" content=\"600\" \/>\n\t<meta property=\"og:image:height\" content=\"600\" \/>\n\t<meta property=\"og:image:type\" content=\"image\/jpeg\" \/>\n<meta name=\"twitter:card\" content=\"summary_large_image\" \/>\n<meta name=\"twitter:label1\" content=\"Dur\u00e9e de lecture estim\u00e9e\" \/>\n\t<meta name=\"twitter:data1\" content=\"2 minutes\" \/>\n<script type=\"application\/ld+json\" class=\"yoast-schema-graph\">{\"@context\":\"https:\\\/\\\/schema.org\",\"@graph\":[{\"@type\":\"WebPage\",\"@id\":\"https:\\\/\\\/510premiumcarts.com\\\/index.php\\\/product\\\/apple-pie-buddah-bear-chariots\\\/\",\"url\":\"https:\\\/\\\/510premiumcarts.com\\\/index.php\\\/product\\\/apple-pie-buddah-bear-chariots\\\/\",\"name\":\"Apple Pie Buddah Bear Chariots - 510 Premium Carts\",\"isPartOf\":{\"@id\":\"https:\\\/\\\/510premiumcarts.com\\\/#website\"},\"primaryImageOfPage\":{\"@id\":\"https:\\\/\\\/510premiumcarts.com\\\/index.php\\\/product\\\/apple-pie-buddah-bear-chariots\\\/#primaryimage\"},\"image\":{\"@id\":\"https:\\\/\\\/510premiumcarts.com\\\/index.php\\\/product\\\/apple-pie-buddah-bear-chariots\\\/#primaryimage\"},\"thumbnailUrl\":\"https:\\\/\\\/510premiumcarts.com\\\/wp-content\\\/uploads\\\/2021\\\/10\\\/Apple-Pie.jpg\",\"datePublished\":\"2021-10-18T20:22:35+00:00\",\"dateModified\":\"2023-03-16T09:28:05+00:00\",\"description\":\"Apple Pie Buddah Bear Chariots La cartouche Industries est remplie de distillat de THC pur et tr\u00e8s puissant. Le distillat poss\u00e8de une puret\u00e9 et une douceur in\u00e9gal\u00e9es.\",\"breadcrumb\":{\"@id\":\"https:\\\/\\\/510premiumcarts.com\\\/index.php\\\/product\\\/apple-pie-buddah-bear-chariots\\\/#breadcrumb\"},\"inLanguage\":\"fr-FR\",\"potentialAction\":[{\"@type\":\"ReadAction\",\"target\":[\"https:\\\/\\\/510premiumcarts.com\\\/index.php\\\/product\\\/apple-pie-buddah-bear-chariots\\\/\"]}]},{\"@type\":\"ImageObject\",\"inLanguage\":\"fr-FR\",\"@id\":\"https:\\\/\\\/510premiumcarts.com\\\/index.php\\\/product\\\/apple-pie-buddah-bear-chariots\\\/#primaryimage\",\"url\":\"https:\\\/\\\/510premiumcarts.com\\\/wp-content\\\/uploads\\\/2021\\\/10\\\/Apple-Pie.jpg\",\"contentUrl\":\"https:\\\/\\\/510premiumcarts.com\\\/wp-content\\\/uploads\\\/2021\\\/10\\\/Apple-Pie.jpg\",\"width\":600,\"height\":600,\"caption\":\"Apple Pie Buddah Bear Chariots\"},{\"@type\":\"BreadcrumbList\",\"@id\":\"https:\\\/\\\/510premiumcarts.com\\\/index.php\\\/product\\\/apple-pie-buddah-bear-chariots\\\/#breadcrumb\",\"itemListElement\":[{\"@type\":\"ListItem\",\"position\":1,\"name\":\"Home\",\"item\":\"https:\\\/\\\/510premiumcarts.com\\\/\"},{\"@type\":\"ListItem\",\"position\":2,\"name\":\"Marques de vapotage\",\"item\":\"https:\\\/\\\/510premiumcarts.com\\\/index.php\\\/acheter-du-cannabis\\\/\"},{\"@type\":\"ListItem\",\"position\":3,\"name\":\"Apple Pie\"}]},{\"@type\":\"WebSite\",\"@id\":\"https:\\\/\\\/510premiumcarts.com\\\/#website\",\"url\":\"https:\\\/\\\/510premiumcarts.com\\\/\",\"name\":\"510 Premium Carts\",\"description\":\"Just another WordPress site\",\"potentialAction\":[{\"@type\":\"SearchAction\",\"target\":{\"@type\":\"EntryPoint\",\"urlTemplate\":\"https:\\\/\\\/510premiumcarts.com\\\/?s={search_term_string}\"},\"query-input\":{\"@type\":\"PropertyValueSpecification\",\"valueRequired\":true,\"valueName\":\"search_term_string\"}}],\"inLanguage\":\"fr-FR\"}]}<\/script>\n<!-- \/ Yoast SEO plugin. -->","yoast_head_json":{"title":"Apple Pie Buddah Bear Chariots - 510 Premium Carts","description":"Apple Pie Buddah Bear Chariots La cartouche Industries est remplie de distillat de THC pur et tr\u00e8s puissant. Le distillat poss\u00e8de une puret\u00e9 et une douceur in\u00e9gal\u00e9es.","robots":{"index":"index","follow":"follow","max-snippet":"max-snippet:-1","max-image-preview":"max-image-preview:large","max-video-preview":"max-video-preview:-1"},"canonical":"https:\/\/510premiumcarts.com\/index.php\/product\/apple-pie-buddah-bear-chariots\/","og_locale":"fr_FR","og_type":"article","og_title":"Apple Pie Buddah Bear Chariots - 510 Premium Carts","og_description":"Apple Pie Buddah Bear Chariots La cartouche Industries est remplie de distillat de THC pur et tr\u00e8s puissant. Le distillat poss\u00e8de une puret\u00e9 et une douceur in\u00e9gal\u00e9es.","og_url":"https:\/\/510premiumcarts.com\/index.php\/product\/apple-pie-buddah-bear-chariots\/","og_site_name":"510 Premium Carts","article_modified_time":"2023-03-16T09:28:05+00:00","og_image":[{"width":600,"height":600,"url":"http:\/\/510premiumcarts.com\/wp-content\/uploads\/2021\/10\/Apple-Pie.jpg","type":"image\/jpeg"}],"twitter_card":"summary_large_image","twitter_misc":{"Dur\u00e9e de lecture estim\u00e9e":"2 minutes"},"schema":{"@context":"https:\/\/schema.org","@graph":[{"@type":"WebPage","@id":"https:\/\/510premiumcarts.com\/index.php\/product\/apple-pie-buddah-bear-chariots\/","url":"https:\/\/510premiumcarts.com\/index.php\/product\/apple-pie-buddah-bear-chariots\/","name":"Apple Pie Buddah Bear Chariots - 510 Premium Carts","isPartOf":{"@id":"https:\/\/510premiumcarts.com\/#website"},"primaryImageOfPage":{"@id":"https:\/\/510premiumcarts.com\/index.php\/product\/apple-pie-buddah-bear-chariots\/#primaryimage"},"image":{"@id":"https:\/\/510premiumcarts.com\/index.php\/product\/apple-pie-buddah-bear-chariots\/#primaryimage"},"thumbnailUrl":"https:\/\/510premiumcarts.com\/wp-content\/uploads\/2021\/10\/Apple-Pie.jpg","datePublished":"2021-10-18T20:22:35+00:00","dateModified":"2023-03-16T09:28:05+00:00","description":"Apple Pie Buddah Bear Chariots La cartouche Industries est remplie de distillat de THC pur et tr\u00e8s puissant. Le distillat poss\u00e8de une puret\u00e9 et une douceur in\u00e9gal\u00e9es.","breadcrumb":{"@id":"https:\/\/510premiumcarts.com\/index.php\/product\/apple-pie-buddah-bear-chariots\/#breadcrumb"},"inLanguage":"fr-FR","potentialAction":[{"@type":"ReadAction","target":["https:\/\/510premiumcarts.com\/index.php\/product\/apple-pie-buddah-bear-chariots\/"]}]},{"@type":"ImageObject","inLanguage":"fr-FR","@id":"https:\/\/510premiumcarts.com\/index.php\/product\/apple-pie-buddah-bear-chariots\/#primaryimage","url":"https:\/\/510premiumcarts.com\/wp-content\/uploads\/2021\/10\/Apple-Pie.jpg","contentUrl":"https:\/\/510premiumcarts.com\/wp-content\/uploads\/2021\/10\/Apple-Pie.jpg","width":600,"height":600,"caption":"Apple Pie Buddah Bear Chariots"},{"@type":"BreadcrumbList","@id":"https:\/\/510premiumcarts.com\/index.php\/product\/apple-pie-buddah-bear-chariots\/#breadcrumb","itemListElement":[{"@type":"ListItem","position":1,"name":"Home","item":"https:\/\/510premiumcarts.com\/"},{"@type":"ListItem","position":2,"name":"Marques de vapotage","item":"https:\/\/510premiumcarts.com\/index.php\/acheter-du-cannabis\/"},{"@type":"ListItem","position":3,"name":"Apple Pie"}]},{"@type":"WebSite","@id":"https:\/\/510premiumcarts.com\/#website","url":"https:\/\/510premiumcarts.com\/","name":"510 Premium Carts","description":"Just another WordPress site","potentialAction":[{"@type":"SearchAction","target":{"@type":"EntryPoint","urlTemplate":"https:\/\/510premiumcarts.com\/?s={search_term_string}"},"query-input":{"@type":"PropertyValueSpecification","valueRequired":true,"valueName":"search_term_string"}}],"inLanguage":"fr-FR"}]}},"jetpack_sharing_enabled":true,"_links":{"self":[{"href":"https:\/\/510premiumcarts.com\/index.php\/wp-json\/wp\/v2\/product\/263","targetHints":{"allow":["GET"]}}],"collection":[{"href":"https:\/\/510premiumcarts.com\/index.php\/wp-json\/wp\/v2\/product"}],"about":[{"href":"https:\/\/510premiumcarts.com\/index.php\/wp-json\/wp\/v2\/types\/product"}],"replies":[{"embeddable":true,"href":"https:\/\/510premiumcarts.com\/index.php\/wp-json\/wp\/v2\/comments?post=263"}],"wp:featuredmedia":[{"embeddable":true,"href":"https:\/\/510premiumcarts.com\/index.php\/wp-json\/wp\/v2\/media\/264"}],"wp:attachment":[{"href":"https:\/\/510premiumcarts.com\/index.php\/wp-json\/wp\/v2\/media?parent=263"}],"wp:term":[{"taxonomy":"product_brand","embeddable":true,"href":"https:\/\/510premiumcarts.com\/index.php\/wp-json\/wp\/v2\/product_brand?post=263"},{"taxonomy":"product_cat","embeddable":true,"href":"https:\/\/510premiumcarts.com\/index.php\/wp-json\/wp\/v2\/product_cat?post=263"},{"taxonomy":"product_tag","embeddable":true,"href":"https:\/\/510premiumcarts.com\/index.php\/wp-json\/wp\/v2\/product_tag?post=263"}],"curies":[{"name":"wp","href":"https:\/\/api.w.org\/{rel}","templated":true}]}}