{"id":265,"date":"2021-10-18T20:25:04","date_gmt":"2021-10-18T20:25:04","guid":{"rendered":"https:\/\/510premiumcarts.com\/?post_type=product&#038;p=265"},"modified":"2023-03-16T09:20:23","modified_gmt":"2023-03-16T09:20:23","slug":"clementine-buddah-bear-chariots","status":"publish","type":"product","link":"https:\/\/510premiumcarts.com\/index.php\/product\/clementine-buddah-bear-chariots\/","title":{"rendered":"Clementine Buddah Bear chariots"},"content":{"rendered":"<p><span style=\"color: #ffcc00; font-size: 130%;\">Clementine Buddah Bear chariots<\/span><\/p>\n<p>Achetez des <a href=\"https:\/\/510premiumcarts.com\/\">chariots<\/a> Buddah Bear en ligne. Les cartouches Buddah Bear\u00a0Vape\u00a0sont propres, pures et abordables, avec des niveaux de puissance\u00a0atteignant jusqu&rsquo;\u00e0 85\u00a0% de THC et au-del\u00e0\u00a0!<\/p>\n<p class=\"p1\">Les chariots Buddah Bear ne contiennent que de l&rsquo;huile de r\u00e9sine vivante pure et des terp\u00e8nes de cannabis. Il en est ainsi pour un go\u00fbt, une puissance et une qualit\u00e9 de vapeur sup\u00e9rieurs. De plus, <a href=\"https:\/\/dabconnection.com\/reviews\/cartridges\/buddah-bear\/\">leurs<\/a> r\u00e9sines vivantes sont extraites d&rsquo;une source unique et am\u00e9lior\u00e9es avec le m\u00eame profil terp\u00e9nique unique. Le m\u00eame profil pr\u00e9sent dans la souche d&rsquo;origine, ce qui vous permet de d\u00e9couvrir toute la saveur. Cela vous permet \u00e9galement de profiter des avantages de la plante de cannabis.<\/p>\n<p class=\"p1\">Les chariots Buddah Bear produisent certains des meilleurs concentr\u00e9s du march\u00e9. De plus, elles sont extraites de petits lots de fleurs biologiques fra\u00eechement congel\u00e9es cultiv\u00e9es \u00e0 Santa Barbara, en Californie. Leur \u00e9quipe d&rsquo;agriculteurs multig\u00e9n\u00e9rationnels, de scientifiques et de geeks du cannabis se consacre \u00e0 fournir des produits de cannabis propres et accessibles. Aussi \u00e0 un prix abordable.<\/p>\n<p><strong>BUDDAH BEAR CHARIOTS UK<\/strong><\/p>\n<p>Les chariots Buddah Bear ne contiennent que de l&rsquo;huile de r\u00e9sine vivante pure et des terp\u00e8nes de cannabis. Il en est ainsi pour un go\u00fbt, une puissance et une qualit\u00e9 de vapeur sup\u00e9rieurs. De plus, leurs r\u00e9sines vivantes sont extraites d&rsquo;une source unique et am\u00e9lior\u00e9es avec le m\u00eame profil terp\u00e9nique unique. Le m\u00eame profil pr\u00e9sent dans la souche d&rsquo;origine, ce qui vous permet de d\u00e9couvrir toute la saveur. Cela vous permet \u00e9galement de profiter des avantages de la plante de cannabis<\/p>\n","protected":false},"excerpt":{"rendered":"<table class=\"woocommerce-product-attributes shop_attributes\">\n<tbody>\n<tr class=\"woocommerce-product-attributes-item woocommerce-product-attributes-item--attribute_flavors\">\n<th class=\"woocommerce-product-attributes-item__label\">Les saveurs<\/th>\n<td class=\"woocommerce-product-attributes-item__value\">Mango Tango, Apple Pie, Clementine, Mimosa, Taste the rainbow, Strawnana, Honolulu Punch, Purple Punch, Forbidden Fruit, Ice cream cake<\/td>\n<\/tr>\n<\/tbody>\n<\/table>\n<p>&nbsp;<\/p>\n","protected":false},"featured_media":266,"comment_status":"open","ping_status":"closed","template":"","meta":{"_monsterinsights_skip_tracking":false,"_monsterinsights_sitenote_active":false,"_monsterinsights_sitenote_note":"","_monsterinsights_sitenote_category":0},"product_brand":[],"product_cat":[19],"product_tag":[6371,6360,6359,6358,2051,2038,2039,2055,2056,6366,2041,2042,6367,2058,2059,6368,6369,6373,6374,6375,6352,6376,6372,6370,371],"class_list":{"0":"post-265","1":"product","2":"type-product","3":"status-publish","4":"has-post-thumbnail","6":"product_cat-buddah-bear-vaporisateur-a-vendre","7":"product_tag-acheter-des-chariots-buddah-bear","8":"product_tag-acheter-des-chariots-buddah-bear-avec-bitcoin","9":"product_tag-acheter-des-chariots-buddah-bear-en-ligne","10":"product_tag-acheter-des-saveurs-de-chariot-buddah-bear","11":"product_tag-buddah-bear","12":"product_tag-buddah-bear-cart-effects","13":"product_tag-buddah-bear-cart-reviews","14":"product_tag-buddah-bear-cartridges-uk","15":"product_tag-buddah-bear-carts","16":"product_tag-buddah-bear-carts-expedition-discrete","17":"product_tag-buddah-bear-carts-for-sale","18":"product_tag-buddah-bear-carts-lab-test","19":"product_tag-buddah-bear-chariots-uk","20":"product_tag-buddah-bear-thc-uk","21":"product_tag-buddah-bear-vape-uk","22":"product_tag-chariots-buddahbear","23":"product_tag-chariots-dours-bouddha","24":"product_tag-commander-des-chariots-buddah-bear","25":"product_tag-de-vrais-chariots-buddah-bear","26":"product_tag-expedier-des-chariots-buddah-bear-quand-meme","27":"product_tag-marque-buddah-bear","28":"product_tag-ou-acheter-des-chariots-buddah-bear","29":"product_tag-pouvez-vous-acheter-buddah-bear-chariots-en-ligne","30":"product_tag-prix-des-chariots-dours-bouddha","31":"product_tag-thc-carts","33":"first","34":"instock","35":"shipping-taxable","36":"purchasable","37":"product-type-simple"},"yoast_head":"<!-- This site is optimized with the Yoast SEO plugin v27.3 - https:\/\/yoast.com\/product\/yoast-seo-wordpress\/ -->\n<title>Clementine Buddah Bear chariots - 510 Premium Carts Order Buddah<\/title>\n<meta name=\"description\" content=\"Clementine Buddah Bear chariots have high THC potency levels of 85% and above and are clean ... Pineapple Express, Sour Banangie, Apple Pie, Clementine, Ice Cream Cake\" \/>\n<meta name=\"robots\" content=\"index, follow, max-snippet:-1, max-image-preview:large, max-video-preview:-1\" \/>\n<link rel=\"canonical\" href=\"https:\/\/510premiumcarts.com\/index.php\/product\/clementine-buddah-bear-chariots\/\" \/>\n<meta property=\"og:locale\" content=\"fr_FR\" \/>\n<meta property=\"og:type\" content=\"article\" \/>\n<meta property=\"og:title\" content=\"Clementine Buddah Bear chariots - 510 Premium Carts Order Buddah\" \/>\n<meta property=\"og:description\" content=\"Clementine Buddah Bear chariots have high THC potency levels of 85% and above and are clean ... Pineapple Express, Sour Banangie, Apple Pie, Clementine, Ice Cream Cake\" \/>\n<meta property=\"og:url\" content=\"https:\/\/510premiumcarts.com\/index.php\/product\/clementine-buddah-bear-chariots\/\" \/>\n<meta property=\"og:site_name\" content=\"510 Premium Carts\" \/>\n<meta property=\"article:modified_time\" content=\"2023-03-16T09:20:23+00:00\" \/>\n<meta property=\"og:image\" content=\"http:\/\/510premiumcarts.com\/wp-content\/uploads\/2021\/10\/Clementie.jpg\" \/>\n\t<meta property=\"og:image:width\" content=\"1024\" \/>\n\t<meta property=\"og:image:height\" content=\"1024\" \/>\n\t<meta property=\"og:image:type\" content=\"image\/jpeg\" \/>\n<meta name=\"twitter:card\" content=\"summary_large_image\" \/>\n<meta name=\"twitter:label1\" content=\"Dur\u00e9e de lecture estim\u00e9e\" \/>\n\t<meta name=\"twitter:data1\" content=\"2 minutes\" \/>\n<script type=\"application\/ld+json\" class=\"yoast-schema-graph\">{\"@context\":\"https:\\\/\\\/schema.org\",\"@graph\":[{\"@type\":\"WebPage\",\"@id\":\"https:\\\/\\\/510premiumcarts.com\\\/index.php\\\/product\\\/clementine-buddah-bear-chariots\\\/\",\"url\":\"https:\\\/\\\/510premiumcarts.com\\\/index.php\\\/product\\\/clementine-buddah-bear-chariots\\\/\",\"name\":\"Clementine Buddah Bear chariots - 510 Premium Carts Order Buddah\",\"isPartOf\":{\"@id\":\"https:\\\/\\\/510premiumcarts.com\\\/#website\"},\"primaryImageOfPage\":{\"@id\":\"https:\\\/\\\/510premiumcarts.com\\\/index.php\\\/product\\\/clementine-buddah-bear-chariots\\\/#primaryimage\"},\"image\":{\"@id\":\"https:\\\/\\\/510premiumcarts.com\\\/index.php\\\/product\\\/clementine-buddah-bear-chariots\\\/#primaryimage\"},\"thumbnailUrl\":\"https:\\\/\\\/510premiumcarts.com\\\/wp-content\\\/uploads\\\/2021\\\/10\\\/Clementie.jpg\",\"datePublished\":\"2021-10-18T20:25:04+00:00\",\"dateModified\":\"2023-03-16T09:20:23+00:00\",\"description\":\"Clementine Buddah Bear chariots have high THC potency levels of 85% and above and are clean ... Pineapple Express, Sour Banangie, Apple Pie, Clementine, Ice Cream Cake\",\"breadcrumb\":{\"@id\":\"https:\\\/\\\/510premiumcarts.com\\\/index.php\\\/product\\\/clementine-buddah-bear-chariots\\\/#breadcrumb\"},\"inLanguage\":\"fr-FR\",\"potentialAction\":[{\"@type\":\"ReadAction\",\"target\":[\"https:\\\/\\\/510premiumcarts.com\\\/index.php\\\/product\\\/clementine-buddah-bear-chariots\\\/\"]}]},{\"@type\":\"ImageObject\",\"inLanguage\":\"fr-FR\",\"@id\":\"https:\\\/\\\/510premiumcarts.com\\\/index.php\\\/product\\\/clementine-buddah-bear-chariots\\\/#primaryimage\",\"url\":\"https:\\\/\\\/510premiumcarts.com\\\/wp-content\\\/uploads\\\/2021\\\/10\\\/Clementie.jpg\",\"contentUrl\":\"https:\\\/\\\/510premiumcarts.com\\\/wp-content\\\/uploads\\\/2021\\\/10\\\/Clementie.jpg\",\"width\":1024,\"height\":1024,\"caption\":\"Clementine Buddah Bear chariots\"},{\"@type\":\"BreadcrumbList\",\"@id\":\"https:\\\/\\\/510premiumcarts.com\\\/index.php\\\/product\\\/clementine-buddah-bear-chariots\\\/#breadcrumb\",\"itemListElement\":[{\"@type\":\"ListItem\",\"position\":1,\"name\":\"Home\",\"item\":\"https:\\\/\\\/510premiumcarts.com\\\/\"},{\"@type\":\"ListItem\",\"position\":2,\"name\":\"Marques de vapotage\",\"item\":\"https:\\\/\\\/510premiumcarts.com\\\/index.php\\\/acheter-du-cannabis\\\/\"},{\"@type\":\"ListItem\",\"position\":3,\"name\":\"Clementine Buddah Bear chariots\"}]},{\"@type\":\"WebSite\",\"@id\":\"https:\\\/\\\/510premiumcarts.com\\\/#website\",\"url\":\"https:\\\/\\\/510premiumcarts.com\\\/\",\"name\":\"510 Premium Carts\",\"description\":\"Just another WordPress site\",\"potentialAction\":[{\"@type\":\"SearchAction\",\"target\":{\"@type\":\"EntryPoint\",\"urlTemplate\":\"https:\\\/\\\/510premiumcarts.com\\\/?s={search_term_string}\"},\"query-input\":{\"@type\":\"PropertyValueSpecification\",\"valueRequired\":true,\"valueName\":\"search_term_string\"}}],\"inLanguage\":\"fr-FR\"}]}<\/script>\n<!-- \/ Yoast SEO plugin. -->","yoast_head_json":{"title":"Clementine Buddah Bear chariots - 510 Premium Carts Order Buddah","description":"Clementine Buddah Bear chariots have high THC potency levels of 85% and above and are clean ... Pineapple Express, Sour Banangie, Apple Pie, Clementine, Ice Cream Cake","robots":{"index":"index","follow":"follow","max-snippet":"max-snippet:-1","max-image-preview":"max-image-preview:large","max-video-preview":"max-video-preview:-1"},"canonical":"https:\/\/510premiumcarts.com\/index.php\/product\/clementine-buddah-bear-chariots\/","og_locale":"fr_FR","og_type":"article","og_title":"Clementine Buddah Bear chariots - 510 Premium Carts Order Buddah","og_description":"Clementine Buddah Bear chariots have high THC potency levels of 85% and above and are clean ... Pineapple Express, Sour Banangie, Apple Pie, Clementine, Ice Cream Cake","og_url":"https:\/\/510premiumcarts.com\/index.php\/product\/clementine-buddah-bear-chariots\/","og_site_name":"510 Premium Carts","article_modified_time":"2023-03-16T09:20:23+00:00","og_image":[{"width":1024,"height":1024,"url":"http:\/\/510premiumcarts.com\/wp-content\/uploads\/2021\/10\/Clementie.jpg","type":"image\/jpeg"}],"twitter_card":"summary_large_image","twitter_misc":{"Dur\u00e9e de lecture estim\u00e9e":"2 minutes"},"schema":{"@context":"https:\/\/schema.org","@graph":[{"@type":"WebPage","@id":"https:\/\/510premiumcarts.com\/index.php\/product\/clementine-buddah-bear-chariots\/","url":"https:\/\/510premiumcarts.com\/index.php\/product\/clementine-buddah-bear-chariots\/","name":"Clementine Buddah Bear chariots - 510 Premium Carts Order Buddah","isPartOf":{"@id":"https:\/\/510premiumcarts.com\/#website"},"primaryImageOfPage":{"@id":"https:\/\/510premiumcarts.com\/index.php\/product\/clementine-buddah-bear-chariots\/#primaryimage"},"image":{"@id":"https:\/\/510premiumcarts.com\/index.php\/product\/clementine-buddah-bear-chariots\/#primaryimage"},"thumbnailUrl":"https:\/\/510premiumcarts.com\/wp-content\/uploads\/2021\/10\/Clementie.jpg","datePublished":"2021-10-18T20:25:04+00:00","dateModified":"2023-03-16T09:20:23+00:00","description":"Clementine Buddah Bear chariots have high THC potency levels of 85% and above and are clean ... Pineapple Express, Sour Banangie, Apple Pie, Clementine, Ice Cream Cake","breadcrumb":{"@id":"https:\/\/510premiumcarts.com\/index.php\/product\/clementine-buddah-bear-chariots\/#breadcrumb"},"inLanguage":"fr-FR","potentialAction":[{"@type":"ReadAction","target":["https:\/\/510premiumcarts.com\/index.php\/product\/clementine-buddah-bear-chariots\/"]}]},{"@type":"ImageObject","inLanguage":"fr-FR","@id":"https:\/\/510premiumcarts.com\/index.php\/product\/clementine-buddah-bear-chariots\/#primaryimage","url":"https:\/\/510premiumcarts.com\/wp-content\/uploads\/2021\/10\/Clementie.jpg","contentUrl":"https:\/\/510premiumcarts.com\/wp-content\/uploads\/2021\/10\/Clementie.jpg","width":1024,"height":1024,"caption":"Clementine Buddah Bear chariots"},{"@type":"BreadcrumbList","@id":"https:\/\/510premiumcarts.com\/index.php\/product\/clementine-buddah-bear-chariots\/#breadcrumb","itemListElement":[{"@type":"ListItem","position":1,"name":"Home","item":"https:\/\/510premiumcarts.com\/"},{"@type":"ListItem","position":2,"name":"Marques de vapotage","item":"https:\/\/510premiumcarts.com\/index.php\/acheter-du-cannabis\/"},{"@type":"ListItem","position":3,"name":"Clementine Buddah Bear chariots"}]},{"@type":"WebSite","@id":"https:\/\/510premiumcarts.com\/#website","url":"https:\/\/510premiumcarts.com\/","name":"510 Premium Carts","description":"Just another WordPress site","potentialAction":[{"@type":"SearchAction","target":{"@type":"EntryPoint","urlTemplate":"https:\/\/510premiumcarts.com\/?s={search_term_string}"},"query-input":{"@type":"PropertyValueSpecification","valueRequired":true,"valueName":"search_term_string"}}],"inLanguage":"fr-FR"}]}},"jetpack_sharing_enabled":true,"_links":{"self":[{"href":"https:\/\/510premiumcarts.com\/index.php\/wp-json\/wp\/v2\/product\/265","targetHints":{"allow":["GET"]}}],"collection":[{"href":"https:\/\/510premiumcarts.com\/index.php\/wp-json\/wp\/v2\/product"}],"about":[{"href":"https:\/\/510premiumcarts.com\/index.php\/wp-json\/wp\/v2\/types\/product"}],"replies":[{"embeddable":true,"href":"https:\/\/510premiumcarts.com\/index.php\/wp-json\/wp\/v2\/comments?post=265"}],"wp:featuredmedia":[{"embeddable":true,"href":"https:\/\/510premiumcarts.com\/index.php\/wp-json\/wp\/v2\/media\/266"}],"wp:attachment":[{"href":"https:\/\/510premiumcarts.com\/index.php\/wp-json\/wp\/v2\/media?parent=265"}],"wp:term":[{"taxonomy":"product_brand","embeddable":true,"href":"https:\/\/510premiumcarts.com\/index.php\/wp-json\/wp\/v2\/product_brand?post=265"},{"taxonomy":"product_cat","embeddable":true,"href":"https:\/\/510premiumcarts.com\/index.php\/wp-json\/wp\/v2\/product_cat?post=265"},{"taxonomy":"product_tag","embeddable":true,"href":"https:\/\/510premiumcarts.com\/index.php\/wp-json\/wp\/v2\/product_tag?post=265"}],"curies":[{"name":"wp","href":"https:\/\/api.w.org\/{rel}","templated":true}]}}