{"id":274,"date":"2021-10-18T21:03:28","date_gmt":"2021-10-18T21:03:28","guid":{"rendered":"https:\/\/510premiumcarts.com\/?post_type=product&#038;p=274"},"modified":"2023-03-16T10:17:28","modified_gmt":"2023-03-16T10:17:28","slug":"purple-punch-buddah-bear-chariots","status":"publish","type":"product","link":"https:\/\/510premiumcarts.com\/index.php\/product\/purple-punch-buddah-bear-chariots\/","title":{"rendered":"Purple Punch"},"content":{"rendered":"<div class=\"woocommerce-tabs wc-tabs-wrapper\">\n<div id=\"tab-description\" class=\"woocommerce-Tabs-panel woocommerce-Tabs-panel--description panel entry-content wc-tab\" role=\"tabpanel\" aria-labelledby=\"tab-title-description\">\n<h1><span style=\"color: #ffcc00;\"><a style=\"color: #ffcc00;\" href=\"https:\/\/www.wikileaf.com\/strain\/larry-og\/\">Buddah<\/a> <a style=\"color: #ffcc00;\" href=\"https:\/\/510premiumcarts.com\/\">Bear<\/a> <a style=\"color: #ffcc00;\" href=\"https:\/\/www.allbud.com\/marijuana-strains\/indica-dominant-hybrid\/granddaddy-purple\">Purple<\/a> <a style=\"color: #ffcc00;\" href=\"https:\/\/www.hytiva.com\/learn\/indica-vs-sativa\">Punch<\/a><\/span><\/h1>\n<p>Buddah Bear Purple Punch,<\/p>\n<p>Si vous aimez les bonbons au raisin ou les muffins aux myrtilles, vous aimerez certainement le parfum et le go\u00fbt de Purple Punch. Cette souche indica lourde a un ar\u00f4me distinct associ\u00e9 \u00e0 une saveur similaire aux baies sucr\u00e9es. Elle a \u00e9t\u00e9 surnomm\u00e9e une souche de dessert, non seulement \u00e0 cause de son parfum et de son go\u00fbt, mais parce que ses partisans disent qu&rsquo;il est pr\u00e9f\u00e9rable de l&rsquo;utiliser apr\u00e8s le d\u00eener en raison de ses effets relaxants et souvent s\u00e9datifs qui leur offrent une bonne nuit de repos.<\/p>\n<div class=\"Detail Body\">\n<p>Ses souches parentales sont <a href=\"https:\/\/www.wikileaf.com\/strain\/larry-og\/\">Larry OG<\/a> et <a href=\"https:\/\/www.allbud.com\/marijuana-strains\/indica-dominant-hybrid\/granddaddy-purple\">Granddaddy Purple<\/a>.Ses niveaux de THC varient au milieu des ann\u00e9es 20, mais les consommateurs novices et v\u00e9t\u00e9rans expliquent qu&rsquo;ils appr\u00e9cient cette <a href=\"https:\/\/stonervapeshop.com\/shop-2\/cartridges\/colors-extracts\/colors-extracts-purple-punch\/\">vari\u00e9t\u00e9<\/a> tant que la bonne quantit\u00e9 est utilis\u00e9e. Les consommateurs de cette vari\u00e9t\u00e9 disent que lorsqu&rsquo;ils abusent de la douce essence de Purple Punch, le corps ressent d&rsquo;intenses vagues de relaxation et cela peut vous rendre somnolent ou vous endormir trop facilement. Ils disent que le high commence \u00e0 r\u00e9pandre sa relaxation \u00e0 travers la t\u00eate et le cuir chevelu, se frayant un chemin le long de la colonne vert\u00e9brale et dans les membres. Certains consommateurs m\u00e9dicaux ont signal\u00e9 que cette vari\u00e9t\u00e9 est un bon choix pour g\u00e9rer le stress, les courbatures, l&rsquo;insomnie, les migraines et les naus\u00e9es. Ils disent que cela peut aider \u00e0 calmer les pens\u00e9es de course, mais ne vous attendez pas \u00e0 \u00eatre trop concentr\u00e9.<\/p>\n<p>Lorsque vous avez la chance d&rsquo;ouvrir un paquet de chariots d&rsquo;ours Buddah Purple Punch, vous serez ravi non seulement par son parfum doux et piquant, mais aussi par son aspect color\u00e9 violet et vert fonc\u00e9. Un lot bien cultiv\u00e9 produira de grosses t\u00eates denses, recouvertes d&rsquo;une couche de trichomes qui g\u00e8le toutes ses pointes.<\/p>\n<\/div>\n<h2 id=\"labs\">Lab Data<\/h2>\n<table>\n<caption>Donn\u00e9es de laboratoire cannabino\u00efdes<\/caption>\n<thead>\n<tr>\n<th>Cannabino\u00efde<\/th>\n<th>Montante<\/th>\n<\/tr>\n<\/thead>\n<tbody>\n<tr>\n<td>THC:<\/td>\n<td>21.67%<\/td>\n<\/tr>\n<\/tbody>\n<\/table>\n<p>&nbsp;<\/p>\n<table>\n<caption>Donn\u00e9es de laboratoire sur les terp\u00e8nes<\/caption>\n<thead>\n<tr>\n<th>terp\u00e8nes<\/th>\n<th>Montante<\/th>\n<\/tr>\n<\/thead>\n<tbody>\n<tr>\n<td>Beta Caryophyllene:<\/td>\n<td>0.508%<\/td>\n<\/tr>\n<tr>\n<td>Limonene:<\/td>\n<td>0.275%<\/td>\n<\/tr>\n<tr>\n<td>Alpha Humulene:<\/td>\n<td>0.157%<\/td>\n<\/tr>\n<\/tbody>\n<\/table>\n<\/div>\n<\/div>\n","protected":false},"excerpt":{"rendered":"<p>Buddah Bear Purple Punch Buddah Bear Purple Punch, Si vous aimez les bonbons au raisin ou les muffins aux myrtilles, vous aimerez certainement le parfum et le go\u00fbt de Purple Punch. Cette souche indica lourde a un ar\u00f4me distinct associ\u00e9 \u00e0 une saveur similaire aux baies sucr\u00e9es. Elle a \u00e9t\u00e9 surnomm\u00e9e une souche de dessert, [&#8230;]\n","protected":false},"featured_media":275,"comment_status":"open","ping_status":"closed","template":"","meta":{"_monsterinsights_skip_tracking":false,"_monsterinsights_sitenote_active":false,"_monsterinsights_sitenote_note":"","_monsterinsights_sitenote_category":0},"product_brand":[],"product_cat":[19],"product_tag":[],"class_list":{"0":"post-274","1":"product","2":"type-product","3":"status-publish","4":"has-post-thumbnail","6":"product_cat-buddah-bear-vaporisateur-a-vendre","8":"first","9":"instock","10":"shipping-taxable","11":"purchasable","12":"product-type-simple"},"yoast_head":"<!-- This site is optimized with the Yoast SEO plugin v27.3 - https:\/\/yoast.com\/product\/yoast-seo-wordpress\/ -->\n<title>Purple Punch Buddah Bear Chariots - 510 Premium Carts<\/title>\n<meta name=\"description\" content=\"Purple Punch Buddah Bear Chariots Si vous aimez les bonbons au raisin ou les muffins aux myrtilles, vous aimerez certainement le parfum et le go\u00fbt de\" \/>\n<meta name=\"robots\" content=\"index, follow, max-snippet:-1, max-image-preview:large, max-video-preview:-1\" \/>\n<link rel=\"canonical\" href=\"https:\/\/510premiumcarts.com\/index.php\/product\/purple-punch-buddah-bear-chariots\/\" \/>\n<meta property=\"og:locale\" content=\"fr_FR\" \/>\n<meta property=\"og:type\" content=\"article\" \/>\n<meta property=\"og:title\" content=\"Purple Punch Buddah Bear Chariots - 510 Premium Carts\" \/>\n<meta property=\"og:description\" content=\"Purple Punch Buddah Bear Chariots Si vous aimez les bonbons au raisin ou les muffins aux myrtilles, vous aimerez certainement le parfum et le go\u00fbt de\" \/>\n<meta property=\"og:url\" content=\"https:\/\/510premiumcarts.com\/index.php\/product\/purple-punch-buddah-bear-chariots\/\" \/>\n<meta property=\"og:site_name\" content=\"510 Premium Carts\" \/>\n<meta property=\"article:modified_time\" content=\"2023-03-16T10:17:28+00:00\" \/>\n<meta property=\"og:image\" content=\"http:\/\/510premiumcarts.com\/wp-content\/uploads\/2021\/10\/Purple-Punch.jpg\" \/>\n\t<meta property=\"og:image:width\" content=\"1024\" \/>\n\t<meta property=\"og:image:height\" content=\"1024\" \/>\n\t<meta property=\"og:image:type\" content=\"image\/jpeg\" \/>\n<meta name=\"twitter:card\" content=\"summary_large_image\" \/>\n<meta name=\"twitter:label1\" content=\"Dur\u00e9e de lecture estim\u00e9e\" \/>\n\t<meta name=\"twitter:data1\" content=\"2 minutes\" \/>\n<script type=\"application\/ld+json\" class=\"yoast-schema-graph\">{\"@context\":\"https:\\\/\\\/schema.org\",\"@graph\":[{\"@type\":\"WebPage\",\"@id\":\"https:\\\/\\\/510premiumcarts.com\\\/index.php\\\/product\\\/purple-punch-buddah-bear-chariots\\\/\",\"url\":\"https:\\\/\\\/510premiumcarts.com\\\/index.php\\\/product\\\/purple-punch-buddah-bear-chariots\\\/\",\"name\":\"Purple Punch Buddah Bear Chariots - 510 Premium Carts\",\"isPartOf\":{\"@id\":\"https:\\\/\\\/510premiumcarts.com\\\/#website\"},\"primaryImageOfPage\":{\"@id\":\"https:\\\/\\\/510premiumcarts.com\\\/index.php\\\/product\\\/purple-punch-buddah-bear-chariots\\\/#primaryimage\"},\"image\":{\"@id\":\"https:\\\/\\\/510premiumcarts.com\\\/index.php\\\/product\\\/purple-punch-buddah-bear-chariots\\\/#primaryimage\"},\"thumbnailUrl\":\"https:\\\/\\\/510premiumcarts.com\\\/wp-content\\\/uploads\\\/2021\\\/10\\\/Purple-Punch.jpg\",\"datePublished\":\"2021-10-18T21:03:28+00:00\",\"dateModified\":\"2023-03-16T10:17:28+00:00\",\"description\":\"Purple Punch Buddah Bear Chariots Si vous aimez les bonbons au raisin ou les muffins aux myrtilles, vous aimerez certainement le parfum et le go\u00fbt de\",\"breadcrumb\":{\"@id\":\"https:\\\/\\\/510premiumcarts.com\\\/index.php\\\/product\\\/purple-punch-buddah-bear-chariots\\\/#breadcrumb\"},\"inLanguage\":\"fr-FR\",\"potentialAction\":[{\"@type\":\"ReadAction\",\"target\":[\"https:\\\/\\\/510premiumcarts.com\\\/index.php\\\/product\\\/purple-punch-buddah-bear-chariots\\\/\"]}]},{\"@type\":\"ImageObject\",\"inLanguage\":\"fr-FR\",\"@id\":\"https:\\\/\\\/510premiumcarts.com\\\/index.php\\\/product\\\/purple-punch-buddah-bear-chariots\\\/#primaryimage\",\"url\":\"https:\\\/\\\/510premiumcarts.com\\\/wp-content\\\/uploads\\\/2021\\\/10\\\/Purple-Punch.jpg\",\"contentUrl\":\"https:\\\/\\\/510premiumcarts.com\\\/wp-content\\\/uploads\\\/2021\\\/10\\\/Purple-Punch.jpg\",\"width\":1024,\"height\":1024,\"caption\":\"Purple Punch Buddah Bear Chariots\"},{\"@type\":\"BreadcrumbList\",\"@id\":\"https:\\\/\\\/510premiumcarts.com\\\/index.php\\\/product\\\/purple-punch-buddah-bear-chariots\\\/#breadcrumb\",\"itemListElement\":[{\"@type\":\"ListItem\",\"position\":1,\"name\":\"Home\",\"item\":\"https:\\\/\\\/510premiumcarts.com\\\/\"},{\"@type\":\"ListItem\",\"position\":2,\"name\":\"Marques de vapotage\",\"item\":\"https:\\\/\\\/510premiumcarts.com\\\/index.php\\\/acheter-du-cannabis\\\/\"},{\"@type\":\"ListItem\",\"position\":3,\"name\":\"Purple Punch\"}]},{\"@type\":\"WebSite\",\"@id\":\"https:\\\/\\\/510premiumcarts.com\\\/#website\",\"url\":\"https:\\\/\\\/510premiumcarts.com\\\/\",\"name\":\"510 Premium Carts\",\"description\":\"Just another WordPress site\",\"potentialAction\":[{\"@type\":\"SearchAction\",\"target\":{\"@type\":\"EntryPoint\",\"urlTemplate\":\"https:\\\/\\\/510premiumcarts.com\\\/?s={search_term_string}\"},\"query-input\":{\"@type\":\"PropertyValueSpecification\",\"valueRequired\":true,\"valueName\":\"search_term_string\"}}],\"inLanguage\":\"fr-FR\"}]}<\/script>\n<!-- \/ Yoast SEO plugin. -->","yoast_head_json":{"title":"Purple Punch Buddah Bear Chariots - 510 Premium Carts","description":"Purple Punch Buddah Bear Chariots Si vous aimez les bonbons au raisin ou les muffins aux myrtilles, vous aimerez certainement le parfum et le go\u00fbt de","robots":{"index":"index","follow":"follow","max-snippet":"max-snippet:-1","max-image-preview":"max-image-preview:large","max-video-preview":"max-video-preview:-1"},"canonical":"https:\/\/510premiumcarts.com\/index.php\/product\/purple-punch-buddah-bear-chariots\/","og_locale":"fr_FR","og_type":"article","og_title":"Purple Punch Buddah Bear Chariots - 510 Premium Carts","og_description":"Purple Punch Buddah Bear Chariots Si vous aimez les bonbons au raisin ou les muffins aux myrtilles, vous aimerez certainement le parfum et le go\u00fbt de","og_url":"https:\/\/510premiumcarts.com\/index.php\/product\/purple-punch-buddah-bear-chariots\/","og_site_name":"510 Premium Carts","article_modified_time":"2023-03-16T10:17:28+00:00","og_image":[{"width":1024,"height":1024,"url":"http:\/\/510premiumcarts.com\/wp-content\/uploads\/2021\/10\/Purple-Punch.jpg","type":"image\/jpeg"}],"twitter_card":"summary_large_image","twitter_misc":{"Dur\u00e9e de lecture estim\u00e9e":"2 minutes"},"schema":{"@context":"https:\/\/schema.org","@graph":[{"@type":"WebPage","@id":"https:\/\/510premiumcarts.com\/index.php\/product\/purple-punch-buddah-bear-chariots\/","url":"https:\/\/510premiumcarts.com\/index.php\/product\/purple-punch-buddah-bear-chariots\/","name":"Purple Punch Buddah Bear Chariots - 510 Premium Carts","isPartOf":{"@id":"https:\/\/510premiumcarts.com\/#website"},"primaryImageOfPage":{"@id":"https:\/\/510premiumcarts.com\/index.php\/product\/purple-punch-buddah-bear-chariots\/#primaryimage"},"image":{"@id":"https:\/\/510premiumcarts.com\/index.php\/product\/purple-punch-buddah-bear-chariots\/#primaryimage"},"thumbnailUrl":"https:\/\/510premiumcarts.com\/wp-content\/uploads\/2021\/10\/Purple-Punch.jpg","datePublished":"2021-10-18T21:03:28+00:00","dateModified":"2023-03-16T10:17:28+00:00","description":"Purple Punch Buddah Bear Chariots Si vous aimez les bonbons au raisin ou les muffins aux myrtilles, vous aimerez certainement le parfum et le go\u00fbt de","breadcrumb":{"@id":"https:\/\/510premiumcarts.com\/index.php\/product\/purple-punch-buddah-bear-chariots\/#breadcrumb"},"inLanguage":"fr-FR","potentialAction":[{"@type":"ReadAction","target":["https:\/\/510premiumcarts.com\/index.php\/product\/purple-punch-buddah-bear-chariots\/"]}]},{"@type":"ImageObject","inLanguage":"fr-FR","@id":"https:\/\/510premiumcarts.com\/index.php\/product\/purple-punch-buddah-bear-chariots\/#primaryimage","url":"https:\/\/510premiumcarts.com\/wp-content\/uploads\/2021\/10\/Purple-Punch.jpg","contentUrl":"https:\/\/510premiumcarts.com\/wp-content\/uploads\/2021\/10\/Purple-Punch.jpg","width":1024,"height":1024,"caption":"Purple Punch Buddah Bear Chariots"},{"@type":"BreadcrumbList","@id":"https:\/\/510premiumcarts.com\/index.php\/product\/purple-punch-buddah-bear-chariots\/#breadcrumb","itemListElement":[{"@type":"ListItem","position":1,"name":"Home","item":"https:\/\/510premiumcarts.com\/"},{"@type":"ListItem","position":2,"name":"Marques de vapotage","item":"https:\/\/510premiumcarts.com\/index.php\/acheter-du-cannabis\/"},{"@type":"ListItem","position":3,"name":"Purple Punch"}]},{"@type":"WebSite","@id":"https:\/\/510premiumcarts.com\/#website","url":"https:\/\/510premiumcarts.com\/","name":"510 Premium Carts","description":"Just another WordPress site","potentialAction":[{"@type":"SearchAction","target":{"@type":"EntryPoint","urlTemplate":"https:\/\/510premiumcarts.com\/?s={search_term_string}"},"query-input":{"@type":"PropertyValueSpecification","valueRequired":true,"valueName":"search_term_string"}}],"inLanguage":"fr-FR"}]}},"jetpack_sharing_enabled":true,"_links":{"self":[{"href":"https:\/\/510premiumcarts.com\/index.php\/wp-json\/wp\/v2\/product\/274","targetHints":{"allow":["GET"]}}],"collection":[{"href":"https:\/\/510premiumcarts.com\/index.php\/wp-json\/wp\/v2\/product"}],"about":[{"href":"https:\/\/510premiumcarts.com\/index.php\/wp-json\/wp\/v2\/types\/product"}],"replies":[{"embeddable":true,"href":"https:\/\/510premiumcarts.com\/index.php\/wp-json\/wp\/v2\/comments?post=274"}],"wp:featuredmedia":[{"embeddable":true,"href":"https:\/\/510premiumcarts.com\/index.php\/wp-json\/wp\/v2\/media\/275"}],"wp:attachment":[{"href":"https:\/\/510premiumcarts.com\/index.php\/wp-json\/wp\/v2\/media?parent=274"}],"wp:term":[{"taxonomy":"product_brand","embeddable":true,"href":"https:\/\/510premiumcarts.com\/index.php\/wp-json\/wp\/v2\/product_brand?post=274"},{"taxonomy":"product_cat","embeddable":true,"href":"https:\/\/510premiumcarts.com\/index.php\/wp-json\/wp\/v2\/product_cat?post=274"},{"taxonomy":"product_tag","embeddable":true,"href":"https:\/\/510premiumcarts.com\/index.php\/wp-json\/wp\/v2\/product_tag?post=274"}],"curies":[{"name":"wp","href":"https:\/\/api.w.org\/{rel}","templated":true}]}}