{"id":40,"date":"2021-10-12T19:18:53","date_gmt":"2021-10-12T19:18:53","guid":{"rendered":"http:\/\/510premiumcarts.com\/?post_type=product&#038;p=40"},"modified":"2023-03-11T08:20:29","modified_gmt":"2023-03-11T08:20:29","slug":"cartouche-big-chief-thc-1g-blue-dream","status":"publish","type":"product","link":"https:\/\/510premiumcarts.com\/index.php\/product\/cartouche-big-chief-thc-1g-blue-dream\/","title":{"rendered":"Cartouche Big Chief THC 1G &#8211; Blue Dream"},"content":{"rendered":"<h1><a href=\"https:\/\/510premiumcarts.com\/index.php\/product\/gateau-jungle-boys-zkittlez\/\"><span style=\"color: #ffcc00;\">Cartouche Big Chief THC 1G &#8211; Blue Dream<\/span><\/a><\/h1>\n<p>Un croisement puissant entre les vari\u00e9t\u00e9s classiques toujours populaires Blueberry et Haze, Blue Dream (\u00e9galement connue sous le nom d&rsquo;Azure Haze) est une vari\u00e9t\u00e9 \u00e0 dominance l\u00e9g\u00e8rement sativa entour\u00e9e de myst\u00e8re. Ce n&rsquo;est pas seulement r\u00eaveur \u00e0 cause de sa saveur stellaire et de son high c\u00e9r\u00e9bral bourdonnant, mais parce que son histoire a essentiellement \u00e9t\u00e9 effac\u00e9e des livres, beaucoup pensant que ses origines doivent \u00eatre un r\u00eave.<\/p>\n<div class=\"header-with-tooltip__Header-u4giv3-0 eiwuRd\">\n<h3 class=\"text__Text-fif1uk-0 header-with-tooltip__HeaderText-u4giv3-1 jEDSaF dymlBx\">\u00c0 propos de cette vari\u00e9t\u00e9 : Blue Dream<\/h3>\n<\/div>\n<div class=\"text__Text-fif1uk-0 styles__DescriptionBox-subnzp-0 gYmFfk eZEAVj\" data-testid=\"strain about this strain: blue dream\">\n<div id=\"About-this-strain:-Blue-Dream\">\n<p>Blue Dream est une vari\u00e9t\u00e9 populaire avec diverses sources d&rsquo;origine. Vous trouverez ci-dessous plusieurs anecdotes sur la cr\u00e9ation de la vari\u00e9t\u00e9.<\/p>\n<p><strong>Origine 1 : Blue Dream par Inconnu<\/strong><\/p>\n<p>La version clone uniquement de Blue Dream est un hybride \u00e0 dominance sativa qui a d&rsquo;abord \u00e9t\u00e9 cultiv\u00e9 en Californie du Nord. Croisement de la vari\u00e9t\u00e9 Blueberry F5 de DJ Short et de la Santa Cruz Haze, Blue Dream produit plusieurs ph\u00e9notypes remarquables et est connue pour produire des ph\u00e9notypes vari\u00e9s avec de gros rendements. Cartouche Big Chief THC 1G &#8211; Blue Dream<\/p>\n<p><strong>Origin 2 : Blue Dream par Mystic Seeds<\/strong><\/p>\n<p>Blue Dream par Mystic Seeds est un croisement \u00e0 dominance indica de la vari\u00e9t\u00e9 Blueberry de DJ Short crois\u00e9e avec une puissante OG Kush de Los Angeles.<\/p>\n<p><strong>Origin 3: Blue Dream par DJ Short<\/strong><\/p>\n<p>Une nouvelle Blue Dream de DJ Short aurait \u00e9t\u00e9 r\u00e9cemment cr\u00e9\u00e9e et baptis\u00e9e Azure Haze, apr\u00e8s avoir crois\u00e9 une m\u00e8re Silver Haze et un p\u00e8re Blueberry F4.<\/p>\n<p><strong>Origine 4 : Blue Dream par Humboldt Seed Organization<\/strong><\/p>\n<p>Blue Dream par Humboldt Seed Organization est une vari\u00e9t\u00e9 \u00e0 dominance sativa d\u00e9riv\u00e9e de graines f\u00e9minis\u00e9es. Cr\u00e9\u00e9e \u00e0 partir d&rsquo;un croisement entre Blueberry et Super Silver Haze (SSH), cette version de Blue Dream convient \u00e0 la culture en int\u00e9rieur ou en serre.<\/p>\n<\/div>\n<\/div>\n","protected":false},"excerpt":{"rendered":"<p>Cartouche Big Chief THC 1G &#8211; Blue Dream Un croisement puissant entre les vari\u00e9t\u00e9s classiques toujours populaires Blueberry et Haze, Blue Dream (\u00e9galement connue sous le nom d&rsquo;Azure Haze) est une vari\u00e9t\u00e9 \u00e0 dominance l\u00e9g\u00e8rement sativa entour\u00e9e de myst\u00e8re. Ce n&rsquo;est pas seulement r\u00eaveur \u00e0 cause de sa saveur stellaire et de son high c\u00e9r\u00e9bral [&#8230;]\n","protected":false},"featured_media":41,"comment_status":"open","ping_status":"closed","template":"","meta":{"_monsterinsights_skip_tracking":false,"_monsterinsights_sitenote_active":false,"_monsterinsights_sitenote_note":"","_monsterinsights_sitenote_category":0},"product_brand":[],"product_cat":[17],"product_tag":[5385,5394,1219,1236,5384,5387,5389,5392,5386,5390,5399,5400,5397,5388,5391,5395,5398,5393,5396],"class_list":{"0":"post-40","1":"product","2":"type-product","3":"status-publish","4":"has-post-thumbnail","6":"product_cat-big-chiefs-chariots","7":"product_tag-batterie-big-chief-vape","8":"product_tag-batterie-de-stylo-vape-grand-chef","9":"product_tag-big-chief-vape","10":"product_tag-big-chief-vape-cbd","11":"product_tag-cartouche-big-chief-thc-1g-blue-dream","12":"product_tag-cartouche-big-chief-vape","13":"product_tag-cartouches-big-chief-vape","14":"product_tag-chargeur-de-vape-grand-chef","15":"product_tag-chariot-big-chief-vape","16":"product_tag-chariots-big-chief-vape","17":"product_tag-comment-savoir-si-le-grand-chariot-de-vape-chef-est-reel","18":"product_tag-comment-utiliser-le-stylo-vape-big-chief","19":"product_tag-cosses-de-vape-grand-chef","20":"product_tag-examen-de-la-cartouche-big-chief-vape","21":"product_tag-gros-chef-vape-chalmette","22":"product_tag-prix-du-stylo-vape-grand-chef","23":"product_tag-revue-de-vape-grand-chef","24":"product_tag-stylo-vape-grand-chef","25":"product_tag-stylos-vape-grand-chef","27":"first","28":"instock","29":"shipping-taxable","30":"purchasable","31":"product-type-simple"},"yoast_head":"<!-- This site is optimized with the Yoast SEO plugin v27.3 - https:\/\/yoast.com\/product\/yoast-seo-wordpress\/ -->\n<title>Cartouche Big Chief THC 1G - Blue Dream - 510 Premium Carts - Vapes<\/title>\n<meta name=\"description\" content=\"Cartouche Big Chief THC 1G - Blue Dream - Un croisement puissant entre les vari\u00e9t\u00e9s classiques toujours populaires Blueberry et Haze, Blue Dream (\u00e9galement\" \/>\n<meta name=\"robots\" content=\"index, follow, max-snippet:-1, max-image-preview:large, max-video-preview:-1\" \/>\n<link rel=\"canonical\" href=\"https:\/\/510premiumcarts.com\/index.php\/product\/cartouche-big-chief-thc-1g-blue-dream\/\" \/>\n<meta property=\"og:locale\" content=\"fr_FR\" \/>\n<meta property=\"og:type\" content=\"article\" \/>\n<meta property=\"og:title\" content=\"Cartouche Big Chief THC 1G - Blue Dream - 510 Premium Carts - Vapes\" \/>\n<meta property=\"og:description\" content=\"Cartouche Big Chief THC 1G - Blue Dream - Un croisement puissant entre les vari\u00e9t\u00e9s classiques toujours populaires Blueberry et Haze, Blue Dream (\u00e9galement\" \/>\n<meta property=\"og:url\" content=\"https:\/\/510premiumcarts.com\/index.php\/product\/cartouche-big-chief-thc-1g-blue-dream\/\" \/>\n<meta property=\"og:site_name\" content=\"510 Premium Carts\" \/>\n<meta property=\"article:modified_time\" content=\"2023-03-11T08:20:29+00:00\" \/>\n<meta property=\"og:image\" content=\"http:\/\/510premiumcarts.com\/wp-content\/uploads\/2021\/10\/262275_BlueDream_WM_CART-scaled.jpg\" \/>\n\t<meta property=\"og:image:width\" content=\"2194\" \/>\n\t<meta property=\"og:image:height\" content=\"2560\" \/>\n\t<meta property=\"og:image:type\" content=\"image\/jpeg\" \/>\n<meta name=\"twitter:card\" content=\"summary_large_image\" \/>\n<meta name=\"twitter:label1\" content=\"Dur\u00e9e de lecture estim\u00e9e\" \/>\n\t<meta name=\"twitter:data1\" content=\"2 minutes\" \/>\n<script type=\"application\/ld+json\" class=\"yoast-schema-graph\">{\"@context\":\"https:\\\/\\\/schema.org\",\"@graph\":[{\"@type\":\"WebPage\",\"@id\":\"https:\\\/\\\/510premiumcarts.com\\\/index.php\\\/product\\\/cartouche-big-chief-thc-1g-blue-dream\\\/\",\"url\":\"https:\\\/\\\/510premiumcarts.com\\\/index.php\\\/product\\\/cartouche-big-chief-thc-1g-blue-dream\\\/\",\"name\":\"Cartouche Big Chief THC 1G - Blue Dream - 510 Premium Carts - Vapes\",\"isPartOf\":{\"@id\":\"https:\\\/\\\/510premiumcarts.com\\\/#website\"},\"primaryImageOfPage\":{\"@id\":\"https:\\\/\\\/510premiumcarts.com\\\/index.php\\\/product\\\/cartouche-big-chief-thc-1g-blue-dream\\\/#primaryimage\"},\"image\":{\"@id\":\"https:\\\/\\\/510premiumcarts.com\\\/index.php\\\/product\\\/cartouche-big-chief-thc-1g-blue-dream\\\/#primaryimage\"},\"thumbnailUrl\":\"https:\\\/\\\/510premiumcarts.com\\\/wp-content\\\/uploads\\\/2021\\\/10\\\/262275_BlueDream_WM_CART-scaled.jpg\",\"datePublished\":\"2021-10-12T19:18:53+00:00\",\"dateModified\":\"2023-03-11T08:20:29+00:00\",\"description\":\"Cartouche Big Chief THC 1G - Blue Dream - Un croisement puissant entre les vari\u00e9t\u00e9s classiques toujours populaires Blueberry et Haze, Blue Dream (\u00e9galement\",\"breadcrumb\":{\"@id\":\"https:\\\/\\\/510premiumcarts.com\\\/index.php\\\/product\\\/cartouche-big-chief-thc-1g-blue-dream\\\/#breadcrumb\"},\"inLanguage\":\"fr-FR\",\"potentialAction\":[{\"@type\":\"ReadAction\",\"target\":[\"https:\\\/\\\/510premiumcarts.com\\\/index.php\\\/product\\\/cartouche-big-chief-thc-1g-blue-dream\\\/\"]}]},{\"@type\":\"ImageObject\",\"inLanguage\":\"fr-FR\",\"@id\":\"https:\\\/\\\/510premiumcarts.com\\\/index.php\\\/product\\\/cartouche-big-chief-thc-1g-blue-dream\\\/#primaryimage\",\"url\":\"https:\\\/\\\/510premiumcarts.com\\\/wp-content\\\/uploads\\\/2021\\\/10\\\/262275_BlueDream_WM_CART-scaled.jpg\",\"contentUrl\":\"https:\\\/\\\/510premiumcarts.com\\\/wp-content\\\/uploads\\\/2021\\\/10\\\/262275_BlueDream_WM_CART-scaled.jpg\",\"width\":2194,\"height\":2560,\"caption\":\"Cartouche Big Chief THC 1G - Blue Dream\"},{\"@type\":\"BreadcrumbList\",\"@id\":\"https:\\\/\\\/510premiumcarts.com\\\/index.php\\\/product\\\/cartouche-big-chief-thc-1g-blue-dream\\\/#breadcrumb\",\"itemListElement\":[{\"@type\":\"ListItem\",\"position\":1,\"name\":\"Home\",\"item\":\"https:\\\/\\\/510premiumcarts.com\\\/\"},{\"@type\":\"ListItem\",\"position\":2,\"name\":\"Marques de vapotage\",\"item\":\"https:\\\/\\\/510premiumcarts.com\\\/index.php\\\/acheter-du-cannabis\\\/\"},{\"@type\":\"ListItem\",\"position\":3,\"name\":\"Cartouche Big Chief THC 1G &#8211; Blue Dream\"}]},{\"@type\":\"WebSite\",\"@id\":\"https:\\\/\\\/510premiumcarts.com\\\/#website\",\"url\":\"https:\\\/\\\/510premiumcarts.com\\\/\",\"name\":\"510 Premium Carts\",\"description\":\"Just another WordPress site\",\"potentialAction\":[{\"@type\":\"SearchAction\",\"target\":{\"@type\":\"EntryPoint\",\"urlTemplate\":\"https:\\\/\\\/510premiumcarts.com\\\/?s={search_term_string}\"},\"query-input\":{\"@type\":\"PropertyValueSpecification\",\"valueRequired\":true,\"valueName\":\"search_term_string\"}}],\"inLanguage\":\"fr-FR\"}]}<\/script>\n<!-- \/ Yoast SEO plugin. -->","yoast_head_json":{"title":"Cartouche Big Chief THC 1G - Blue Dream - 510 Premium Carts - Vapes","description":"Cartouche Big Chief THC 1G - Blue Dream - Un croisement puissant entre les vari\u00e9t\u00e9s classiques toujours populaires Blueberry et Haze, Blue Dream (\u00e9galement","robots":{"index":"index","follow":"follow","max-snippet":"max-snippet:-1","max-image-preview":"max-image-preview:large","max-video-preview":"max-video-preview:-1"},"canonical":"https:\/\/510premiumcarts.com\/index.php\/product\/cartouche-big-chief-thc-1g-blue-dream\/","og_locale":"fr_FR","og_type":"article","og_title":"Cartouche Big Chief THC 1G - Blue Dream - 510 Premium Carts - Vapes","og_description":"Cartouche Big Chief THC 1G - Blue Dream - Un croisement puissant entre les vari\u00e9t\u00e9s classiques toujours populaires Blueberry et Haze, Blue Dream (\u00e9galement","og_url":"https:\/\/510premiumcarts.com\/index.php\/product\/cartouche-big-chief-thc-1g-blue-dream\/","og_site_name":"510 Premium Carts","article_modified_time":"2023-03-11T08:20:29+00:00","og_image":[{"width":2194,"height":2560,"url":"http:\/\/510premiumcarts.com\/wp-content\/uploads\/2021\/10\/262275_BlueDream_WM_CART-scaled.jpg","type":"image\/jpeg"}],"twitter_card":"summary_large_image","twitter_misc":{"Dur\u00e9e de lecture estim\u00e9e":"2 minutes"},"schema":{"@context":"https:\/\/schema.org","@graph":[{"@type":"WebPage","@id":"https:\/\/510premiumcarts.com\/index.php\/product\/cartouche-big-chief-thc-1g-blue-dream\/","url":"https:\/\/510premiumcarts.com\/index.php\/product\/cartouche-big-chief-thc-1g-blue-dream\/","name":"Cartouche Big Chief THC 1G - Blue Dream - 510 Premium Carts - Vapes","isPartOf":{"@id":"https:\/\/510premiumcarts.com\/#website"},"primaryImageOfPage":{"@id":"https:\/\/510premiumcarts.com\/index.php\/product\/cartouche-big-chief-thc-1g-blue-dream\/#primaryimage"},"image":{"@id":"https:\/\/510premiumcarts.com\/index.php\/product\/cartouche-big-chief-thc-1g-blue-dream\/#primaryimage"},"thumbnailUrl":"https:\/\/510premiumcarts.com\/wp-content\/uploads\/2021\/10\/262275_BlueDream_WM_CART-scaled.jpg","datePublished":"2021-10-12T19:18:53+00:00","dateModified":"2023-03-11T08:20:29+00:00","description":"Cartouche Big Chief THC 1G - Blue Dream - Un croisement puissant entre les vari\u00e9t\u00e9s classiques toujours populaires Blueberry et Haze, Blue Dream (\u00e9galement","breadcrumb":{"@id":"https:\/\/510premiumcarts.com\/index.php\/product\/cartouche-big-chief-thc-1g-blue-dream\/#breadcrumb"},"inLanguage":"fr-FR","potentialAction":[{"@type":"ReadAction","target":["https:\/\/510premiumcarts.com\/index.php\/product\/cartouche-big-chief-thc-1g-blue-dream\/"]}]},{"@type":"ImageObject","inLanguage":"fr-FR","@id":"https:\/\/510premiumcarts.com\/index.php\/product\/cartouche-big-chief-thc-1g-blue-dream\/#primaryimage","url":"https:\/\/510premiumcarts.com\/wp-content\/uploads\/2021\/10\/262275_BlueDream_WM_CART-scaled.jpg","contentUrl":"https:\/\/510premiumcarts.com\/wp-content\/uploads\/2021\/10\/262275_BlueDream_WM_CART-scaled.jpg","width":2194,"height":2560,"caption":"Cartouche Big Chief THC 1G - Blue Dream"},{"@type":"BreadcrumbList","@id":"https:\/\/510premiumcarts.com\/index.php\/product\/cartouche-big-chief-thc-1g-blue-dream\/#breadcrumb","itemListElement":[{"@type":"ListItem","position":1,"name":"Home","item":"https:\/\/510premiumcarts.com\/"},{"@type":"ListItem","position":2,"name":"Marques de vapotage","item":"https:\/\/510premiumcarts.com\/index.php\/acheter-du-cannabis\/"},{"@type":"ListItem","position":3,"name":"Cartouche Big Chief THC 1G &#8211; Blue Dream"}]},{"@type":"WebSite","@id":"https:\/\/510premiumcarts.com\/#website","url":"https:\/\/510premiumcarts.com\/","name":"510 Premium Carts","description":"Just another WordPress site","potentialAction":[{"@type":"SearchAction","target":{"@type":"EntryPoint","urlTemplate":"https:\/\/510premiumcarts.com\/?s={search_term_string}"},"query-input":{"@type":"PropertyValueSpecification","valueRequired":true,"valueName":"search_term_string"}}],"inLanguage":"fr-FR"}]}},"jetpack_sharing_enabled":true,"_links":{"self":[{"href":"https:\/\/510premiumcarts.com\/index.php\/wp-json\/wp\/v2\/product\/40","targetHints":{"allow":["GET"]}}],"collection":[{"href":"https:\/\/510premiumcarts.com\/index.php\/wp-json\/wp\/v2\/product"}],"about":[{"href":"https:\/\/510premiumcarts.com\/index.php\/wp-json\/wp\/v2\/types\/product"}],"replies":[{"embeddable":true,"href":"https:\/\/510premiumcarts.com\/index.php\/wp-json\/wp\/v2\/comments?post=40"}],"wp:featuredmedia":[{"embeddable":true,"href":"https:\/\/510premiumcarts.com\/index.php\/wp-json\/wp\/v2\/media\/41"}],"wp:attachment":[{"href":"https:\/\/510premiumcarts.com\/index.php\/wp-json\/wp\/v2\/media?parent=40"}],"wp:term":[{"taxonomy":"product_brand","embeddable":true,"href":"https:\/\/510premiumcarts.com\/index.php\/wp-json\/wp\/v2\/product_brand?post=40"},{"taxonomy":"product_cat","embeddable":true,"href":"https:\/\/510premiumcarts.com\/index.php\/wp-json\/wp\/v2\/product_cat?post=40"},{"taxonomy":"product_tag","embeddable":true,"href":"https:\/\/510premiumcarts.com\/index.php\/wp-json\/wp\/v2\/product_tag?post=40"}],"curies":[{"name":"wp","href":"https:\/\/api.w.org\/{rel}","templated":true}]}}