{"id":42,"date":"2021-10-13T07:17:49","date_gmt":"2021-10-13T07:17:49","guid":{"rendered":"http:\/\/510premiumcarts.com\/?post_type=product&#038;p=42"},"modified":"2023-03-11T08:32:56","modified_gmt":"2023-03-11T08:32:56","slug":"super-lemon-haze","status":"publish","type":"product","link":"https:\/\/510premiumcarts.com\/index.php\/product\/super-lemon-haze\/","title":{"rendered":"Super Lemon Haze"},"content":{"rendered":"<h1 class=\"text__Text-fif1uk-0 bglQdz\"><a href=\"https:\/\/510premiumcarts.com\/index.php\/product\/supper-silver-haze\/\"><span style=\"color: #ffcc00; font-size: 130%;\">Bloom Vape | Super Citron Haze<\/span><\/a><\/h1>\n<p>Profitez des effets \u00e0 dominance Sativa et des d\u00e9licieuses <a href=\"https:\/\/ogdispensary.org\/product\/jungle-boys-white-wookies\/\">saveurs<\/a> et ar\u00f4mes citronn\u00e9s de Superr Lemon Haze avec The Bloom Brand Superr Lemon Haze Vape. La marque Bloom se sp\u00e9cialise dans les produits de cannabis extraits \u00e0 l&rsquo;henol pour produire une exp\u00e9rience de vapotage propre, nette et claire. Chaque cartouche est remplie de 500 mg d&rsquo;extrait sans solvant avec une concentration de 80 % \u00e0 86 % de THC. Les cartouches sont disponibles en tailles d&rsquo;un demi-gramme et d&rsquo;un gramme complet. Super Lemon Haze<\/p>\n<p>Propuls\u00e9 par CCELL.<\/p>\n<div class=\"header-with-tooltip__Header-u4giv3-0 eiwuRd\">\n<h3 class=\"text__Text-fif1uk-0 header-with-tooltip__HeaderText-u4giv3-1 jEDSaF dymlBx\">\u00c0 propos de cette vari\u00e9t\u00e9 : Super Lemon Haze<\/h3>\n<\/div>\n<div class=\"text__Text-fif1uk-0 styles__DescriptionBox-subnzp-0 gYmFfk eZEAVj\" data-testid=\"strain about this strain: super lemon haze\">\n<div id=\"About-this-strain:-Super-Lemon-Haze\">\n<p>Super Lemon Haze (SLH) est un hybride \u00e0 dominance Sativa r\u00e9sultant du croisement d&rsquo;une Lemon Skunk avec la Super Silver Haze de Green House Seed Company.<\/p>\n<p>Laur\u00e9ate de plusieurs prix, dont la 1\u00e8re place aux High Times Cannabis Cups 2008 et 2009, Super Lemon Haze pousse haut avec de longues branches denses de bourgeons qui deviennent blancs avec de la r\u00e9sine cristalline, en particulier dans un environnement int\u00e9rieur hautement contr\u00f4l\u00e9.<\/p>\n<p>Super Lemon Haze a \u00e9t\u00e9 test\u00e9e par Greenhouse \u00e0 19,33 % de THC, 0,31 % de CBD et 1,15 % de CBN.<\/p>\n<p>La soci\u00e9t\u00e9 de semences rapporte que le nombre \u00e9lev\u00e9 de CBN a \u00e9t\u00e9 h\u00e9rit\u00e9 de la vari\u00e9t\u00e9 parent Super Silver Haze.<\/p>\n<\/div>\n<\/div>\n","protected":false},"excerpt":{"rendered":"<p>Bloom Vape | Super Citron Haze Profitez des effets \u00e0 dominance Sativa et des d\u00e9licieuses saveurs et ar\u00f4mes citronn\u00e9s de Superr Lemon Haze avec The Bloom Brand Superr Lemon Haze Vape. La marque Bloom se sp\u00e9cialise dans les produits de cannabis extraits \u00e0 l&rsquo;henol pour produire une exp\u00e9rience de vapotage propre, nette et claire. Chaque [&#8230;]\n","protected":false},"featured_media":43,"comment_status":"open","ping_status":"closed","template":"","meta":{"_monsterinsights_skip_tracking":false,"_monsterinsights_sitenote_active":false,"_monsterinsights_sitenote_note":"","_monsterinsights_sitenote_category":0},"product_brand":[],"product_cat":[18],"product_tag":[5549,5550,5525,5526,5528,5505,1553,1567,1519,1529,1523,5506,1561,1557,5504,5546,5531,5557,5529,5548,5551,5569,5512,5515,5510,5507,5508,5509,5514,5516,5555,5517,5519,5521,5558,5559,5561,5560,5563,5562,5565,5566,5511,5518,5542,5554,5564,5532,5580,5567,5534,5571,5572,5573,5574,5575,5577,5576,5570,5568,5553,5499,5503,5498,5500,5501,5502,5533,5530,5584,5552,5585,5591,5522,5513,5538,5539,5589,5590,5541,5588,1590,5520,5527,5556,5524,5523,5537,5536,5540,5545,5535,5544,5547,5578,5579,5581,5583,5582,5543,5586,5587],"class_list":{"0":"post-42","1":"product","2":"type-product","3":"status-publish","4":"has-post-thumbnail","6":"product_cat-bloom-chariots","7":"product_tag-acheter-des-chariots-bloom-en-ligne","8":"product_tag-acheter-un-stylo-vape-bloom-a-jacksonville-fl","9":"product_tag-batterie-de-stylo-vape-bloom","10":"product_tag-batterie-de-stylo-vape-bloom-kit","11":"product_tag-blo-om-vape-pen-acheter","12":"product_tag-bloom-carts-a-vendre","13":"product_tag-bloom-carts-blue-dream","14":"product_tag-bloom-carts-clone","15":"product_tag-bloom-carts-fake","16":"product_tag-bloom-carts-fake-packaging","17":"product_tag-bloom-carts-fake-vs-real","18":"product_tag-bloom-carts-grand-papa-violet","19":"product_tag-bloom-carts-green-crack","20":"product_tag-bloom-carts-gsc","21":"product_tag-bloom-carts-saveurs","22":"product_tag-bloom-le-stylo-vape-ne-fonctionnera-pas","23":"product_tag-chargement-du-stylo-vape-bloom","24":"product_tag-chargeur-de-stylo-de-vape-de-floraison-de-recolte","25":"product_tag-chargeur-de-stylo-vape-bloom","26":"product_tag-chariots-bloom-blue-dream","27":"product_tag-chariots-bloom-cannasafe","28":"product_tag-chariots-bloom-legion","29":"product_tag-chariots-de-fleurs-ananas-express","30":"product_tag-chariots-de-fleurs-emballage-reel","31":"product_tag-chariots-de-fleurs-en-ligne","32":"product_tag-chariots-de-fleurs-jack-herer","33":"product_tag-chariots-de-fleurs-maui-wowie","34":"product_tag-chariots-de-fleurs-pres-de-chez-moi","35":"product_tag-chariots-de-fleurs-reels","36":"product_tag-chariots-de-fleurs-reels-vs-faux","37":"product_tag-chariots-de-floraison-gdp","38":"product_tag-chariots-de-floraison-reddit-chariots-de-floraison-faux","39":"product_tag-chariots-de-floraison-skywalker","40":"product_tag-chariots-de-floraison-thc","41":"product_tag-combien-coutent-les-chariots-de-floraison","42":"product_tag-combien-de-thc-est-dans-les-chariots-de-floraison","43":"product_tag-comment-charger-la-vape-de-floraison-stylo","44":"product_tag-comment-charger-un-stylo-de-vape-de-floraison-de-recolte","45":"product_tag-comment-reperer-les-faux-chariots-bloom","46":"product_tag-comment-savoir-quand-le-stylo-bloom-vape-est-charge","47":"product_tag-comment-savoir-si-les-chariots-bloom-sont-reels","48":"product_tag-comment-utiliser-un-stylo-vape-bloom","49":"product_tag-emballage-de-chariots-de-fleurs","50":"product_tag-examen-des-chariots-de-floraison","51":"product_tag-examen-du-stylo-vape-bloom","52":"product_tag-faux-chariots-bloom","53":"product_tag-h-comment-dire-de-faux-chariots-bloom","54":"product_tag-instructions-du-stylo-vape-bloom","55":"product_tag-instructions-du-stylo-vape-legion-of-bloom","56":"product_tag-instructions-pour-stylo-vape-bloom","57":"product_tag-le-stylo-vape-bloom-me-fait-mal-a-la-poitrine","58":"product_tag-legion-de-bloom-chariots-boite-noire","59":"product_tag-legion-de-bloom-chariots-faux","60":"product_tag-legion-de-bloom-vape-stylo","61":"product_tag-legion-de-bloom-vape-stylo-acheter","62":"product_tag-legion-de-bloom-vape-stylo-charge","63":"product_tag-legion-de-bloom-vape-stylo-clignotant-rose","64":"product_tag-legion-de-bloom-vape-stylo-clignote-10-fois","65":"product_tag-legion-de-chariots-bloom","66":"product_tag-les-chariots-bloom-sont-ils-reels","67":"product_tag-les-chariots-bloom-vous-font-planer","68":"product_tag-les-chariots-de-floraison-sont-ils-bons","69":"product_tag-les-chariots-de-floraison-sont-ils-en-acier-numero-de-lot-de-chariots","70":"product_tag-les-chariots-de-floraison-sont-ils-faux","71":"product_tag-les-chariots-de-floraison-sont-ils-legitimes","72":"product_tag-les-chariots-de-floraison-sont-ils-reels","73":"product_tag-les-chariots-de-floraison-sont-ils-surs","74":"product_tag-lumiere-du-stylo-vape-bloom","75":"product_tag-lumiere-verte-du-chargeur-de-stylo-vape-bloom","76":"product_tag-monarque-legion-dinstructions-du-stylo-vape-bloom","77":"product_tag-nettoyage-du-stylo-vape-bloom","78":"product_tag-nouvel-emballage-faux-chariots-bloom-faux","79":"product_tag-ou-acheter-un-stylo-bloom-vape","80":"product_tag-pourcentage-de-chariots-de-floraison-thc","81":"product_tag-prix-des-chariots-de-fleurs","82":"product_tag-prix-du-stylo-vape-bloom","83":"product_tag-produits-stylo-vape-bloom","84":"product_tag-quelle-est-la-tension-dun-stylo-bloom-vape","85":"product_tag-quelle-tension-sont-les-stylos-bloom-vape","86":"product_tag-recharges-de-stylo-vape-bloom","87":"product_tag-redemarrer-le-stylo-bloom-vape","88":"product_tag-san-marcos-ca-bloom-vape-pen","89":"product_tag-souches-de-chariots-de-floraison","90":"product_tag-stylo-bloom-vape-clignotant","91":"product_tag-stylo-de-vape-de-floraison-de-recolte","92":"product_tag-stylo-et-cartouche-vape-bloom","93":"product_tag-stylo-vape-bloom","94":"product_tag-stylo-vape-bloom-ne-fonctionne-pas","95":"product_tag-stylo-vape-bloom-pas-chargement","96":"product_tag-stylo-vape-bloom-reddit","97":"product_tag-stylo-vape-bloom-sallume","98":"product_tag-stylo-vape-bloom-sans-bouton","99":"product_tag-stylo-vape-bloom-seattle","100":"product_tag-stylo-vape-bloom-youtube","101":"product_tag-stylo-vape-legion-of-bloom-comment-chargez-vous","102":"product_tag-stylo-vape-legion-of-bloom-comment-utiliser","103":"product_tag-stylo-vape-legion-of-bloom-ne-fonctionne-pas","104":"product_tag-stylo-vape-legion-of-bloom-ne-le-fera-pas-allumer","105":"product_tag-stylo-vape-legion-of-bloom-offff-on","106":"product_tag-vente-de-stylo-vape-bloom","107":"product_tag-vrais-chariots-bloom","108":"product_tag-vrais-vs-faux-chariots-bloom","110":"first","111":"instock","112":"shipping-taxable","113":"purchasable","114":"product-type-simple"},"yoast_head":"<!-- This site is optimized with the Yoast SEO plugin v27.3 - https:\/\/yoast.com\/product\/yoast-seo-wordpress\/ -->\n<title>Super Lemon Haze - 510 Premium Carts | Bloom Vape | Supervape<\/title>\n<meta name=\"description\" content=\"Super Lemon Haze (SLH) est un hybride \u00e0 dominance Sativa r\u00e9sultant du croisement d&#039;une Lemon Skunk avec Green House\" \/>\n<meta name=\"robots\" content=\"index, follow, max-snippet:-1, max-image-preview:large, max-video-preview:-1\" \/>\n<link rel=\"canonical\" href=\"https:\/\/510premiumcarts.com\/index.php\/product\/super-lemon-haze\/\" \/>\n<meta property=\"og:locale\" content=\"fr_FR\" \/>\n<meta property=\"og:type\" content=\"article\" \/>\n<meta property=\"og:title\" content=\"Super Lemon Haze - 510 Premium Carts | Bloom Vape | Supervape\" \/>\n<meta property=\"og:description\" content=\"Super Lemon Haze (SLH) est un hybride \u00e0 dominance Sativa r\u00e9sultant du croisement d&#039;une Lemon Skunk avec Green House\" \/>\n<meta property=\"og:url\" content=\"https:\/\/510premiumcarts.com\/index.php\/product\/super-lemon-haze\/\" \/>\n<meta property=\"og:site_name\" content=\"510 Premium Carts\" \/>\n<meta property=\"article:modified_time\" content=\"2023-03-11T08:32:56+00:00\" \/>\n<meta property=\"og:image\" content=\"http:\/\/510premiumcarts.com\/wp-content\/uploads\/2021\/10\/bloom-brand-cannabis-oil-vape.jpg\" \/>\n\t<meta property=\"og:image:width\" content=\"800\" \/>\n\t<meta property=\"og:image:height\" content=\"800\" \/>\n\t<meta property=\"og:image:type\" content=\"image\/jpeg\" \/>\n<meta name=\"twitter:card\" content=\"summary_large_image\" \/>\n<meta name=\"twitter:label1\" content=\"Dur\u00e9e de lecture estim\u00e9e\" \/>\n\t<meta name=\"twitter:data1\" content=\"2 minutes\" \/>\n<script type=\"application\/ld+json\" class=\"yoast-schema-graph\">{\"@context\":\"https:\\\/\\\/schema.org\",\"@graph\":[{\"@type\":\"WebPage\",\"@id\":\"https:\\\/\\\/510premiumcarts.com\\\/index.php\\\/product\\\/super-lemon-haze\\\/\",\"url\":\"https:\\\/\\\/510premiumcarts.com\\\/index.php\\\/product\\\/super-lemon-haze\\\/\",\"name\":\"Super Lemon Haze - 510 Premium Carts | Bloom Vape | Supervape\",\"isPartOf\":{\"@id\":\"https:\\\/\\\/510premiumcarts.com\\\/#website\"},\"primaryImageOfPage\":{\"@id\":\"https:\\\/\\\/510premiumcarts.com\\\/index.php\\\/product\\\/super-lemon-haze\\\/#primaryimage\"},\"image\":{\"@id\":\"https:\\\/\\\/510premiumcarts.com\\\/index.php\\\/product\\\/super-lemon-haze\\\/#primaryimage\"},\"thumbnailUrl\":\"https:\\\/\\\/510premiumcarts.com\\\/wp-content\\\/uploads\\\/2021\\\/10\\\/bloom-brand-cannabis-oil-vape.jpg\",\"datePublished\":\"2021-10-13T07:17:49+00:00\",\"dateModified\":\"2023-03-11T08:32:56+00:00\",\"description\":\"Super Lemon Haze (SLH) est un hybride \u00e0 dominance Sativa r\u00e9sultant du croisement d'une Lemon Skunk avec Green House\",\"breadcrumb\":{\"@id\":\"https:\\\/\\\/510premiumcarts.com\\\/index.php\\\/product\\\/super-lemon-haze\\\/#breadcrumb\"},\"inLanguage\":\"fr-FR\",\"potentialAction\":[{\"@type\":\"ReadAction\",\"target\":[\"https:\\\/\\\/510premiumcarts.com\\\/index.php\\\/product\\\/super-lemon-haze\\\/\"]}]},{\"@type\":\"ImageObject\",\"inLanguage\":\"fr-FR\",\"@id\":\"https:\\\/\\\/510premiumcarts.com\\\/index.php\\\/product\\\/super-lemon-haze\\\/#primaryimage\",\"url\":\"https:\\\/\\\/510premiumcarts.com\\\/wp-content\\\/uploads\\\/2021\\\/10\\\/bloom-brand-cannabis-oil-vape.jpg\",\"contentUrl\":\"https:\\\/\\\/510premiumcarts.com\\\/wp-content\\\/uploads\\\/2021\\\/10\\\/bloom-brand-cannabis-oil-vape.jpg\",\"width\":800,\"height\":800,\"caption\":\"Super Lemon Haze\"},{\"@type\":\"BreadcrumbList\",\"@id\":\"https:\\\/\\\/510premiumcarts.com\\\/index.php\\\/product\\\/super-lemon-haze\\\/#breadcrumb\",\"itemListElement\":[{\"@type\":\"ListItem\",\"position\":1,\"name\":\"Home\",\"item\":\"https:\\\/\\\/510premiumcarts.com\\\/\"},{\"@type\":\"ListItem\",\"position\":2,\"name\":\"Marques de vapotage\",\"item\":\"https:\\\/\\\/510premiumcarts.com\\\/index.php\\\/acheter-du-cannabis\\\/\"},{\"@type\":\"ListItem\",\"position\":3,\"name\":\"Super Lemon Haze\"}]},{\"@type\":\"WebSite\",\"@id\":\"https:\\\/\\\/510premiumcarts.com\\\/#website\",\"url\":\"https:\\\/\\\/510premiumcarts.com\\\/\",\"name\":\"510 Premium Carts\",\"description\":\"Just another WordPress site\",\"potentialAction\":[{\"@type\":\"SearchAction\",\"target\":{\"@type\":\"EntryPoint\",\"urlTemplate\":\"https:\\\/\\\/510premiumcarts.com\\\/?s={search_term_string}\"},\"query-input\":{\"@type\":\"PropertyValueSpecification\",\"valueRequired\":true,\"valueName\":\"search_term_string\"}}],\"inLanguage\":\"fr-FR\"}]}<\/script>\n<!-- \/ Yoast SEO plugin. -->","yoast_head_json":{"title":"Super Lemon Haze - 510 Premium Carts | Bloom Vape | Supervape","description":"Super Lemon Haze (SLH) est un hybride \u00e0 dominance Sativa r\u00e9sultant du croisement d'une Lemon Skunk avec Green House","robots":{"index":"index","follow":"follow","max-snippet":"max-snippet:-1","max-image-preview":"max-image-preview:large","max-video-preview":"max-video-preview:-1"},"canonical":"https:\/\/510premiumcarts.com\/index.php\/product\/super-lemon-haze\/","og_locale":"fr_FR","og_type":"article","og_title":"Super Lemon Haze - 510 Premium Carts | Bloom Vape | Supervape","og_description":"Super Lemon Haze (SLH) est un hybride \u00e0 dominance Sativa r\u00e9sultant du croisement d'une Lemon Skunk avec Green House","og_url":"https:\/\/510premiumcarts.com\/index.php\/product\/super-lemon-haze\/","og_site_name":"510 Premium Carts","article_modified_time":"2023-03-11T08:32:56+00:00","og_image":[{"width":800,"height":800,"url":"http:\/\/510premiumcarts.com\/wp-content\/uploads\/2021\/10\/bloom-brand-cannabis-oil-vape.jpg","type":"image\/jpeg"}],"twitter_card":"summary_large_image","twitter_misc":{"Dur\u00e9e de lecture estim\u00e9e":"2 minutes"},"schema":{"@context":"https:\/\/schema.org","@graph":[{"@type":"WebPage","@id":"https:\/\/510premiumcarts.com\/index.php\/product\/super-lemon-haze\/","url":"https:\/\/510premiumcarts.com\/index.php\/product\/super-lemon-haze\/","name":"Super Lemon Haze - 510 Premium Carts | Bloom Vape | Supervape","isPartOf":{"@id":"https:\/\/510premiumcarts.com\/#website"},"primaryImageOfPage":{"@id":"https:\/\/510premiumcarts.com\/index.php\/product\/super-lemon-haze\/#primaryimage"},"image":{"@id":"https:\/\/510premiumcarts.com\/index.php\/product\/super-lemon-haze\/#primaryimage"},"thumbnailUrl":"https:\/\/510premiumcarts.com\/wp-content\/uploads\/2021\/10\/bloom-brand-cannabis-oil-vape.jpg","datePublished":"2021-10-13T07:17:49+00:00","dateModified":"2023-03-11T08:32:56+00:00","description":"Super Lemon Haze (SLH) est un hybride \u00e0 dominance Sativa r\u00e9sultant du croisement d'une Lemon Skunk avec Green House","breadcrumb":{"@id":"https:\/\/510premiumcarts.com\/index.php\/product\/super-lemon-haze\/#breadcrumb"},"inLanguage":"fr-FR","potentialAction":[{"@type":"ReadAction","target":["https:\/\/510premiumcarts.com\/index.php\/product\/super-lemon-haze\/"]}]},{"@type":"ImageObject","inLanguage":"fr-FR","@id":"https:\/\/510premiumcarts.com\/index.php\/product\/super-lemon-haze\/#primaryimage","url":"https:\/\/510premiumcarts.com\/wp-content\/uploads\/2021\/10\/bloom-brand-cannabis-oil-vape.jpg","contentUrl":"https:\/\/510premiumcarts.com\/wp-content\/uploads\/2021\/10\/bloom-brand-cannabis-oil-vape.jpg","width":800,"height":800,"caption":"Super Lemon Haze"},{"@type":"BreadcrumbList","@id":"https:\/\/510premiumcarts.com\/index.php\/product\/super-lemon-haze\/#breadcrumb","itemListElement":[{"@type":"ListItem","position":1,"name":"Home","item":"https:\/\/510premiumcarts.com\/"},{"@type":"ListItem","position":2,"name":"Marques de vapotage","item":"https:\/\/510premiumcarts.com\/index.php\/acheter-du-cannabis\/"},{"@type":"ListItem","position":3,"name":"Super Lemon Haze"}]},{"@type":"WebSite","@id":"https:\/\/510premiumcarts.com\/#website","url":"https:\/\/510premiumcarts.com\/","name":"510 Premium Carts","description":"Just another WordPress site","potentialAction":[{"@type":"SearchAction","target":{"@type":"EntryPoint","urlTemplate":"https:\/\/510premiumcarts.com\/?s={search_term_string}"},"query-input":{"@type":"PropertyValueSpecification","valueRequired":true,"valueName":"search_term_string"}}],"inLanguage":"fr-FR"}]}},"jetpack_sharing_enabled":true,"_links":{"self":[{"href":"https:\/\/510premiumcarts.com\/index.php\/wp-json\/wp\/v2\/product\/42","targetHints":{"allow":["GET"]}}],"collection":[{"href":"https:\/\/510premiumcarts.com\/index.php\/wp-json\/wp\/v2\/product"}],"about":[{"href":"https:\/\/510premiumcarts.com\/index.php\/wp-json\/wp\/v2\/types\/product"}],"replies":[{"embeddable":true,"href":"https:\/\/510premiumcarts.com\/index.php\/wp-json\/wp\/v2\/comments?post=42"}],"wp:featuredmedia":[{"embeddable":true,"href":"https:\/\/510premiumcarts.com\/index.php\/wp-json\/wp\/v2\/media\/43"}],"wp:attachment":[{"href":"https:\/\/510premiumcarts.com\/index.php\/wp-json\/wp\/v2\/media?parent=42"}],"wp:term":[{"taxonomy":"product_brand","embeddable":true,"href":"https:\/\/510premiumcarts.com\/index.php\/wp-json\/wp\/v2\/product_brand?post=42"},{"taxonomy":"product_cat","embeddable":true,"href":"https:\/\/510premiumcarts.com\/index.php\/wp-json\/wp\/v2\/product_cat?post=42"},{"taxonomy":"product_tag","embeddable":true,"href":"https:\/\/510premiumcarts.com\/index.php\/wp-json\/wp\/v2\/product_tag?post=42"}],"curies":[{"name":"wp","href":"https:\/\/api.w.org\/{rel}","templated":true}]}}