{"id":47,"date":"2021-10-13T07:40:02","date_gmt":"2021-10-13T07:40:02","guid":{"rendered":"http:\/\/510premiumcarts.com\/?post_type=product&#038;p=47"},"modified":"2023-03-11T08:42:02","modified_gmt":"2023-03-11T08:42:02","slug":"acheter-des-chariots-incredible-hulk-en-ligne","status":"publish","type":"product","link":"https:\/\/510premiumcarts.com\/index.php\/product\/acheter-des-chariots-incredible-hulk-en-ligne\/","title":{"rendered":"L&rsquo;incroyable Hulk"},"content":{"rendered":"<h1><span style=\"font-size: 120%; color: #ffcc00;\"><span style=\"vertical-align: inherit;\"><span style=\"vertical-align: inherit;\">Acheter L&rsquo;incroyable<\/span><\/span><a style=\"color: #ffcc00;\" href=\"http:\/\/510premiumcarts.com\/\"><span style=\"vertical-align: inherit;\"><span style=\"vertical-align: inherit;\">\u00a0Hulk<\/span><\/span><\/a><span style=\"vertical-align: inherit;\"><span style=\"vertical-align: inherit;\"> Chariots en ligne<\/span><\/span><\/span><\/h1>\n<p>Vous souhaitez acheter des chariots chronopoly pour vos loisirs ? Nous <a href=\"https:\/\/dankvapeshoponline.com\/\">sommes<\/a> ici 24 heures sur 24, 7 jours sur 7, pr\u00eats \u00e0 vous servir avec les meilleurs articles et vous vous amuserez beaucoup. Nous avons la meilleure gamme de chariots chronopoly, donc tout ce dont vous avez besoin, il vous suffit d&rsquo;ajouter tout sur le chariot et d&rsquo;en tirer le meilleur parti. Achetez des cartes chronopoly en ligne d\u00e8s aujourd&rsquo;hui depuis les \u00c9tats-Unis, le Canada, l&rsquo;Australie et l&rsquo;Europe.<\/p>\n<p>Certes, il existe de nombreux magasins disponibles sur le march\u00e9 o\u00f9 vous pouvez acheter de tels chariots, de l&rsquo;herbe et d&rsquo;autres produits en ligne, mais la t\u00e2che difficile consiste \u00e0 v\u00e9rifier si les produits qu&rsquo;ils livrent sont authentiques et de bonne qualit\u00e9 ou non. Avec nous, vous n&rsquo;avez \u00e0 vous soucier de rien car nous vous garantissons de fournir des produits de qualit\u00e9 sup\u00e9rieure avec un maximum de satisfaction. Nous sommes un dispensaire en ligne o\u00f9 vous achetez tout en ligne rapidement, fiable et discret, vous pouvez donc maintenant vous asseoir sur votre canap\u00e9 et passer une commande afin que nous puissions tout livrer \u00e0 votre porte. Acheter des chariots Incredible Hulk en ligne. <span style=\"color: #ffffff;\">Acheter des chariots Incredible Hulk en ligne\u00a0<\/span><\/p>\n<p>&nbsp;<\/p>\n<ul>\n<li>Acia Kush<\/li>\n<li>Carbur\u00e9acteur<\/li>\n<li>Poin\u00e7on violet<\/li>\n<li>Los Angeles Kush<\/li>\n<li>Runtz<\/li>\n<li>Souffle de biscuit<\/li>\n<li>Gucci<\/li>\n<li>L&rsquo;incroyable Hulk<\/li>\n<li>\u00c9toile de la mort<\/li>\n<li>Aigre<\/li>\n<li>Parrain OG<\/li>\n<li>Champagne ros\u00e9<\/li>\n<\/ul>\n","protected":false},"excerpt":{"rendered":"<p>Acheter L&rsquo;incroyable\u00a0Hulk Chariots en ligne Vous souhaitez acheter des chariots chronopoly pour vos loisirs ? Nous sommes ici 24 heures sur 24, 7 jours sur 7, pr\u00eats \u00e0 vous servir avec les meilleurs articles et vous vous amuserez beaucoup. Nous avons la meilleure gamme de chariots chronopoly, donc tout ce dont vous avez besoin, il [&#8230;]\n","protected":false},"featured_media":48,"comment_status":"open","ping_status":"closed","template":"","meta":{"_monsterinsights_skip_tracking":false,"_monsterinsights_sitenote_active":false,"_monsterinsights_sitenote_note":"","_monsterinsights_sitenote_category":0},"product_brand":[],"product_cat":[20],"product_tag":[],"class_list":{"0":"post-47","1":"product","2":"type-product","3":"status-publish","4":"has-post-thumbnail","6":"product_cat-acheter-des-chariots-chronopoly","8":"first","9":"instock","10":"shipping-taxable","11":"purchasable","12":"product-type-simple"},"yoast_head":"<!-- This site is optimized with the Yoast SEO plugin v27.3 - https:\/\/yoast.com\/product\/yoast-seo-wordpress\/ -->\n<title>Acheter des chariots Incredible Hulk en ligne - 510 Premium Carts - Chariots Hulk Vape<\/title>\n<meta name=\"description\" content=\"Acheter des chariots Incredible Hulk en ligne - Incredible Hulk est une vari\u00e9t\u00e9 sativa qui exploite les effets actifs et stimulants de son parent\" \/>\n<meta name=\"robots\" content=\"index, follow, max-snippet:-1, max-image-preview:large, max-video-preview:-1\" \/>\n<link rel=\"canonical\" href=\"https:\/\/510premiumcarts.com\/index.php\/product\/acheter-des-chariots-incredible-hulk-en-ligne\/\" \/>\n<meta property=\"og:locale\" content=\"fr_FR\" \/>\n<meta property=\"og:type\" content=\"article\" \/>\n<meta property=\"og:title\" content=\"Acheter des chariots Incredible Hulk en ligne - 510 Premium Carts - Chariots Hulk Vape\" \/>\n<meta property=\"og:description\" content=\"Acheter des chariots Incredible Hulk en ligne - Incredible Hulk est une vari\u00e9t\u00e9 sativa qui exploite les effets actifs et stimulants de son parent\" \/>\n<meta property=\"og:url\" content=\"https:\/\/510premiumcarts.com\/index.php\/product\/acheter-des-chariots-incredible-hulk-en-ligne\/\" \/>\n<meta property=\"og:site_name\" content=\"510 Premium Carts\" \/>\n<meta property=\"article:modified_time\" content=\"2023-03-11T08:42:02+00:00\" \/>\n<meta property=\"og:image\" content=\"http:\/\/510premiumcarts.com\/wp-content\/uploads\/2021\/10\/WhatsApp-Image-2020-05-14-at-7.28.26-AM.jpeg\" \/>\n\t<meta property=\"og:image:width\" content=\"1242\" \/>\n\t<meta property=\"og:image:height\" content=\"1200\" \/>\n\t<meta property=\"og:image:type\" content=\"image\/jpeg\" \/>\n<meta name=\"twitter:card\" content=\"summary_large_image\" \/>\n<meta name=\"twitter:label1\" content=\"Dur\u00e9e de lecture estim\u00e9e\" \/>\n\t<meta name=\"twitter:data1\" content=\"2 minutes\" \/>\n<script type=\"application\/ld+json\" class=\"yoast-schema-graph\">{\"@context\":\"https:\\\/\\\/schema.org\",\"@graph\":[{\"@type\":\"WebPage\",\"@id\":\"https:\\\/\\\/510premiumcarts.com\\\/index.php\\\/product\\\/acheter-des-chariots-incredible-hulk-en-ligne\\\/\",\"url\":\"https:\\\/\\\/510premiumcarts.com\\\/index.php\\\/product\\\/acheter-des-chariots-incredible-hulk-en-ligne\\\/\",\"name\":\"Acheter des chariots Incredible Hulk en ligne - 510 Premium Carts - Chariots Hulk Vape\",\"isPartOf\":{\"@id\":\"https:\\\/\\\/510premiumcarts.com\\\/#website\"},\"primaryImageOfPage\":{\"@id\":\"https:\\\/\\\/510premiumcarts.com\\\/index.php\\\/product\\\/acheter-des-chariots-incredible-hulk-en-ligne\\\/#primaryimage\"},\"image\":{\"@id\":\"https:\\\/\\\/510premiumcarts.com\\\/index.php\\\/product\\\/acheter-des-chariots-incredible-hulk-en-ligne\\\/#primaryimage\"},\"thumbnailUrl\":\"https:\\\/\\\/510premiumcarts.com\\\/wp-content\\\/uploads\\\/2021\\\/10\\\/WhatsApp-Image-2020-05-14-at-7.28.26-AM.jpeg\",\"datePublished\":\"2021-10-13T07:40:02+00:00\",\"dateModified\":\"2023-03-11T08:42:02+00:00\",\"description\":\"Acheter des chariots Incredible Hulk en ligne - Incredible Hulk est une vari\u00e9t\u00e9 sativa qui exploite les effets actifs et stimulants de son parent\",\"breadcrumb\":{\"@id\":\"https:\\\/\\\/510premiumcarts.com\\\/index.php\\\/product\\\/acheter-des-chariots-incredible-hulk-en-ligne\\\/#breadcrumb\"},\"inLanguage\":\"fr-FR\",\"potentialAction\":[{\"@type\":\"ReadAction\",\"target\":[\"https:\\\/\\\/510premiumcarts.com\\\/index.php\\\/product\\\/acheter-des-chariots-incredible-hulk-en-ligne\\\/\"]}]},{\"@type\":\"ImageObject\",\"inLanguage\":\"fr-FR\",\"@id\":\"https:\\\/\\\/510premiumcarts.com\\\/index.php\\\/product\\\/acheter-des-chariots-incredible-hulk-en-ligne\\\/#primaryimage\",\"url\":\"https:\\\/\\\/510premiumcarts.com\\\/wp-content\\\/uploads\\\/2021\\\/10\\\/WhatsApp-Image-2020-05-14-at-7.28.26-AM.jpeg\",\"contentUrl\":\"https:\\\/\\\/510premiumcarts.com\\\/wp-content\\\/uploads\\\/2021\\\/10\\\/WhatsApp-Image-2020-05-14-at-7.28.26-AM.jpeg\",\"width\":1242,\"height\":1200,\"caption\":\"Acheter des chariots Incredible Hulk en ligne\"},{\"@type\":\"BreadcrumbList\",\"@id\":\"https:\\\/\\\/510premiumcarts.com\\\/index.php\\\/product\\\/acheter-des-chariots-incredible-hulk-en-ligne\\\/#breadcrumb\",\"itemListElement\":[{\"@type\":\"ListItem\",\"position\":1,\"name\":\"Home\",\"item\":\"https:\\\/\\\/510premiumcarts.com\\\/\"},{\"@type\":\"ListItem\",\"position\":2,\"name\":\"Marques de vapotage\",\"item\":\"https:\\\/\\\/510premiumcarts.com\\\/index.php\\\/acheter-du-cannabis\\\/\"},{\"@type\":\"ListItem\",\"position\":3,\"name\":\"L&rsquo;incroyable Hulk\"}]},{\"@type\":\"WebSite\",\"@id\":\"https:\\\/\\\/510premiumcarts.com\\\/#website\",\"url\":\"https:\\\/\\\/510premiumcarts.com\\\/\",\"name\":\"510 Premium Carts\",\"description\":\"Just another WordPress site\",\"potentialAction\":[{\"@type\":\"SearchAction\",\"target\":{\"@type\":\"EntryPoint\",\"urlTemplate\":\"https:\\\/\\\/510premiumcarts.com\\\/?s={search_term_string}\"},\"query-input\":{\"@type\":\"PropertyValueSpecification\",\"valueRequired\":true,\"valueName\":\"search_term_string\"}}],\"inLanguage\":\"fr-FR\"}]}<\/script>\n<!-- \/ Yoast SEO plugin. -->","yoast_head_json":{"title":"Acheter des chariots Incredible Hulk en ligne - 510 Premium Carts - Chariots Hulk Vape","description":"Acheter des chariots Incredible Hulk en ligne - Incredible Hulk est une vari\u00e9t\u00e9 sativa qui exploite les effets actifs et stimulants de son parent","robots":{"index":"index","follow":"follow","max-snippet":"max-snippet:-1","max-image-preview":"max-image-preview:large","max-video-preview":"max-video-preview:-1"},"canonical":"https:\/\/510premiumcarts.com\/index.php\/product\/acheter-des-chariots-incredible-hulk-en-ligne\/","og_locale":"fr_FR","og_type":"article","og_title":"Acheter des chariots Incredible Hulk en ligne - 510 Premium Carts - Chariots Hulk Vape","og_description":"Acheter des chariots Incredible Hulk en ligne - Incredible Hulk est une vari\u00e9t\u00e9 sativa qui exploite les effets actifs et stimulants de son parent","og_url":"https:\/\/510premiumcarts.com\/index.php\/product\/acheter-des-chariots-incredible-hulk-en-ligne\/","og_site_name":"510 Premium Carts","article_modified_time":"2023-03-11T08:42:02+00:00","og_image":[{"width":1242,"height":1200,"url":"http:\/\/510premiumcarts.com\/wp-content\/uploads\/2021\/10\/WhatsApp-Image-2020-05-14-at-7.28.26-AM.jpeg","type":"image\/jpeg"}],"twitter_card":"summary_large_image","twitter_misc":{"Dur\u00e9e de lecture estim\u00e9e":"2 minutes"},"schema":{"@context":"https:\/\/schema.org","@graph":[{"@type":"WebPage","@id":"https:\/\/510premiumcarts.com\/index.php\/product\/acheter-des-chariots-incredible-hulk-en-ligne\/","url":"https:\/\/510premiumcarts.com\/index.php\/product\/acheter-des-chariots-incredible-hulk-en-ligne\/","name":"Acheter des chariots Incredible Hulk en ligne - 510 Premium Carts - Chariots Hulk Vape","isPartOf":{"@id":"https:\/\/510premiumcarts.com\/#website"},"primaryImageOfPage":{"@id":"https:\/\/510premiumcarts.com\/index.php\/product\/acheter-des-chariots-incredible-hulk-en-ligne\/#primaryimage"},"image":{"@id":"https:\/\/510premiumcarts.com\/index.php\/product\/acheter-des-chariots-incredible-hulk-en-ligne\/#primaryimage"},"thumbnailUrl":"https:\/\/510premiumcarts.com\/wp-content\/uploads\/2021\/10\/WhatsApp-Image-2020-05-14-at-7.28.26-AM.jpeg","datePublished":"2021-10-13T07:40:02+00:00","dateModified":"2023-03-11T08:42:02+00:00","description":"Acheter des chariots Incredible Hulk en ligne - Incredible Hulk est une vari\u00e9t\u00e9 sativa qui exploite les effets actifs et stimulants de son parent","breadcrumb":{"@id":"https:\/\/510premiumcarts.com\/index.php\/product\/acheter-des-chariots-incredible-hulk-en-ligne\/#breadcrumb"},"inLanguage":"fr-FR","potentialAction":[{"@type":"ReadAction","target":["https:\/\/510premiumcarts.com\/index.php\/product\/acheter-des-chariots-incredible-hulk-en-ligne\/"]}]},{"@type":"ImageObject","inLanguage":"fr-FR","@id":"https:\/\/510premiumcarts.com\/index.php\/product\/acheter-des-chariots-incredible-hulk-en-ligne\/#primaryimage","url":"https:\/\/510premiumcarts.com\/wp-content\/uploads\/2021\/10\/WhatsApp-Image-2020-05-14-at-7.28.26-AM.jpeg","contentUrl":"https:\/\/510premiumcarts.com\/wp-content\/uploads\/2021\/10\/WhatsApp-Image-2020-05-14-at-7.28.26-AM.jpeg","width":1242,"height":1200,"caption":"Acheter des chariots Incredible Hulk en ligne"},{"@type":"BreadcrumbList","@id":"https:\/\/510premiumcarts.com\/index.php\/product\/acheter-des-chariots-incredible-hulk-en-ligne\/#breadcrumb","itemListElement":[{"@type":"ListItem","position":1,"name":"Home","item":"https:\/\/510premiumcarts.com\/"},{"@type":"ListItem","position":2,"name":"Marques de vapotage","item":"https:\/\/510premiumcarts.com\/index.php\/acheter-du-cannabis\/"},{"@type":"ListItem","position":3,"name":"L&rsquo;incroyable Hulk"}]},{"@type":"WebSite","@id":"https:\/\/510premiumcarts.com\/#website","url":"https:\/\/510premiumcarts.com\/","name":"510 Premium Carts","description":"Just another WordPress site","potentialAction":[{"@type":"SearchAction","target":{"@type":"EntryPoint","urlTemplate":"https:\/\/510premiumcarts.com\/?s={search_term_string}"},"query-input":{"@type":"PropertyValueSpecification","valueRequired":true,"valueName":"search_term_string"}}],"inLanguage":"fr-FR"}]}},"jetpack_sharing_enabled":true,"_links":{"self":[{"href":"https:\/\/510premiumcarts.com\/index.php\/wp-json\/wp\/v2\/product\/47","targetHints":{"allow":["GET"]}}],"collection":[{"href":"https:\/\/510premiumcarts.com\/index.php\/wp-json\/wp\/v2\/product"}],"about":[{"href":"https:\/\/510premiumcarts.com\/index.php\/wp-json\/wp\/v2\/types\/product"}],"replies":[{"embeddable":true,"href":"https:\/\/510premiumcarts.com\/index.php\/wp-json\/wp\/v2\/comments?post=47"}],"wp:featuredmedia":[{"embeddable":true,"href":"https:\/\/510premiumcarts.com\/index.php\/wp-json\/wp\/v2\/media\/48"}],"wp:attachment":[{"href":"https:\/\/510premiumcarts.com\/index.php\/wp-json\/wp\/v2\/media?parent=47"}],"wp:term":[{"taxonomy":"product_brand","embeddable":true,"href":"https:\/\/510premiumcarts.com\/index.php\/wp-json\/wp\/v2\/product_brand?post=47"},{"taxonomy":"product_cat","embeddable":true,"href":"https:\/\/510premiumcarts.com\/index.php\/wp-json\/wp\/v2\/product_cat?post=47"},{"taxonomy":"product_tag","embeddable":true,"href":"https:\/\/510premiumcarts.com\/index.php\/wp-json\/wp\/v2\/product_tag?post=47"}],"curies":[{"name":"wp","href":"https:\/\/api.w.org\/{rel}","templated":true}]}}