{"id":58,"date":"2021-10-13T08:14:31","date_gmt":"2021-10-13T08:14:31","guid":{"rendered":"http:\/\/510premiumcarts.com\/?post_type=product&#038;p=58"},"modified":"2023-03-11T11:32:27","modified_gmt":"2023-03-11T11:32:27","slug":"acheter-mangue-peche-en-ligne","status":"publish","type":"product","link":"https:\/\/510premiumcarts.com\/index.php\/product\/acheter-mangue-peche-en-ligne\/","title":{"rendered":"Mangue p\u00eache"},"content":{"rendered":"<h1><a href=\"https:\/\/510premiumcarts.com\/index.php\/product\/mangue-og-1g-483-cartouche-de-resine-vivante\/\"><span style=\"color: #ffcc00;\">Acheter Mangue p\u00eache en ligne<\/span><\/a><\/h1>\n<p>chariots krt disponibles en stock \u00e0 des prix bon march\u00e9, r\u00e9els et bons, commandez maintenant, achetez des cartouches krt et des vapes krt aupr\u00e8s des meilleurs fournisseurs avec une v\u00e9rification \u00e0 100% des chariots krt r\u00e9els<\/p>\n<h3>chariots krt<\/h3>\n<p>Les chariots KRT sont connus pour leur go\u00fbt <a href=\"https:\/\/www.weedonlineaustralia.com\/\">exceptionnel<\/a>. Les clients vivront une exp\u00e9rience unique gr\u00e2ce aux saveurs infus\u00e9es de terp\u00e8nes. krt vapes de Allcannabisshop.com 100% v\u00e9rification des chariots krt en toute s\u00e9curit\u00e9 Livraison commandez de vrais chariots maintenant. Ces saveurs contiennent 80 % de THC pur. Ces cartouches sont fabriqu\u00e9es \u00e0 l&rsquo;aide de la technologie CCELL. Cette technologie am\u00e9liore la saveur de l&rsquo;huile sans la br\u00fbler. Si vous souhaitez profiter de la saveur pure de l&rsquo;huile de THC, commandez des cartouches KRT en ligne.<\/p>\n<h3>cartouches krt<\/h3>\n<p>Depuis que la popularit\u00e9 du vapotage est devenue bien connue, de nombreuses entreprises produisent des cartouches de vapotage. L&rsquo;industrie de la vape a su innover apr\u00e8s le passage des consommateurs au vapotage. Cela a conduit \u00e0 une sous-culture complexe au sein de la communaut\u00e9 du cannabis. Cette culture a connu une explosion de popularit\u00e9 au cours des derni\u00e8res ann\u00e9es. Cette perc\u00e9e est due aux avantages \u00e9vidents pour la sant\u00e9 que la consommation de cannabis a pour les consommateurs. Il est bien loin le temps o\u00f9 l&rsquo;on pensait que le cannabis \u00e9tait nocif pour la sant\u00e9.<\/p>\n<h3>v\u00e9rification des chariots krt<\/h3>\n<p>Les clients peuvent profiter d&rsquo;une forte saveur de vapotage, ce qui n&rsquo;est possible avec aucun autre produit. Les diff\u00e9rents go\u00fbts et odeurs du cannabis sont caus\u00e9s par les terp\u00e8nes dans les vapos. La saveur de la vape est un aspect cl\u00e9 pour d\u00e9terminer sa qualit\u00e9. La vape est plus susceptible d&rsquo;\u00eatre aromatis\u00e9e avec de l&rsquo;huile pure qu&rsquo;avec de l&rsquo;essence de mauvaise qualit\u00e9. Notre boutique en ligne propose tellement de saveurs qu&rsquo;il peut \u00eatre difficile pour les clients de choisir quelle saveur acheter.<\/p>\n<h3>Avantages pour la sant\u00e9<\/h3>\n<p>L&rsquo;huile de CBD\/THC a de nombreux avantages pour la sant\u00e9. Ceci est \u00e9galement soutenu scientifiquement. Le KRT est une huile puissante et anesth\u00e9siante qui peut \u00eatre utilis\u00e9e pour traiter les douleurs chroniques. De nombreuses personnes utilisent le KRT pour soulager leurs maux de t\u00eate chroniques et leurs migraines. L&rsquo;apport de souche est un excellent moyen de traiter l&rsquo;anxi\u00e9t\u00e9, la d\u00e9pression et d&rsquo;autres probl\u00e8mes mentaux. L&rsquo;apport de souche peut am\u00e9liorer l&rsquo;humeur et calmer l&rsquo;esprit troubl\u00e9. Les nouveaux utilisateurs doivent \u00eatre conscients de la posologie et des pr\u00e9cautions appropri\u00e9es. Il est totalement s\u00fbr et ne provoque pas de parano\u00efa.<\/p>\n<h3>Mythes sur le KRT<\/h3>\n<p>krt Les chariots peuvent provoquer une dilatation du temps et une sensibilit\u00e9 accrue au son, selon certaines personnes. Les consommateurs se sentent lucides et flottants. La recherche m\u00e9dicale a prouv\u00e9 que tous ces mythes concernant l&rsquo;utilisation des chariots KRT sont faux. Il existe de nombreux avantages pour la sant\u00e9 qui peuvent d\u00e9couler de la consommation de cannabis, qui l&#8217;emportent sur les risques all\u00e9gu\u00e9s glock. Acheter Mangue p\u00eache en ligne. <span style=\"color: #ffffff;\">Acheter Mangue p\u00eache en ligne<\/span><\/p>\n<h3>KRT Carts s&rsquo;engage \u00e0 satisfaire ses clients<\/h3>\n<p>krt vapes offre des services in\u00e9gal\u00e9s par tout autre marchand. Nous croyons que le client est le roi et accordons la plus haute priorit\u00e9 \u00e0 la s\u00e9curit\u00e9 des donn\u00e9es et \u00e0 la sant\u00e9 du client. Nous offrons une exp\u00e9rience et pas seulement un produit. Notre engagement envers nos clients est \u00e9vident dans la qualit\u00e9 de nos produits et notre approche innovante des nouvelles saveurs. Nous livrons \u00e9galement des produits \u00e0 temps dans le monde entier. KRT Carts, le meilleur distributeur mondial de produits KRT, est le bon choix si vous recherchez des vapos KRT ou des cartouches KRT de confiance en ligne. Toutes les informations que vous fournissez resteront priv\u00e9es et ne seront partag\u00e9es avec personne d&rsquo;autre en ligne. D\u00e9couvrez les chariots de cookies<\/p>\n","protected":false},"excerpt":{"rendered":"<p>Acheter Mangue p\u00eache en ligne chariots krt disponibles en stock \u00e0 des prix bon march\u00e9, r\u00e9els et bons, commandez maintenant, achetez des cartouches krt et des vapes krt aupr\u00e8s des meilleurs fournisseurs avec une v\u00e9rification \u00e0 100% des chariots krt r\u00e9els chariots krt Les chariots KRT sont connus pour leur go\u00fbt exceptionnel. Les clients vivront [&#8230;]\n","protected":false},"featured_media":59,"comment_status":"open","ping_status":"closed","template":"","meta":{"_monsterinsights_skip_tracking":false,"_monsterinsights_sitenote_active":false,"_monsterinsights_sitenote_note":"","_monsterinsights_sitenote_category":0},"product_brand":[],"product_cat":[24],"product_tag":[5620,5599,5617,5618,5602,5603,5604,5612,5621,5622,5623,5624,5597,5613,5607,5600,5625,5605,54,59,62,5594,5593,5595,5596,5608,5598,5609,5606,5601,5611,5619,5614,5615,5616,5610],"class_list":{"0":"post-58","1":"product","2":"type-product","3":"status-publish","4":"has-post-thumbnail","6":"product_cat-krt-chariots","7":"product_tag-cartouche-krt-yang","8":"product_tag-cartouches-krt","9":"product_tag-cartouches-krt-vape","10":"product_tag-chariots-de-cire-krt","11":"product_tag-chariots-krt","12":"product_tag-chariots-krt-2020","13":"product_tag-chariots-krt-2021","14":"product_tag-chariots-krt-dab","15":"product_tag-chariots-krt-yang","16":"product_tag-chariots-krts","17":"product_tag-chariots-yang","18":"product_tag-chariots-yang-krt","19":"product_tag-combien-sont-les-chariots-krt","20":"product_tag-dispensaire-krt","21":"product_tag-emballage-de-krt-chariots","22":"product_tag-examen-des-cartouches-krt","23":"product_tag-examen-des-chariots-yang-krt","24":"product_tag-krt-chariots-2022","25":"product_tag-krt-karts","26":"product_tag-krt-vapes","27":"product_tag-krt-yang","28":"product_tag-les-chariots-krt-sont-ils-bon","29":"product_tag-les-chariots-krt-sont-ils-faux","30":"product_tag-les-chariots-krt-sont-ils-legitimes","31":"product_tag-les-chariots-krt-sont-ils-reels","32":"product_tag-prix-des-chariots-krt","33":"product_tag-prix-du-chariot-krt","34":"product_tag-recherche-du-numero-de-serie-des-chariots-krt","35":"product_tag-saveurs-de-krt-carts","36":"product_tag-site-web-des-cartouches-krt","37":"product_tag-site-web-des-chariots-krt","38":"product_tag-site-web-krt","39":"product_tag-stylo-krt","40":"product_tag-stylos-krt","41":"product_tag-vape-krt","42":"product_tag-verification-des-chariots-krt","44":"first","45":"instock","46":"shipping-taxable","47":"purchasable","48":"product-type-simple"},"yoast_head":"<!-- This site is optimized with the Yoast SEO plugin v27.3 - https:\/\/yoast.com\/product\/yoast-seo-wordpress\/ -->\n<title>Acheter Mangue p\u00eache en ligne - 510 Premium Carts -<\/title>\n<meta name=\"description\" content=\"Acheter Mangue p\u00eache en ligne - sont connus pour leurs d\u00e9licieuses saveurs infus\u00e9es de terp\u00e8nes qui contiennent jusqu&#039;\u00e0 80 % de THC pur. Leurs cartouches utilisent\" \/>\n<meta name=\"robots\" content=\"index, follow, max-snippet:-1, max-image-preview:large, max-video-preview:-1\" \/>\n<link rel=\"canonical\" href=\"https:\/\/510premiumcarts.com\/index.php\/product\/acheter-mangue-peche-en-ligne\/\" \/>\n<meta property=\"og:locale\" content=\"fr_FR\" \/>\n<meta property=\"og:type\" content=\"article\" \/>\n<meta property=\"og:title\" content=\"Acheter Mangue p\u00eache en ligne - 510 Premium Carts -\" \/>\n<meta property=\"og:description\" content=\"Acheter Mangue p\u00eache en ligne - sont connus pour leurs d\u00e9licieuses saveurs infus\u00e9es de terp\u00e8nes qui contiennent jusqu&#039;\u00e0 80 % de THC pur. Leurs cartouches utilisent\" \/>\n<meta property=\"og:url\" content=\"https:\/\/510premiumcarts.com\/index.php\/product\/acheter-mangue-peche-en-ligne\/\" \/>\n<meta property=\"og:site_name\" content=\"510 Premium Carts\" \/>\n<meta property=\"article:modified_time\" content=\"2023-03-11T11:32:27+00:00\" \/>\n<meta property=\"og:image\" content=\"http:\/\/510premiumcarts.com\/wp-content\/uploads\/2021\/10\/PEACHY-MANGO-HYBRID-600x600-1.jpeg\" \/>\n\t<meta property=\"og:image:width\" content=\"600\" \/>\n\t<meta property=\"og:image:height\" content=\"600\" \/>\n\t<meta property=\"og:image:type\" content=\"image\/jpeg\" \/>\n<meta name=\"twitter:card\" content=\"summary_large_image\" \/>\n<meta name=\"twitter:label1\" content=\"Dur\u00e9e de lecture estim\u00e9e\" \/>\n\t<meta name=\"twitter:data1\" content=\"3 minutes\" \/>\n<script type=\"application\/ld+json\" class=\"yoast-schema-graph\">{\"@context\":\"https:\\\/\\\/schema.org\",\"@graph\":[{\"@type\":\"WebPage\",\"@id\":\"https:\\\/\\\/510premiumcarts.com\\\/index.php\\\/product\\\/acheter-mangue-peche-en-ligne\\\/\",\"url\":\"https:\\\/\\\/510premiumcarts.com\\\/index.php\\\/product\\\/acheter-mangue-peche-en-ligne\\\/\",\"name\":\"Acheter Mangue p\u00eache en ligne - 510 Premium Carts -\",\"isPartOf\":{\"@id\":\"https:\\\/\\\/510premiumcarts.com\\\/#website\"},\"primaryImageOfPage\":{\"@id\":\"https:\\\/\\\/510premiumcarts.com\\\/index.php\\\/product\\\/acheter-mangue-peche-en-ligne\\\/#primaryimage\"},\"image\":{\"@id\":\"https:\\\/\\\/510premiumcarts.com\\\/index.php\\\/product\\\/acheter-mangue-peche-en-ligne\\\/#primaryimage\"},\"thumbnailUrl\":\"https:\\\/\\\/510premiumcarts.com\\\/wp-content\\\/uploads\\\/2021\\\/10\\\/PEACHY-MANGO-HYBRID-600x600-1.jpeg\",\"datePublished\":\"2021-10-13T08:14:31+00:00\",\"dateModified\":\"2023-03-11T11:32:27+00:00\",\"description\":\"Acheter Mangue p\u00eache en ligne - sont connus pour leurs d\u00e9licieuses saveurs infus\u00e9es de terp\u00e8nes qui contiennent jusqu'\u00e0 80 % de THC pur. Leurs cartouches utilisent\",\"breadcrumb\":{\"@id\":\"https:\\\/\\\/510premiumcarts.com\\\/index.php\\\/product\\\/acheter-mangue-peche-en-ligne\\\/#breadcrumb\"},\"inLanguage\":\"fr-FR\",\"potentialAction\":[{\"@type\":\"ReadAction\",\"target\":[\"https:\\\/\\\/510premiumcarts.com\\\/index.php\\\/product\\\/acheter-mangue-peche-en-ligne\\\/\"]}]},{\"@type\":\"ImageObject\",\"inLanguage\":\"fr-FR\",\"@id\":\"https:\\\/\\\/510premiumcarts.com\\\/index.php\\\/product\\\/acheter-mangue-peche-en-ligne\\\/#primaryimage\",\"url\":\"https:\\\/\\\/510premiumcarts.com\\\/wp-content\\\/uploads\\\/2021\\\/10\\\/PEACHY-MANGO-HYBRID-600x600-1.jpeg\",\"contentUrl\":\"https:\\\/\\\/510premiumcarts.com\\\/wp-content\\\/uploads\\\/2021\\\/10\\\/PEACHY-MANGO-HYBRID-600x600-1.jpeg\",\"width\":600,\"height\":600,\"caption\":\"Acheter Mangue p\u00eache en ligne\"},{\"@type\":\"BreadcrumbList\",\"@id\":\"https:\\\/\\\/510premiumcarts.com\\\/index.php\\\/product\\\/acheter-mangue-peche-en-ligne\\\/#breadcrumb\",\"itemListElement\":[{\"@type\":\"ListItem\",\"position\":1,\"name\":\"Home\",\"item\":\"https:\\\/\\\/510premiumcarts.com\\\/\"},{\"@type\":\"ListItem\",\"position\":2,\"name\":\"Marques de vapotage\",\"item\":\"https:\\\/\\\/510premiumcarts.com\\\/index.php\\\/acheter-du-cannabis\\\/\"},{\"@type\":\"ListItem\",\"position\":3,\"name\":\"Mangue p\u00eache\"}]},{\"@type\":\"WebSite\",\"@id\":\"https:\\\/\\\/510premiumcarts.com\\\/#website\",\"url\":\"https:\\\/\\\/510premiumcarts.com\\\/\",\"name\":\"510 Premium Carts\",\"description\":\"Just another WordPress site\",\"potentialAction\":[{\"@type\":\"SearchAction\",\"target\":{\"@type\":\"EntryPoint\",\"urlTemplate\":\"https:\\\/\\\/510premiumcarts.com\\\/?s={search_term_string}\"},\"query-input\":{\"@type\":\"PropertyValueSpecification\",\"valueRequired\":true,\"valueName\":\"search_term_string\"}}],\"inLanguage\":\"fr-FR\"}]}<\/script>\n<!-- \/ Yoast SEO plugin. -->","yoast_head_json":{"title":"Acheter Mangue p\u00eache en ligne - 510 Premium Carts -","description":"Acheter Mangue p\u00eache en ligne - sont connus pour leurs d\u00e9licieuses saveurs infus\u00e9es de terp\u00e8nes qui contiennent jusqu'\u00e0 80 % de THC pur. Leurs cartouches utilisent","robots":{"index":"index","follow":"follow","max-snippet":"max-snippet:-1","max-image-preview":"max-image-preview:large","max-video-preview":"max-video-preview:-1"},"canonical":"https:\/\/510premiumcarts.com\/index.php\/product\/acheter-mangue-peche-en-ligne\/","og_locale":"fr_FR","og_type":"article","og_title":"Acheter Mangue p\u00eache en ligne - 510 Premium Carts -","og_description":"Acheter Mangue p\u00eache en ligne - sont connus pour leurs d\u00e9licieuses saveurs infus\u00e9es de terp\u00e8nes qui contiennent jusqu'\u00e0 80 % de THC pur. Leurs cartouches utilisent","og_url":"https:\/\/510premiumcarts.com\/index.php\/product\/acheter-mangue-peche-en-ligne\/","og_site_name":"510 Premium Carts","article_modified_time":"2023-03-11T11:32:27+00:00","og_image":[{"width":600,"height":600,"url":"http:\/\/510premiumcarts.com\/wp-content\/uploads\/2021\/10\/PEACHY-MANGO-HYBRID-600x600-1.jpeg","type":"image\/jpeg"}],"twitter_card":"summary_large_image","twitter_misc":{"Dur\u00e9e de lecture estim\u00e9e":"3 minutes"},"schema":{"@context":"https:\/\/schema.org","@graph":[{"@type":"WebPage","@id":"https:\/\/510premiumcarts.com\/index.php\/product\/acheter-mangue-peche-en-ligne\/","url":"https:\/\/510premiumcarts.com\/index.php\/product\/acheter-mangue-peche-en-ligne\/","name":"Acheter Mangue p\u00eache en ligne - 510 Premium Carts -","isPartOf":{"@id":"https:\/\/510premiumcarts.com\/#website"},"primaryImageOfPage":{"@id":"https:\/\/510premiumcarts.com\/index.php\/product\/acheter-mangue-peche-en-ligne\/#primaryimage"},"image":{"@id":"https:\/\/510premiumcarts.com\/index.php\/product\/acheter-mangue-peche-en-ligne\/#primaryimage"},"thumbnailUrl":"https:\/\/510premiumcarts.com\/wp-content\/uploads\/2021\/10\/PEACHY-MANGO-HYBRID-600x600-1.jpeg","datePublished":"2021-10-13T08:14:31+00:00","dateModified":"2023-03-11T11:32:27+00:00","description":"Acheter Mangue p\u00eache en ligne - sont connus pour leurs d\u00e9licieuses saveurs infus\u00e9es de terp\u00e8nes qui contiennent jusqu'\u00e0 80 % de THC pur. Leurs cartouches utilisent","breadcrumb":{"@id":"https:\/\/510premiumcarts.com\/index.php\/product\/acheter-mangue-peche-en-ligne\/#breadcrumb"},"inLanguage":"fr-FR","potentialAction":[{"@type":"ReadAction","target":["https:\/\/510premiumcarts.com\/index.php\/product\/acheter-mangue-peche-en-ligne\/"]}]},{"@type":"ImageObject","inLanguage":"fr-FR","@id":"https:\/\/510premiumcarts.com\/index.php\/product\/acheter-mangue-peche-en-ligne\/#primaryimage","url":"https:\/\/510premiumcarts.com\/wp-content\/uploads\/2021\/10\/PEACHY-MANGO-HYBRID-600x600-1.jpeg","contentUrl":"https:\/\/510premiumcarts.com\/wp-content\/uploads\/2021\/10\/PEACHY-MANGO-HYBRID-600x600-1.jpeg","width":600,"height":600,"caption":"Acheter Mangue p\u00eache en ligne"},{"@type":"BreadcrumbList","@id":"https:\/\/510premiumcarts.com\/index.php\/product\/acheter-mangue-peche-en-ligne\/#breadcrumb","itemListElement":[{"@type":"ListItem","position":1,"name":"Home","item":"https:\/\/510premiumcarts.com\/"},{"@type":"ListItem","position":2,"name":"Marques de vapotage","item":"https:\/\/510premiumcarts.com\/index.php\/acheter-du-cannabis\/"},{"@type":"ListItem","position":3,"name":"Mangue p\u00eache"}]},{"@type":"WebSite","@id":"https:\/\/510premiumcarts.com\/#website","url":"https:\/\/510premiumcarts.com\/","name":"510 Premium Carts","description":"Just another WordPress site","potentialAction":[{"@type":"SearchAction","target":{"@type":"EntryPoint","urlTemplate":"https:\/\/510premiumcarts.com\/?s={search_term_string}"},"query-input":{"@type":"PropertyValueSpecification","valueRequired":true,"valueName":"search_term_string"}}],"inLanguage":"fr-FR"}]}},"jetpack_sharing_enabled":true,"_links":{"self":[{"href":"https:\/\/510premiumcarts.com\/index.php\/wp-json\/wp\/v2\/product\/58","targetHints":{"allow":["GET"]}}],"collection":[{"href":"https:\/\/510premiumcarts.com\/index.php\/wp-json\/wp\/v2\/product"}],"about":[{"href":"https:\/\/510premiumcarts.com\/index.php\/wp-json\/wp\/v2\/types\/product"}],"replies":[{"embeddable":true,"href":"https:\/\/510premiumcarts.com\/index.php\/wp-json\/wp\/v2\/comments?post=58"}],"wp:featuredmedia":[{"embeddable":true,"href":"https:\/\/510premiumcarts.com\/index.php\/wp-json\/wp\/v2\/media\/59"}],"wp:attachment":[{"href":"https:\/\/510premiumcarts.com\/index.php\/wp-json\/wp\/v2\/media?parent=58"}],"wp:term":[{"taxonomy":"product_brand","embeddable":true,"href":"https:\/\/510premiumcarts.com\/index.php\/wp-json\/wp\/v2\/product_brand?post=58"},{"taxonomy":"product_cat","embeddable":true,"href":"https:\/\/510premiumcarts.com\/index.php\/wp-json\/wp\/v2\/product_cat?post=58"},{"taxonomy":"product_tag","embeddable":true,"href":"https:\/\/510premiumcarts.com\/index.php\/wp-json\/wp\/v2\/product_tag?post=58"}],"curies":[{"name":"wp","href":"https:\/\/api.w.org\/{rel}","templated":true}]}}