{"id":61,"date":"2021-10-13T08:27:21","date_gmt":"2021-10-13T08:27:21","guid":{"rendered":"http:\/\/510premiumcarts.com\/?post_type=product&#038;p=61"},"modified":"2023-03-11T11:49:00","modified_gmt":"2023-03-11T11:49:00","slug":"muha-meds-mangue-tango","status":"publish","type":"product","link":"https:\/\/510premiumcarts.com\/index.php\/product\/muha-meds-mangue-tango\/","title":{"rendered":"Tango \u00e0 la mangue"},"content":{"rendered":"<h1><span style=\"color: #ffcc00;\"><a style=\"color: #ffcc00;\" href=\"http:\/\/510premiumcarts.com\/\">Saveur Muha meds mangue tango<\/a><\/span><\/h1>\n<p>\u00c9loignez-vous des chariots factices et stockez avec nous des chariots authentiques Muha meds mango tango afin d&rsquo;\u00e9viter la plupart des cancers ainsi que d&rsquo;autres maladies de faux <a href=\"https:\/\/primevapecarts.com\/product\/muha-meds-mango-tango\/\">chariots<\/a>.<\/p>\n<p>Ils restent quelques-uns de nos produits et solutions \u00e0 base de cannabis les plus demand\u00e9s, car vous pouvez commencer \u00e0 vapoter d\u00e8s que vous l&rsquo;achetez. Cela permettra \u00e9galement d&rsquo;\u00e9conomiser des revenus car vous n&rsquo;aurez pas \u00e0 investir r\u00e9guli\u00e8rement dans du jus de vape THC. acheter des chariots de m\u00e9dicaments muha \u00e0 vendre<\/p>\n<p>Ce ne sera pas aussi bon march\u00e9 que plusieurs des autres offres de la partie en vrac, cependant, si vous n&rsquo;avez besoin que d&rsquo;environ six circonstances, vous n&rsquo;avez donc pas besoin de d\u00e9penser beaucoup d&rsquo;argent,\u00a0muha meds\u00a0mango tango ici est une alternative d\u00e9cente.<\/p>\n<p>Si vous \u00eates comme moi et que vous aimez la s\u00e9lection mais que vous aimez presque tout, je vous propose de magasiner pour le seau du petit-d\u00e9jeuner et d&rsquo;acheter plusieurs sachets de biscuits et de sauce pour illustrer davantage le tango \u00e0 la mangue rangemuha meds!<\/p>\n<p>Avec un grand nombre de produits et de solutions dans votre \u00e9picerie, il peut \u00eatre difficile de comprendre ce qui est sain et ce qui ne l&rsquo;est pas.<\/p>\n<p>Le vendeur sur Amazon ci-dessous aura g\u00e9n\u00e9ralement quelques-uns des meilleurs prix. Gardez \u00e0 l&rsquo;esprit qu&rsquo;il semble que le cas A ou le cas B soit choisi au hasard maintenant. Ce n&rsquo;est pas une offre \u00e9norme pour moi, mais j&rsquo;avais besoin que vous soyez d\u00e9finitivement familiaris\u00e9 avec cela.<\/p>\n<p>obtenir de l&rsquo;herbe clinique en ligne obtenir des cartouches de vapes dank acheter des coups de poing am\u00e9ricains obtenir des chariots mario acqu\u00e9rir de l&rsquo;herbe en ligne sans carte m\u00e9dicale obtenir des graines de cannabis boutique en ligne muha meds<\/p>\n<p>Beaucoup d&rsquo;autres copains Et que je cherche r\u00e9ellement \u00e0 obtenir le pont LY original ainsi que l&rsquo;url semble \u00eatre endommag\u00e9. Quelqu&rsquo;un d&rsquo;autre a-t-il ces probl\u00e8mes\u00a0? muha meds saveurs et muha meds boutique de tango \u00e0 la mangue muha meds<\/p>\n<p>Beau faire le travail. Votre consid\u00e9ration vigilante apparente dans le casting de tous les r\u00f4les et de l&rsquo;\u00e9quipe est \u00e0 la fois \u00e9vidente et fantastique. saveurs muha meds<\/p>\n<h1>muha meds mangue tango<\/h1>\n<p>Les cartouches de vape THC sont <a href=\"https:\/\/primevapecarts.com\/product\/muha-meds-mango-tango\/\">actuellement<\/a> le moyen le plus discret et le plus pratique de devenir significatif en d\u00e9placement. Beaucoup de nos acheteurs pr\u00e9f\u00e8rent le jus de vape THC plus \u00e9lev\u00e9 sur l&rsquo;important de la fleur de cannabis. Les cartouches d&rsquo;huile THC ont une vari\u00e9t\u00e9 de noms &#8211; stylos vape, par exemple.<\/p>\n<p>\u00c0 ce stade, nous pensons qu&rsquo;il s&rsquo;agit d&rsquo;un mod\u00e8le Road non r\u00e9glement\u00e9, mais n\u00e9anmoins d&rsquo;une marque trait\u00e9e de mani\u00e8re centralis\u00e9e, car il n&rsquo;y a toujours pas de liste de licences pour les saveurs de muha meds.<\/p>\n<h1>Acheter des chariots de m\u00e9dicaments muha<\/h1>\n<p>Il offre des formes de saveurs distinctes et contrairement \u00e0 la plupart des chariots typiques. Vous n&rsquo;avez pas \u00e0 \u00eatre terrifi\u00e9 par les pesticides. o\u00f9 puis-je acheter des m\u00e9dicaments muha<\/p>\n<p>Ce stylo a un ar\u00f4me de vapeur d\u00e9licat qui ne sent pas le cannabis et pourrait sans avoir beaucoup d&rsquo;\u00e9tirement \u00eatre rang\u00e9.<\/p>\n<p>Comme le cannabis utilise des conserves sur l&rsquo;escalade aux \u00c9tats-Unis et dans le monde, o\u00f9 puis-je acheter des m\u00e9dicaments muha, les strat\u00e9gies d&rsquo;utilisation progressent et deviennent beaucoup plus efficaces. consommer du cannabis sans fumer des cigarettes dry bloom shop muha meds.<\/p>\n<p>acheter des chariots de m\u00e9dicaments muha \u00e0 vendre est de faire votre \u00e9tude avant de poster $$\u2026 Quand ils vous approchent juste apr\u00e8s avoir consult\u00e9 leur page Web ou quand ils vous assurent qu&rsquo;ils peuvent \u00eatre l\u00e9gitimes et que le leur est meilleur ou plus rentable. et la plus grande chose que j&rsquo;ai trouv\u00e9e ils veulent que vous vous d\u00e9p\u00eachez et que vous obteniez maintenant\u2026 alors bitcoin, achetez des cartes de r\u00e9compense muha meds walmart, achetez des chariots muha meds \u00e0 vendre et western union sont d\u00e9crits comme des drapeaux cramoisis .. il y a de fortes chances que vous restiez arnaqu\u00e9.<\/p>\n<p>De plus, chez Muhameds \/ acheter des chariots de m\u00e9dicaments muha \u00e0 vendre. Internet, votre gratification est la meilleure priorit\u00e9, ce qui signifie que nous fournissons l&rsquo;id\u00e9al et mettons un sourire sur votre affaire.<\/p>\n","protected":false},"excerpt":{"rendered":"<p>Saveur Muha meds mangue tango \u00c9loignez-vous des chariots factices et stockez avec nous des chariots authentiques Muha meds mango tango afin d&rsquo;\u00e9viter la plupart des cancers ainsi que d&rsquo;autres maladies de faux chariots. Ils restent quelques-uns de nos produits et solutions \u00e0 base de cannabis les plus demand\u00e9s, car vous pouvez commencer \u00e0 vapoter d\u00e8s [&#8230;]\n","protected":false},"featured_media":62,"comment_status":"open","ping_status":"closed","template":"","meta":{"_monsterinsights_skip_tracking":false,"_monsterinsights_sitenote_active":false,"_monsterinsights_sitenote_note":"","_monsterinsights_sitenote_category":0},"product_brand":[],"product_cat":[25],"product_tag":[],"class_list":{"0":"post-61","1":"product","2":"type-product","3":"status-publish","4":"has-post-thumbnail","6":"product_cat-acheter-muha-meds-chariots","8":"first","9":"instock","10":"shipping-taxable","11":"purchasable","12":"product-type-simple"},"yoast_head":"<!-- This site is optimized with the Yoast SEO plugin v27.3 - https:\/\/yoast.com\/product\/yoast-seo-wordpress\/ -->\n<title>Muha meds mangue tango - 510 Premium Carts - mangue tango<\/title>\n<meta name=\"description\" content=\"Muha meds mangue tango - Cette vari\u00e9t\u00e9 est cr\u00e9\u00e9e comme un croisement \u00e0 trois voies entre les d\u00e9licieuses vari\u00e9t\u00e9s Tangie X Peaches X True OG. Cette saveur est hautement\" \/>\n<meta name=\"robots\" content=\"index, follow, max-snippet:-1, max-image-preview:large, max-video-preview:-1\" \/>\n<link rel=\"canonical\" href=\"https:\/\/510premiumcarts.com\/index.php\/product\/muha-meds-mangue-tango\/\" \/>\n<meta property=\"og:locale\" content=\"fr_FR\" \/>\n<meta property=\"og:type\" content=\"article\" \/>\n<meta property=\"og:title\" content=\"Muha meds mangue tango - 510 Premium Carts - mangue tango\" \/>\n<meta property=\"og:description\" content=\"Muha meds mangue tango - Cette vari\u00e9t\u00e9 est cr\u00e9\u00e9e comme un croisement \u00e0 trois voies entre les d\u00e9licieuses vari\u00e9t\u00e9s Tangie X Peaches X True OG. Cette saveur est hautement\" \/>\n<meta property=\"og:url\" content=\"https:\/\/510premiumcarts.com\/index.php\/product\/muha-meds-mangue-tango\/\" \/>\n<meta property=\"og:site_name\" content=\"510 Premium Carts\" \/>\n<meta property=\"article:modified_time\" content=\"2023-03-11T11:49:00+00:00\" \/>\n<meta property=\"og:image\" content=\"http:\/\/510premiumcarts.com\/wp-content\/uploads\/2021\/10\/mango-tango.jpg\" \/>\n\t<meta property=\"og:image:width\" content=\"1080\" \/>\n\t<meta property=\"og:image:height\" content=\"1038\" \/>\n\t<meta property=\"og:image:type\" content=\"image\/jpeg\" \/>\n<meta name=\"twitter:card\" content=\"summary_large_image\" \/>\n<meta name=\"twitter:label1\" content=\"Dur\u00e9e de lecture estim\u00e9e\" \/>\n\t<meta name=\"twitter:data1\" content=\"3 minutes\" \/>\n<script type=\"application\/ld+json\" class=\"yoast-schema-graph\">{\"@context\":\"https:\\\/\\\/schema.org\",\"@graph\":[{\"@type\":\"WebPage\",\"@id\":\"https:\\\/\\\/510premiumcarts.com\\\/index.php\\\/product\\\/muha-meds-mangue-tango\\\/\",\"url\":\"https:\\\/\\\/510premiumcarts.com\\\/index.php\\\/product\\\/muha-meds-mangue-tango\\\/\",\"name\":\"Muha meds mangue tango - 510 Premium Carts - mangue tango\",\"isPartOf\":{\"@id\":\"https:\\\/\\\/510premiumcarts.com\\\/#website\"},\"primaryImageOfPage\":{\"@id\":\"https:\\\/\\\/510premiumcarts.com\\\/index.php\\\/product\\\/muha-meds-mangue-tango\\\/#primaryimage\"},\"image\":{\"@id\":\"https:\\\/\\\/510premiumcarts.com\\\/index.php\\\/product\\\/muha-meds-mangue-tango\\\/#primaryimage\"},\"thumbnailUrl\":\"https:\\\/\\\/510premiumcarts.com\\\/wp-content\\\/uploads\\\/2021\\\/10\\\/mango-tango.jpg\",\"datePublished\":\"2021-10-13T08:27:21+00:00\",\"dateModified\":\"2023-03-11T11:49:00+00:00\",\"description\":\"Muha meds mangue tango - Cette vari\u00e9t\u00e9 est cr\u00e9\u00e9e comme un croisement \u00e0 trois voies entre les d\u00e9licieuses vari\u00e9t\u00e9s Tangie X Peaches X True OG. Cette saveur est hautement\",\"breadcrumb\":{\"@id\":\"https:\\\/\\\/510premiumcarts.com\\\/index.php\\\/product\\\/muha-meds-mangue-tango\\\/#breadcrumb\"},\"inLanguage\":\"fr-FR\",\"potentialAction\":[{\"@type\":\"ReadAction\",\"target\":[\"https:\\\/\\\/510premiumcarts.com\\\/index.php\\\/product\\\/muha-meds-mangue-tango\\\/\"]}]},{\"@type\":\"ImageObject\",\"inLanguage\":\"fr-FR\",\"@id\":\"https:\\\/\\\/510premiumcarts.com\\\/index.php\\\/product\\\/muha-meds-mangue-tango\\\/#primaryimage\",\"url\":\"https:\\\/\\\/510premiumcarts.com\\\/wp-content\\\/uploads\\\/2021\\\/10\\\/mango-tango.jpg\",\"contentUrl\":\"https:\\\/\\\/510premiumcarts.com\\\/wp-content\\\/uploads\\\/2021\\\/10\\\/mango-tango.jpg\",\"width\":1080,\"height\":1038,\"caption\":\"Muha meds mango tango\"},{\"@type\":\"BreadcrumbList\",\"@id\":\"https:\\\/\\\/510premiumcarts.com\\\/index.php\\\/product\\\/muha-meds-mangue-tango\\\/#breadcrumb\",\"itemListElement\":[{\"@type\":\"ListItem\",\"position\":1,\"name\":\"Home\",\"item\":\"https:\\\/\\\/510premiumcarts.com\\\/\"},{\"@type\":\"ListItem\",\"position\":2,\"name\":\"Marques de vapotage\",\"item\":\"https:\\\/\\\/510premiumcarts.com\\\/index.php\\\/acheter-du-cannabis\\\/\"},{\"@type\":\"ListItem\",\"position\":3,\"name\":\"Tango \u00e0 la mangue\"}]},{\"@type\":\"WebSite\",\"@id\":\"https:\\\/\\\/510premiumcarts.com\\\/#website\",\"url\":\"https:\\\/\\\/510premiumcarts.com\\\/\",\"name\":\"510 Premium Carts\",\"description\":\"Just another WordPress site\",\"potentialAction\":[{\"@type\":\"SearchAction\",\"target\":{\"@type\":\"EntryPoint\",\"urlTemplate\":\"https:\\\/\\\/510premiumcarts.com\\\/?s={search_term_string}\"},\"query-input\":{\"@type\":\"PropertyValueSpecification\",\"valueRequired\":true,\"valueName\":\"search_term_string\"}}],\"inLanguage\":\"fr-FR\"}]}<\/script>\n<!-- \/ Yoast SEO plugin. -->","yoast_head_json":{"title":"Muha meds mangue tango - 510 Premium Carts - mangue tango","description":"Muha meds mangue tango - Cette vari\u00e9t\u00e9 est cr\u00e9\u00e9e comme un croisement \u00e0 trois voies entre les d\u00e9licieuses vari\u00e9t\u00e9s Tangie X Peaches X True OG. Cette saveur est hautement","robots":{"index":"index","follow":"follow","max-snippet":"max-snippet:-1","max-image-preview":"max-image-preview:large","max-video-preview":"max-video-preview:-1"},"canonical":"https:\/\/510premiumcarts.com\/index.php\/product\/muha-meds-mangue-tango\/","og_locale":"fr_FR","og_type":"article","og_title":"Muha meds mangue tango - 510 Premium Carts - mangue tango","og_description":"Muha meds mangue tango - Cette vari\u00e9t\u00e9 est cr\u00e9\u00e9e comme un croisement \u00e0 trois voies entre les d\u00e9licieuses vari\u00e9t\u00e9s Tangie X Peaches X True OG. Cette saveur est hautement","og_url":"https:\/\/510premiumcarts.com\/index.php\/product\/muha-meds-mangue-tango\/","og_site_name":"510 Premium Carts","article_modified_time":"2023-03-11T11:49:00+00:00","og_image":[{"width":1080,"height":1038,"url":"http:\/\/510premiumcarts.com\/wp-content\/uploads\/2021\/10\/mango-tango.jpg","type":"image\/jpeg"}],"twitter_card":"summary_large_image","twitter_misc":{"Dur\u00e9e de lecture estim\u00e9e":"3 minutes"},"schema":{"@context":"https:\/\/schema.org","@graph":[{"@type":"WebPage","@id":"https:\/\/510premiumcarts.com\/index.php\/product\/muha-meds-mangue-tango\/","url":"https:\/\/510premiumcarts.com\/index.php\/product\/muha-meds-mangue-tango\/","name":"Muha meds mangue tango - 510 Premium Carts - mangue tango","isPartOf":{"@id":"https:\/\/510premiumcarts.com\/#website"},"primaryImageOfPage":{"@id":"https:\/\/510premiumcarts.com\/index.php\/product\/muha-meds-mangue-tango\/#primaryimage"},"image":{"@id":"https:\/\/510premiumcarts.com\/index.php\/product\/muha-meds-mangue-tango\/#primaryimage"},"thumbnailUrl":"https:\/\/510premiumcarts.com\/wp-content\/uploads\/2021\/10\/mango-tango.jpg","datePublished":"2021-10-13T08:27:21+00:00","dateModified":"2023-03-11T11:49:00+00:00","description":"Muha meds mangue tango - Cette vari\u00e9t\u00e9 est cr\u00e9\u00e9e comme un croisement \u00e0 trois voies entre les d\u00e9licieuses vari\u00e9t\u00e9s Tangie X Peaches X True OG. Cette saveur est hautement","breadcrumb":{"@id":"https:\/\/510premiumcarts.com\/index.php\/product\/muha-meds-mangue-tango\/#breadcrumb"},"inLanguage":"fr-FR","potentialAction":[{"@type":"ReadAction","target":["https:\/\/510premiumcarts.com\/index.php\/product\/muha-meds-mangue-tango\/"]}]},{"@type":"ImageObject","inLanguage":"fr-FR","@id":"https:\/\/510premiumcarts.com\/index.php\/product\/muha-meds-mangue-tango\/#primaryimage","url":"https:\/\/510premiumcarts.com\/wp-content\/uploads\/2021\/10\/mango-tango.jpg","contentUrl":"https:\/\/510premiumcarts.com\/wp-content\/uploads\/2021\/10\/mango-tango.jpg","width":1080,"height":1038,"caption":"Muha meds mango tango"},{"@type":"BreadcrumbList","@id":"https:\/\/510premiumcarts.com\/index.php\/product\/muha-meds-mangue-tango\/#breadcrumb","itemListElement":[{"@type":"ListItem","position":1,"name":"Home","item":"https:\/\/510premiumcarts.com\/"},{"@type":"ListItem","position":2,"name":"Marques de vapotage","item":"https:\/\/510premiumcarts.com\/index.php\/acheter-du-cannabis\/"},{"@type":"ListItem","position":3,"name":"Tango \u00e0 la mangue"}]},{"@type":"WebSite","@id":"https:\/\/510premiumcarts.com\/#website","url":"https:\/\/510premiumcarts.com\/","name":"510 Premium Carts","description":"Just another WordPress site","potentialAction":[{"@type":"SearchAction","target":{"@type":"EntryPoint","urlTemplate":"https:\/\/510premiumcarts.com\/?s={search_term_string}"},"query-input":{"@type":"PropertyValueSpecification","valueRequired":true,"valueName":"search_term_string"}}],"inLanguage":"fr-FR"}]}},"jetpack_sharing_enabled":true,"_links":{"self":[{"href":"https:\/\/510premiumcarts.com\/index.php\/wp-json\/wp\/v2\/product\/61","targetHints":{"allow":["GET"]}}],"collection":[{"href":"https:\/\/510premiumcarts.com\/index.php\/wp-json\/wp\/v2\/product"}],"about":[{"href":"https:\/\/510premiumcarts.com\/index.php\/wp-json\/wp\/v2\/types\/product"}],"replies":[{"embeddable":true,"href":"https:\/\/510premiumcarts.com\/index.php\/wp-json\/wp\/v2\/comments?post=61"}],"wp:featuredmedia":[{"embeddable":true,"href":"https:\/\/510premiumcarts.com\/index.php\/wp-json\/wp\/v2\/media\/62"}],"wp:attachment":[{"href":"https:\/\/510premiumcarts.com\/index.php\/wp-json\/wp\/v2\/media?parent=61"}],"wp:term":[{"taxonomy":"product_brand","embeddable":true,"href":"https:\/\/510premiumcarts.com\/index.php\/wp-json\/wp\/v2\/product_brand?post=61"},{"taxonomy":"product_cat","embeddable":true,"href":"https:\/\/510premiumcarts.com\/index.php\/wp-json\/wp\/v2\/product_cat?post=61"},{"taxonomy":"product_tag","embeddable":true,"href":"https:\/\/510premiumcarts.com\/index.php\/wp-json\/wp\/v2\/product_tag?post=61"}],"curies":[{"name":"wp","href":"https:\/\/api.w.org\/{rel}","templated":true}]}}